{"id":113710,"date":"2024-07-16T12:55:58","date_gmt":"2024-07-16T12:55:58","guid":{"rendered":"https:\/\/www.barcelonaobertura.com\/?post_type=concert&#038;p=113710"},"modified":"2025-01-27T11:28:45","modified_gmt":"2025-01-27T11:28:45","slug":"rias-kammerchor-berlin-akamus-justin-doyle","status":"publish","type":"concert","link":"https:\/\/www.barcelonaobertura.com\/ca\/concert\/rias-kammerchor-berlin-akamus-justin-doyle\/","title":{"rendered":"RIAS Kammerchor Berlin, AKAMUS &amp; Justin Doyle"},"content":{"rendered":"\n<p>La\u00a0<strong><em>Passi\u00f3 segons sant Mateu<\/em>\u00a0de Bach<\/strong>\u00a0\u00e9s reconeguda per molts com una de les composicions m\u00e9s importants de la hist\u00f2ria de la m\u00fasica. Estrenada el Divendres Sant de 1727, des d\u2019aleshores no ha deixat d\u2019impressionar generacions de les m\u00e9s diverses proced\u00e8ncies i fins i tot creences amb la seva poderosa combinaci\u00f3 de m\u00fasica i text, que la fa alhora complexa, directa i cat\u00e0rtica. Com cada any, torna al Palau de la M\u00fasica, aquest cop amb el\u00a0<strong>RIAS Kammerchor<\/strong>\u00a0i la formaci\u00f3\u00a0<strong>AKAMUS<\/strong>, ambdues de Berl\u00edn, dirigides per\u00a0<strong>Justin Doyle<\/strong>.<\/p>\n","protected":false},"featured_media":129108,"template":"","class_list":["post-113710","concert","type-concert","status-publish","has-post-thumbnail","hentry","concert-venue-palau-de-la-musica-catalana","concert-season-primavera","concert-year-barcelona-obertura-ciutat-de-classica-2-ca","play-author-johann-sebastian-bach"],"acf":[],"yoast_head":"<!-- This site is optimized with the Yoast SEO plugin v27.5 - https:\/\/yoast.com\/product\/yoast-seo-wordpress\/ -->\n<title>RIAS Kammerchor Berlin, AKAMUS &amp; Justin Doyle - Barcelona Obertura<\/title>\n<meta name=\"description\" content=\"Prepara&#039;t per gaudir de RIAS Kammerchor Berlin, AKAMUS &amp; Justin Doyle . Entra per descobrir els membres del repartiment i el repartori.\" \/>\n<meta name=\"robots\" content=\"index, follow, max-snippet:-1, max-image-preview:large, max-video-preview:-1\" \/>\n<link rel=\"canonical\" href=\"https:\/\/www.barcelonaobertura.com\/ca\/concert\/rias-kammerchor-berlin-akamus-justin-doyle\/\" \/>\n<meta property=\"og:locale\" content=\"ca_ES\" \/>\n<meta property=\"og:type\" content=\"article\" \/>\n<meta property=\"og:title\" content=\"RIAS Kammerchor Berlin, AKAMUS &amp; Justin Doyle - Barcelona Obertura\" \/>\n<meta property=\"og:description\" content=\"Prepara&#039;t per gaudir de RIAS Kammerchor Berlin, AKAMUS &amp; Justin Doyle . Entra per descobrir els membres del repartiment i el repartori.\" \/>\n<meta property=\"og:url\" content=\"https:\/\/www.barcelonaobertura.com\/ca\/concert\/rias-kammerchor-berlin-akamus-justin-doyle\/\" \/>\n<meta property=\"og:site_name\" content=\"Barcelona Obertura\" \/>\n<meta property=\"article:modified_time\" content=\"2025-01-27T11:28:45+00:00\" \/>\n<meta property=\"og:image\" content=\"https:\/\/www.barcelonaobertura.com\/wp-content\/uploads\/2024\/07\/39_Konstantin-Krimmel_500x350.jpg\" \/>\n\t<meta property=\"og:image:width\" content=\"500\" \/>\n\t<meta property=\"og:image:height\" content=\"350\" \/>\n\t<meta property=\"og:image:type\" content=\"image\/jpeg\" \/>\n<meta name=\"twitter:card\" content=\"summary_large_image\" \/>\n<meta name=\"twitter:label1\" content=\"Temps estimat de lectura\" \/>\n\t<meta name=\"twitter:data1\" content=\"1 minut\" \/>\n<script type=\"application\/ld+json\" class=\"yoast-schema-graph\">{\"@context\":\"https:\\\/\\\/schema.org\",\"@graph\":[{\"@type\":\"WebPage\",\"@id\":\"https:\\\/\\\/www.barcelonaobertura.com\\\/ca\\\/concert\\\/rias-kammerchor-berlin-akamus-justin-doyle\\\/\",\"url\":\"https:\\\/\\\/www.barcelonaobertura.com\\\/ca\\\/concert\\\/rias-kammerchor-berlin-akamus-justin-doyle\\\/\",\"name\":\"RIAS Kammerchor Berlin, AKAMUS &amp; Justin Doyle - Barcelona Obertura\",\"isPartOf\":{\"@id\":\"https:\\\/\\\/www.barcelonaobertura.com\\\/ca\\\/#website\"},\"primaryImageOfPage\":{\"@id\":\"https:\\\/\\\/www.barcelonaobertura.com\\\/ca\\\/concert\\\/rias-kammerchor-berlin-akamus-justin-doyle\\\/#primaryimage\"},\"image\":{\"@id\":\"https:\\\/\\\/www.barcelonaobertura.com\\\/ca\\\/concert\\\/rias-kammerchor-berlin-akamus-justin-doyle\\\/#primaryimage\"},\"thumbnailUrl\":\"https:\\\/\\\/www.barcelonaobertura.com\\\/wp-content\\\/uploads\\\/2024\\\/07\\\/39_Konstantin-Krimmel_500x350.jpg\",\"datePublished\":\"2024-07-16T12:55:58+00:00\",\"dateModified\":\"2025-01-27T11:28:45+00:00\",\"description\":\"Prepara't per gaudir de RIAS Kammerchor Berlin, AKAMUS &amp; Justin Doyle . Entra per descobrir els membres del repartiment i el repartori.\",\"breadcrumb\":{\"@id\":\"https:\\\/\\\/www.barcelonaobertura.com\\\/ca\\\/concert\\\/rias-kammerchor-berlin-akamus-justin-doyle\\\/#breadcrumb\"},\"inLanguage\":\"ca\",\"potentialAction\":[{\"@type\":\"ReadAction\",\"target\":[\"https:\\\/\\\/www.barcelonaobertura.com\\\/ca\\\/concert\\\/rias-kammerchor-berlin-akamus-justin-doyle\\\/\"]}]},{\"@type\":\"ImageObject\",\"inLanguage\":\"ca\",\"@id\":\"https:\\\/\\\/www.barcelonaobertura.com\\\/ca\\\/concert\\\/rias-kammerchor-berlin-akamus-justin-doyle\\\/#primaryimage\",\"url\":\"https:\\\/\\\/www.barcelonaobertura.com\\\/wp-content\\\/uploads\\\/2024\\\/07\\\/39_Konstantin-Krimmel_500x350.jpg\",\"contentUrl\":\"https:\\\/\\\/www.barcelonaobertura.com\\\/wp-content\\\/uploads\\\/2024\\\/07\\\/39_Konstantin-Krimmel_500x350.jpg\",\"width\":500,\"height\":350},{\"@type\":\"BreadcrumbList\",\"@id\":\"https:\\\/\\\/www.barcelonaobertura.com\\\/ca\\\/concert\\\/rias-kammerchor-berlin-akamus-justin-doyle\\\/#breadcrumb\",\"itemListElement\":[{\"@type\":\"ListItem\",\"position\":1,\"name\":\"Home\",\"item\":\"https:\\\/\\\/www.barcelonaobertura.com\\\/ca\\\/\"},{\"@type\":\"ListItem\",\"position\":2,\"name\":\"Conciertos\",\"item\":\"https:\\\/\\\/www.barcelonaobertura.com\\\/ca\\\/concert\\\/\"},{\"@type\":\"ListItem\",\"position\":3,\"name\":\"RIAS Kammerchor Berlin, AKAMUS &amp; Justin Doyle\"}]},{\"@type\":\"WebSite\",\"@id\":\"https:\\\/\\\/www.barcelonaobertura.com\\\/ca\\\/#website\",\"url\":\"https:\\\/\\\/www.barcelonaobertura.com\\\/ca\\\/\",\"name\":\"Barcelona Obertura\",\"description\":\"Come for the music, Stay for the rest\",\"potentialAction\":[{\"@type\":\"SearchAction\",\"target\":{\"@type\":\"EntryPoint\",\"urlTemplate\":\"https:\\\/\\\/www.barcelonaobertura.com\\\/ca\\\/?s={search_term_string}\"},\"query-input\":{\"@type\":\"PropertyValueSpecification\",\"valueRequired\":true,\"valueName\":\"search_term_string\"}}],\"inLanguage\":\"ca\"}]}<\/script>\n<!-- \/ Yoast SEO plugin. -->","yoast_head_json":{"title":"RIAS Kammerchor Berlin, AKAMUS &amp; Justin Doyle - Barcelona Obertura","description":"Prepara't per gaudir de RIAS Kammerchor Berlin, AKAMUS &amp; Justin Doyle . Entra per descobrir els membres del repartiment i el repartori.","robots":{"index":"index","follow":"follow","max-snippet":"max-snippet:-1","max-image-preview":"max-image-preview:large","max-video-preview":"max-video-preview:-1"},"canonical":"https:\/\/www.barcelonaobertura.com\/ca\/concert\/rias-kammerchor-berlin-akamus-justin-doyle\/","og_locale":"ca_ES","og_type":"article","og_title":"RIAS Kammerchor Berlin, AKAMUS &amp; Justin Doyle - Barcelona Obertura","og_description":"Prepara't per gaudir de RIAS Kammerchor Berlin, AKAMUS &amp; Justin Doyle . Entra per descobrir els membres del repartiment i el repartori.","og_url":"https:\/\/www.barcelonaobertura.com\/ca\/concert\/rias-kammerchor-berlin-akamus-justin-doyle\/","og_site_name":"Barcelona Obertura","article_modified_time":"2025-01-27T11:28:45+00:00","og_image":[{"width":500,"height":350,"url":"https:\/\/www.barcelonaobertura.com\/wp-content\/uploads\/2024\/07\/39_Konstantin-Krimmel_500x350.jpg","type":"image\/jpeg"}],"twitter_card":"summary_large_image","twitter_misc":{"Temps estimat de lectura":"1 minut"},"schema":{"@context":"https:\/\/schema.org","@graph":[{"@type":"WebPage","@id":"https:\/\/www.barcelonaobertura.com\/ca\/concert\/rias-kammerchor-berlin-akamus-justin-doyle\/","url":"https:\/\/www.barcelonaobertura.com\/ca\/concert\/rias-kammerchor-berlin-akamus-justin-doyle\/","name":"RIAS Kammerchor Berlin, AKAMUS &amp; Justin Doyle - Barcelona Obertura","isPartOf":{"@id":"https:\/\/www.barcelonaobertura.com\/ca\/#website"},"primaryImageOfPage":{"@id":"https:\/\/www.barcelonaobertura.com\/ca\/concert\/rias-kammerchor-berlin-akamus-justin-doyle\/#primaryimage"},"image":{"@id":"https:\/\/www.barcelonaobertura.com\/ca\/concert\/rias-kammerchor-berlin-akamus-justin-doyle\/#primaryimage"},"thumbnailUrl":"https:\/\/www.barcelonaobertura.com\/wp-content\/uploads\/2024\/07\/39_Konstantin-Krimmel_500x350.jpg","datePublished":"2024-07-16T12:55:58+00:00","dateModified":"2025-01-27T11:28:45+00:00","description":"Prepara't per gaudir de RIAS Kammerchor Berlin, AKAMUS &amp; Justin Doyle . Entra per descobrir els membres del repartiment i el repartori.","breadcrumb":{"@id":"https:\/\/www.barcelonaobertura.com\/ca\/concert\/rias-kammerchor-berlin-akamus-justin-doyle\/#breadcrumb"},"inLanguage":"ca","potentialAction":[{"@type":"ReadAction","target":["https:\/\/www.barcelonaobertura.com\/ca\/concert\/rias-kammerchor-berlin-akamus-justin-doyle\/"]}]},{"@type":"ImageObject","inLanguage":"ca","@id":"https:\/\/www.barcelonaobertura.com\/ca\/concert\/rias-kammerchor-berlin-akamus-justin-doyle\/#primaryimage","url":"https:\/\/www.barcelonaobertura.com\/wp-content\/uploads\/2024\/07\/39_Konstantin-Krimmel_500x350.jpg","contentUrl":"https:\/\/www.barcelonaobertura.com\/wp-content\/uploads\/2024\/07\/39_Konstantin-Krimmel_500x350.jpg","width":500,"height":350},{"@type":"BreadcrumbList","@id":"https:\/\/www.barcelonaobertura.com\/ca\/concert\/rias-kammerchor-berlin-akamus-justin-doyle\/#breadcrumb","itemListElement":[{"@type":"ListItem","position":1,"name":"Home","item":"https:\/\/www.barcelonaobertura.com\/ca\/"},{"@type":"ListItem","position":2,"name":"Conciertos","item":"https:\/\/www.barcelonaobertura.com\/ca\/concert\/"},{"@type":"ListItem","position":3,"name":"RIAS Kammerchor Berlin, AKAMUS &amp; Justin Doyle"}]},{"@type":"WebSite","@id":"https:\/\/www.barcelonaobertura.com\/ca\/#website","url":"https:\/\/www.barcelonaobertura.com\/ca\/","name":"Barcelona Obertura","description":"Come for the music, Stay for the rest","potentialAction":[{"@type":"SearchAction","target":{"@type":"EntryPoint","urlTemplate":"https:\/\/www.barcelonaobertura.com\/ca\/?s={search_term_string}"},"query-input":{"@type":"PropertyValueSpecification","valueRequired":true,"valueName":"search_term_string"}}],"inLanguage":"ca"}]}},"_links":{"self":[{"href":"https:\/\/www.barcelonaobertura.com\/ca\/wp-json\/wp\/v2\/concert\/113710","targetHints":{"allow":["GET"]}}],"collection":[{"href":"https:\/\/www.barcelonaobertura.com\/ca\/wp-json\/wp\/v2\/concert"}],"about":[{"href":"https:\/\/www.barcelonaobertura.com\/ca\/wp-json\/wp\/v2\/types\/concert"}],"wp:featuredmedia":[{"embeddable":true,"href":"https:\/\/www.barcelonaobertura.com\/ca\/wp-json\/wp\/v2\/media\/129108"}],"wp:attachment":[{"href":"https:\/\/www.barcelonaobertura.com\/ca\/wp-json\/wp\/v2\/media?parent=113710"}],"curies":[{"name":"wp","href":"https:\/\/api.w.org\/{rel}","templated":true}]}}

<p>La <strong><em>Passió segons sant Mateu</em> de Bach</strong> és reconeguda per molts com una de les composicions més importants de la història de la música. Estrenada el Divendres Sant de 1727, des d’aleshores no ha deixat d’impressionar generacions de les més diverses procedències i fins i tot creences amb la seva poderosa combinació de música i text, que la fa alhora complexa, directa i catàrtica. Com cada any, torna al Palau de la Música, aquest cop amb el <strong>RIAS Kammerchor</strong> i la formació <strong>AKAMUS</strong>, ambdues de Berlín, dirigides per <strong>Justin Doyle</strong>.</p>
