{"id":170417,"date":"2025-07-11T10:54:04","date_gmt":"2025-07-11T10:54:04","guid":{"rendered":"https:\/\/www.barcelonaobertura.com\/concert\/orchestre-des-champs-elysees-philippe-herreweghe\/"},"modified":"2025-07-18T08:22:44","modified_gmt":"2025-07-18T08:22:44","slug":"orchestre-des-champs-elysees-philippe-herreweghe","status":"publish","type":"concert","link":"https:\/\/www.barcelonaobertura.com\/ca\/concert\/orchestre-des-champs-elysees-philippe-herreweghe\/","title":{"rendered":"Orchestre des Champs \u00c9lys\u00e9es &amp; Philippe Herreweghe"},"content":{"rendered":"\n<p><strong>Philippe Herreweghe<\/strong>\u00a0torna al Palau amb la seva mirada n\u00edtida i depurada de la transici\u00f3 entre el classicisme i el romanticisme beethoveni\u00e0. En aquesta ocasi\u00f3, s\u2019endinsa en dues de les simfonies m\u00e9s ic\u00f2niques del compositor: la\u00a0<em>Cinquena<\/em>, amb el seu inconfusible motiu inicial i un recorregut dram\u00e0tic que culmina en un triomf enlluernador; i la Sisena, coneguda com la \u201c<em>Pastoral<\/em>\u201d, que dibuixa amb lirisme, llum i detall naturalista un aut\u00e8ntic paisatge sonor. Una oportunitat per reviure aquestes obres monumentals amb la sonoritat hist\u00f2rica i l\u2019exquisidesa interpretativa d\u2019Herreweghe i de l\u2019<strong>Orchestre des Champs \u00c9lys\u00e9es<\/strong>.<\/p>\n","protected":false},"featured_media":131774,"template":"","class_list":["post-170417","concert","type-concert","status-publish","has-post-thumbnail","hentry","concert-venue-palau-de-la-musica-catalana","concert-season-tardor","concert-year-big-stars-and-philip-glass-ca","play-author-ludwig-van-beethoven"],"acf":[],"yoast_head":"<!-- This site is optimized with the Yoast SEO plugin v27.5 - https:\/\/yoast.com\/product\/yoast-seo-wordpress\/ -->\n<title>Orchestre des Champs \u00c9lys\u00e9es &amp; Philippe Herreweghe - Barcelona Obertura<\/title>\n<meta name=\"description\" content=\"Prepara&#039;t per gaudir de Orchestre des Champs \u00c9lys\u00e9es &amp; Philippe Herreweghe . Entra per descobrir els membres del repartiment i el repartori.\" \/>\n<meta name=\"robots\" content=\"index, follow, max-snippet:-1, max-image-preview:large, max-video-preview:-1\" \/>\n<link rel=\"canonical\" href=\"https:\/\/www.barcelonaobertura.com\/ca\/concert\/orchestre-des-champs-elysees-philippe-herreweghe\/\" \/>\n<meta property=\"og:locale\" content=\"ca_ES\" \/>\n<meta property=\"og:type\" content=\"article\" \/>\n<meta property=\"og:title\" content=\"Orchestre des Champs \u00c9lys\u00e9es &amp; Philippe Herreweghe - Barcelona Obertura\" \/>\n<meta property=\"og:description\" content=\"Prepara&#039;t per gaudir de Orchestre des Champs \u00c9lys\u00e9es &amp; Philippe Herreweghe . Entra per descobrir els membres del repartiment i el repartori.\" \/>\n<meta property=\"og:url\" content=\"https:\/\/www.barcelonaobertura.com\/ca\/concert\/orchestre-des-champs-elysees-philippe-herreweghe\/\" \/>\n<meta property=\"og:site_name\" content=\"Barcelona Obertura\" \/>\n<meta property=\"article:modified_time\" content=\"2025-07-18T08:22:44+00:00\" \/>\n<meta property=\"og:image\" content=\"https:\/\/www.barcelonaobertura.com\/wp-content\/uploads\/2025\/06\/07_Philippe_Herreweghe-2-by-Michiel-Hendryckx-2013-1-scaled.jpg\" \/>\n\t<meta property=\"og:image:width\" content=\"2560\" \/>\n\t<meta property=\"og:image:height\" content=\"1748\" \/>\n\t<meta property=\"og:image:type\" content=\"image\/jpeg\" \/>\n<meta name=\"twitter:card\" content=\"summary_large_image\" \/>\n<meta name=\"twitter:label1\" content=\"Temps estimat de lectura\" \/>\n\t<meta name=\"twitter:data1\" content=\"1 minut\" \/>\n<script type=\"application\/ld+json\" class=\"yoast-schema-graph\">{\"@context\":\"https:\\\/\\\/schema.org\",\"@graph\":[{\"@type\":\"WebPage\",\"@id\":\"https:\\\/\\\/www.barcelonaobertura.com\\\/ca\\\/concert\\\/orchestre-des-champs-elysees-philippe-herreweghe\\\/\",\"url\":\"https:\\\/\\\/www.barcelonaobertura.com\\\/ca\\\/concert\\\/orchestre-des-champs-elysees-philippe-herreweghe\\\/\",\"name\":\"Orchestre des Champs \u00c9lys\u00e9es &amp; Philippe Herreweghe - Barcelona Obertura\",\"isPartOf\":{\"@id\":\"https:\\\/\\\/www.barcelonaobertura.com\\\/ca\\\/#website\"},\"primaryImageOfPage\":{\"@id\":\"https:\\\/\\\/www.barcelonaobertura.com\\\/ca\\\/concert\\\/orchestre-des-champs-elysees-philippe-herreweghe\\\/#primaryimage\"},\"image\":{\"@id\":\"https:\\\/\\\/www.barcelonaobertura.com\\\/ca\\\/concert\\\/orchestre-des-champs-elysees-philippe-herreweghe\\\/#primaryimage\"},\"thumbnailUrl\":\"https:\\\/\\\/www.barcelonaobertura.com\\\/wp-content\\\/uploads\\\/2025\\\/06\\\/07_Philippe_Herreweghe-2-by-Michiel-Hendryckx-2013-1-scaled.jpg\",\"datePublished\":\"2025-07-11T10:54:04+00:00\",\"dateModified\":\"2025-07-18T08:22:44+00:00\",\"description\":\"Prepara't per gaudir de Orchestre des Champs \u00c9lys\u00e9es &amp; Philippe Herreweghe . Entra per descobrir els membres del repartiment i el repartori.\",\"breadcrumb\":{\"@id\":\"https:\\\/\\\/www.barcelonaobertura.com\\\/ca\\\/concert\\\/orchestre-des-champs-elysees-philippe-herreweghe\\\/#breadcrumb\"},\"inLanguage\":\"ca\",\"potentialAction\":[{\"@type\":\"ReadAction\",\"target\":[\"https:\\\/\\\/www.barcelonaobertura.com\\\/ca\\\/concert\\\/orchestre-des-champs-elysees-philippe-herreweghe\\\/\"]}]},{\"@type\":\"ImageObject\",\"inLanguage\":\"ca\",\"@id\":\"https:\\\/\\\/www.barcelonaobertura.com\\\/ca\\\/concert\\\/orchestre-des-champs-elysees-philippe-herreweghe\\\/#primaryimage\",\"url\":\"https:\\\/\\\/www.barcelonaobertura.com\\\/wp-content\\\/uploads\\\/2025\\\/06\\\/07_Philippe_Herreweghe-2-by-Michiel-Hendryckx-2013-1-scaled.jpg\",\"contentUrl\":\"https:\\\/\\\/www.barcelonaobertura.com\\\/wp-content\\\/uploads\\\/2025\\\/06\\\/07_Philippe_Herreweghe-2-by-Michiel-Hendryckx-2013-1-scaled.jpg\",\"width\":2560,\"height\":1748,\"caption\":\"Philippe Herreweghe\"},{\"@type\":\"BreadcrumbList\",\"@id\":\"https:\\\/\\\/www.barcelonaobertura.com\\\/ca\\\/concert\\\/orchestre-des-champs-elysees-philippe-herreweghe\\\/#breadcrumb\",\"itemListElement\":[{\"@type\":\"ListItem\",\"position\":1,\"name\":\"Home\",\"item\":\"https:\\\/\\\/www.barcelonaobertura.com\\\/ca\\\/\"},{\"@type\":\"ListItem\",\"position\":2,\"name\":\"Conciertos\",\"item\":\"https:\\\/\\\/www.barcelonaobertura.com\\\/ca\\\/concert\\\/\"},{\"@type\":\"ListItem\",\"position\":3,\"name\":\"Orchestre des Champs \u00c9lys\u00e9es &amp; Philippe Herreweghe\"}]},{\"@type\":\"WebSite\",\"@id\":\"https:\\\/\\\/www.barcelonaobertura.com\\\/ca\\\/#website\",\"url\":\"https:\\\/\\\/www.barcelonaobertura.com\\\/ca\\\/\",\"name\":\"Barcelona Obertura\",\"description\":\"Come for the music, Stay for the rest\",\"potentialAction\":[{\"@type\":\"SearchAction\",\"target\":{\"@type\":\"EntryPoint\",\"urlTemplate\":\"https:\\\/\\\/www.barcelonaobertura.com\\\/ca\\\/?s={search_term_string}\"},\"query-input\":{\"@type\":\"PropertyValueSpecification\",\"valueRequired\":true,\"valueName\":\"search_term_string\"}}],\"inLanguage\":\"ca\"}]}<\/script>\n<!-- \/ Yoast SEO plugin. -->","yoast_head_json":{"title":"Orchestre des Champs \u00c9lys\u00e9es &amp; Philippe Herreweghe - Barcelona Obertura","description":"Prepara't per gaudir de Orchestre des Champs \u00c9lys\u00e9es &amp; Philippe Herreweghe . Entra per descobrir els membres del repartiment i el repartori.","robots":{"index":"index","follow":"follow","max-snippet":"max-snippet:-1","max-image-preview":"max-image-preview:large","max-video-preview":"max-video-preview:-1"},"canonical":"https:\/\/www.barcelonaobertura.com\/ca\/concert\/orchestre-des-champs-elysees-philippe-herreweghe\/","og_locale":"ca_ES","og_type":"article","og_title":"Orchestre des Champs \u00c9lys\u00e9es &amp; Philippe Herreweghe - Barcelona Obertura","og_description":"Prepara't per gaudir de Orchestre des Champs \u00c9lys\u00e9es &amp; Philippe Herreweghe . Entra per descobrir els membres del repartiment i el repartori.","og_url":"https:\/\/www.barcelonaobertura.com\/ca\/concert\/orchestre-des-champs-elysees-philippe-herreweghe\/","og_site_name":"Barcelona Obertura","article_modified_time":"2025-07-18T08:22:44+00:00","og_image":[{"width":2560,"height":1748,"url":"https:\/\/www.barcelonaobertura.com\/wp-content\/uploads\/2025\/06\/07_Philippe_Herreweghe-2-by-Michiel-Hendryckx-2013-1-scaled.jpg","type":"image\/jpeg"}],"twitter_card":"summary_large_image","twitter_misc":{"Temps estimat de lectura":"1 minut"},"schema":{"@context":"https:\/\/schema.org","@graph":[{"@type":"WebPage","@id":"https:\/\/www.barcelonaobertura.com\/ca\/concert\/orchestre-des-champs-elysees-philippe-herreweghe\/","url":"https:\/\/www.barcelonaobertura.com\/ca\/concert\/orchestre-des-champs-elysees-philippe-herreweghe\/","name":"Orchestre des Champs \u00c9lys\u00e9es &amp; Philippe Herreweghe - Barcelona Obertura","isPartOf":{"@id":"https:\/\/www.barcelonaobertura.com\/ca\/#website"},"primaryImageOfPage":{"@id":"https:\/\/www.barcelonaobertura.com\/ca\/concert\/orchestre-des-champs-elysees-philippe-herreweghe\/#primaryimage"},"image":{"@id":"https:\/\/www.barcelonaobertura.com\/ca\/concert\/orchestre-des-champs-elysees-philippe-herreweghe\/#primaryimage"},"thumbnailUrl":"https:\/\/www.barcelonaobertura.com\/wp-content\/uploads\/2025\/06\/07_Philippe_Herreweghe-2-by-Michiel-Hendryckx-2013-1-scaled.jpg","datePublished":"2025-07-11T10:54:04+00:00","dateModified":"2025-07-18T08:22:44+00:00","description":"Prepara't per gaudir de Orchestre des Champs \u00c9lys\u00e9es &amp; Philippe Herreweghe . Entra per descobrir els membres del repartiment i el repartori.","breadcrumb":{"@id":"https:\/\/www.barcelonaobertura.com\/ca\/concert\/orchestre-des-champs-elysees-philippe-herreweghe\/#breadcrumb"},"inLanguage":"ca","potentialAction":[{"@type":"ReadAction","target":["https:\/\/www.barcelonaobertura.com\/ca\/concert\/orchestre-des-champs-elysees-philippe-herreweghe\/"]}]},{"@type":"ImageObject","inLanguage":"ca","@id":"https:\/\/www.barcelonaobertura.com\/ca\/concert\/orchestre-des-champs-elysees-philippe-herreweghe\/#primaryimage","url":"https:\/\/www.barcelonaobertura.com\/wp-content\/uploads\/2025\/06\/07_Philippe_Herreweghe-2-by-Michiel-Hendryckx-2013-1-scaled.jpg","contentUrl":"https:\/\/www.barcelonaobertura.com\/wp-content\/uploads\/2025\/06\/07_Philippe_Herreweghe-2-by-Michiel-Hendryckx-2013-1-scaled.jpg","width":2560,"height":1748,"caption":"Philippe Herreweghe"},{"@type":"BreadcrumbList","@id":"https:\/\/www.barcelonaobertura.com\/ca\/concert\/orchestre-des-champs-elysees-philippe-herreweghe\/#breadcrumb","itemListElement":[{"@type":"ListItem","position":1,"name":"Home","item":"https:\/\/www.barcelonaobertura.com\/ca\/"},{"@type":"ListItem","position":2,"name":"Conciertos","item":"https:\/\/www.barcelonaobertura.com\/ca\/concert\/"},{"@type":"ListItem","position":3,"name":"Orchestre des Champs \u00c9lys\u00e9es &amp; Philippe Herreweghe"}]},{"@type":"WebSite","@id":"https:\/\/www.barcelonaobertura.com\/ca\/#website","url":"https:\/\/www.barcelonaobertura.com\/ca\/","name":"Barcelona Obertura","description":"Come for the music, Stay for the rest","potentialAction":[{"@type":"SearchAction","target":{"@type":"EntryPoint","urlTemplate":"https:\/\/www.barcelonaobertura.com\/ca\/?s={search_term_string}"},"query-input":{"@type":"PropertyValueSpecification","valueRequired":true,"valueName":"search_term_string"}}],"inLanguage":"ca"}]}},"_links":{"self":[{"href":"https:\/\/www.barcelonaobertura.com\/ca\/wp-json\/wp\/v2\/concert\/170417","targetHints":{"allow":["GET"]}}],"collection":[{"href":"https:\/\/www.barcelonaobertura.com\/ca\/wp-json\/wp\/v2\/concert"}],"about":[{"href":"https:\/\/www.barcelonaobertura.com\/ca\/wp-json\/wp\/v2\/types\/concert"}],"wp:featuredmedia":[{"embeddable":true,"href":"https:\/\/www.barcelonaobertura.com\/ca\/wp-json\/wp\/v2\/media\/131774"}],"wp:attachment":[{"href":"https:\/\/www.barcelonaobertura.com\/ca\/wp-json\/wp\/v2\/media?parent=170417"}],"curies":[{"name":"wp","href":"https:\/\/api.w.org\/{rel}","templated":true}]}}

Orchestre des Champs Élysées &amp; Philippe Herreweghe

<p><strong>Philippe Herreweghe</strong> torna al Palau amb la seva mirada nítida i depurada de la transició entre el classicisme i el romanticisme beethovenià. En aquesta ocasió, s’endinsa en dues de les simfonies més icòniques del compositor: la <em>Cinquena</em>, amb el seu inconfusible motiu inicial i un recorregut dramàtic que culmina en un triomf enlluernador; i la Sisena, coneguda com la “<em>Pastoral</em>”, que dibuixa amb lirisme, llum i detall naturalista un autèntic paisatge sonor. Una oportunitat per reviure aquestes obres monumentals amb la sonoritat històrica i l’exquisidesa interpretativa d’Herreweghe i de l’<strong>Orchestre des Champs Élysées</strong>.</p>

<!-- This site is optimized with the Yoast SEO plugin v27.5 - https://yoast.com/product/yoast-seo-wordpress/ -->
<title>Orchestre des Champs Élysées &amp; Philippe Herreweghe - Barcelona Obertura</title>
<meta name="description" content="Prepara&#039;t per gaudir de Orchestre des Champs Élysées &amp; Philippe Herreweghe . Entra per descobrir els membres del repartiment i el repartori." />
<meta name="robots" content="index, follow, max-snippet:-1, max-image-preview:large, max-video-preview:-1" />
<link rel="canonical" href="https://www.barcelonaobertura.com/ca/concert/orchestre-des-champs-elysees-philippe-herreweghe/" />
<meta property="og:locale" content="ca_ES" />
<meta property="og:type" content="article" />
<meta property="og:title" content="Orchestre des Champs Élysées &amp; Philippe Herreweghe - Barcelona Obertura" />
<meta property="og:description" content="Prepara&#039;t per gaudir de Orchestre des Champs Élysées &amp; Philippe Herreweghe . Entra per descobrir els membres del repartiment i el repartori." />
<meta property="og:url" content="https://www.barcelonaobertura.com/ca/concert/orchestre-des-champs-elysees-philippe-herreweghe/" />
<meta property="og:site_name" content="Barcelona Obertura" />
<meta property="article:modified_time" content="2025-07-18T08:22:44+00:00" />
<meta property="og:image" content="https://www.barcelonaobertura.com/wp-content/uploads/2025/06/07_Philippe_Herreweghe-2-by-Michiel-Hendryckx-2013-1-scaled.jpg" />
	<meta property="og:image:width" content="2560" />
	<meta property="og:image:height" content="1748" />
	<meta property="og:image:type" content="image/jpeg" />
<meta name="twitter:card" content="summary_large_image" />
<meta name="twitter:label1" content="Temps estimat de lectura" />
	<meta name="twitter:data1" content="1 minut" />
<script type="application/ld+json" class="yoast-schema-graph">{"@context":"https:\/\/schema.org","@graph":[{"@type":"WebPage","@id":"https:\/\/www.barcelonaobertura.com\/ca\/concert\/orchestre-des-champs-elysees-philippe-herreweghe\/","url":"https:\/\/www.barcelonaobertura.com\/ca\/concert\/orchestre-des-champs-elysees-philippe-herreweghe\/","name":"Orchestre des Champs Élysées &amp; Philippe Herreweghe - Barcelona Obertura","isPartOf":{"@id":"https:\/\/www.barcelonaobertura.com\/ca\/#website"},"primaryImageOfPage":{"@id":"https:\/\/www.barcelonaobertura.com\/ca\/concert\/orchestre-des-champs-elysees-philippe-herreweghe\/#primaryimage"},"image":{"@id":"https:\/\/www.barcelonaobertura.com\/ca\/concert\/orchestre-des-champs-elysees-philippe-herreweghe\/#primaryimage"},"thumbnailUrl":"https:\/\/www.barcelonaobertura.com\/wp-content\/uploads\/2025\/06\/07_Philippe_Herreweghe-2-by-Michiel-Hendryckx-2013-1-scaled.jpg","datePublished":"2025-07-11T10:54:04+00:00","dateModified":"2025-07-18T08:22:44+00:00","description":"Prepara't per gaudir de Orchestre des Champs Élysées &amp; Philippe Herreweghe . Entra per descobrir els membres del repartiment i el repartori.","breadcrumb":{"@id":"https:\/\/www.barcelonaobertura.com\/ca\/concert\/orchestre-des-champs-elysees-philippe-herreweghe\/#breadcrumb"},"inLanguage":"ca","potentialAction":[{"@type":"ReadAction","target":["https:\/\/www.barcelonaobertura.com\/ca\/concert\/orchestre-des-champs-elysees-philippe-herreweghe\/"]}]},{"@type":"ImageObject","inLanguage":"ca","@id":"https:\/\/www.barcelonaobertura.com\/ca\/concert\/orchestre-des-champs-elysees-philippe-herreweghe\/#primaryimage","url":"https:\/\/www.barcelonaobertura.com\/wp-content\/uploads\/2025\/06\/07_Philippe_Herreweghe-2-by-Michiel-Hendryckx-2013-1-scaled.jpg","contentUrl":"https:\/\/www.barcelonaobertura.com\/wp-content\/uploads\/2025\/06\/07_Philippe_Herreweghe-2-by-Michiel-Hendryckx-2013-1-scaled.jpg","width":2560,"height":1748,"caption":"Philippe Herreweghe"},{"@type":"BreadcrumbList","@id":"https:\/\/www.barcelonaobertura.com\/ca\/concert\/orchestre-des-champs-elysees-philippe-herreweghe\/#breadcrumb","itemListElement":[{"@type":"ListItem","position":1,"name":"Home","item":"https:\/\/www.barcelonaobertura.com\/ca\/"},{"@type":"ListItem","position":2,"name":"Conciertos","item":"https:\/\/www.barcelonaobertura.com\/ca\/concert\/"},{"@type":"ListItem","position":3,"name":"Orchestre des Champs Élysées &amp; Philippe Herreweghe"}]},{"@type":"WebSite","@id":"https:\/\/www.barcelonaobertura.com\/ca\/#website","url":"https:\/\/www.barcelonaobertura.com\/ca\/","name":"Barcelona Obertura","description":"Come for the music, Stay for the rest","potentialAction":[{"@type":"SearchAction","target":{"@type":"EntryPoint","urlTemplate":"https:\/\/www.barcelonaobertura.com\/ca\/?s={search_term_string}"},"query-input":{"@type":"PropertyValueSpecification","valueRequired":true,"valueName":"search_term_string"}}],"inLanguage":"ca"}]}</script>
<!-- / Yoast SEO plugin. -->

Orchestre des Champs Élysées &amp; Philippe Herreweghe - Barcelona Obertura

Prepara't per gaudir de Orchestre des Champs Élysées &amp; Philippe Herreweghe . Entra per descobrir els membres del repartiment i el repartori.
