{"id":170419,"date":"2025-07-11T10:54:07","date_gmt":"2025-07-11T10:54:07","guid":{"rendered":"https:\/\/www.barcelonaobertura.com\/concert\/anne-sophie-mutter-yefim-bronfman-pablo-ferrandez\/"},"modified":"2025-07-18T08:14:10","modified_gmt":"2025-07-18T08:14:10","slug":"anne-sophie-mutter-yefim-bronfman-pablo-ferrandez","status":"publish","type":"concert","link":"https:\/\/www.barcelonaobertura.com\/ca\/concert\/anne-sophie-mutter-yefim-bronfman-pablo-ferrandez\/","title":{"rendered":"Anne-Sophie Mutter, Yefim Bronfman &amp; Pablo Ferr\u00e1ndez"},"content":{"rendered":"\n<p><strong>Anne-Sophie Mutter<\/strong>, <strong>Yefim Bronfman<\/strong> i <strong>Pablo Ferr\u00e1ndez<\/strong> inauguren la temporada deel Palau amb dues obres que s\u00f3n veritables fites del repertori de cambra. El Trio \u201cArxiduc\u201d de Beethoven, d\u2019una serenitat majestuosa, obre un espai sonor ple d\u2019equilibri i noblesa. El Trio en Si menor de Txaikovski, escrit en mem\u00f2ria del seu amic Nikolai Rubinstein, irradia emoci\u00f3 i dramatisme en cada comp\u00e0s. Un concert inaugural que celebra el poder de la m\u00fasica compartida, l\u2019excel\u00b7l\u00e8ncia interpretativa i l\u2019inici d\u2019un nou viatge art\u00edstic al cor del Palau.<\/p>\n","protected":false},"featured_media":131777,"template":"","class_list":["post-170419","concert","type-concert","status-publish","has-post-thumbnail","hentry","concert-venue-palau-de-la-musica-catalana","concert-season-tardor","concert-year-big-stars-and-philip-glass-ca","play-author-ludwig-van-beethoven","play-author-piotr-ilitx-txaikovski"],"acf":[],"yoast_head":"<!-- This site is optimized with the Yoast SEO plugin v27.5 - https:\/\/yoast.com\/product\/yoast-seo-wordpress\/ -->\n<title>Anne-Sophie Mutter, Yefim Bronfman &amp; Pablo Ferr\u00e1ndez - Barcelona Obertura<\/title>\n<meta name=\"description\" content=\"Prepara&#039;t per gaudir de Anne-Sophie Mutter, Yefim Bronfman &amp; Pablo Ferr\u00e1ndez . Entra per descobrir els membres del repartiment i el repartori.\" \/>\n<meta name=\"robots\" content=\"index, follow, max-snippet:-1, max-image-preview:large, max-video-preview:-1\" \/>\n<link rel=\"canonical\" href=\"https:\/\/www.barcelonaobertura.com\/ca\/concert\/anne-sophie-mutter-yefim-bronfman-pablo-ferrandez\/\" \/>\n<meta property=\"og:locale\" content=\"ca_ES\" \/>\n<meta property=\"og:type\" content=\"article\" \/>\n<meta property=\"og:title\" content=\"Anne-Sophie Mutter, Yefim Bronfman &amp; Pablo Ferr\u00e1ndez - Barcelona Obertura\" \/>\n<meta property=\"og:description\" content=\"Prepara&#039;t per gaudir de Anne-Sophie Mutter, Yefim Bronfman &amp; Pablo Ferr\u00e1ndez . Entra per descobrir els membres del repartiment i el repartori.\" \/>\n<meta property=\"og:url\" content=\"https:\/\/www.barcelonaobertura.com\/ca\/concert\/anne-sophie-mutter-yefim-bronfman-pablo-ferrandez\/\" \/>\n<meta property=\"og:site_name\" content=\"Barcelona Obertura\" \/>\n<meta property=\"article:modified_time\" content=\"2025-07-18T08:14:10+00:00\" \/>\n<meta property=\"og:image\" content=\"https:\/\/www.barcelonaobertura.com\/wp-content\/uploads\/2025\/06\/04_Mutter-scaled.jpg\" \/>\n\t<meta property=\"og:image:width\" content=\"2560\" \/>\n\t<meta property=\"og:image:height\" content=\"2560\" \/>\n\t<meta property=\"og:image:type\" content=\"image\/jpeg\" \/>\n<meta name=\"twitter:card\" content=\"summary_large_image\" \/>\n<meta name=\"twitter:label1\" content=\"Temps estimat de lectura\" \/>\n\t<meta name=\"twitter:data1\" content=\"1 minut\" \/>\n<script type=\"application\/ld+json\" class=\"yoast-schema-graph\">{\"@context\":\"https:\\\/\\\/schema.org\",\"@graph\":[{\"@type\":\"WebPage\",\"@id\":\"https:\\\/\\\/www.barcelonaobertura.com\\\/ca\\\/concert\\\/anne-sophie-mutter-yefim-bronfman-pablo-ferrandez\\\/\",\"url\":\"https:\\\/\\\/www.barcelonaobertura.com\\\/ca\\\/concert\\\/anne-sophie-mutter-yefim-bronfman-pablo-ferrandez\\\/\",\"name\":\"Anne-Sophie Mutter, Yefim Bronfman &amp; Pablo Ferr\u00e1ndez - Barcelona Obertura\",\"isPartOf\":{\"@id\":\"https:\\\/\\\/www.barcelonaobertura.com\\\/ca\\\/#website\"},\"primaryImageOfPage\":{\"@id\":\"https:\\\/\\\/www.barcelonaobertura.com\\\/ca\\\/concert\\\/anne-sophie-mutter-yefim-bronfman-pablo-ferrandez\\\/#primaryimage\"},\"image\":{\"@id\":\"https:\\\/\\\/www.barcelonaobertura.com\\\/ca\\\/concert\\\/anne-sophie-mutter-yefim-bronfman-pablo-ferrandez\\\/#primaryimage\"},\"thumbnailUrl\":\"https:\\\/\\\/www.barcelonaobertura.com\\\/wp-content\\\/uploads\\\/2025\\\/06\\\/04_Mutter-scaled.jpg\",\"datePublished\":\"2025-07-11T10:54:07+00:00\",\"dateModified\":\"2025-07-18T08:14:10+00:00\",\"description\":\"Prepara't per gaudir de Anne-Sophie Mutter, Yefim Bronfman &amp; Pablo Ferr\u00e1ndez . Entra per descobrir els membres del repartiment i el repartori.\",\"breadcrumb\":{\"@id\":\"https:\\\/\\\/www.barcelonaobertura.com\\\/ca\\\/concert\\\/anne-sophie-mutter-yefim-bronfman-pablo-ferrandez\\\/#breadcrumb\"},\"inLanguage\":\"ca\",\"potentialAction\":[{\"@type\":\"ReadAction\",\"target\":[\"https:\\\/\\\/www.barcelonaobertura.com\\\/ca\\\/concert\\\/anne-sophie-mutter-yefim-bronfman-pablo-ferrandez\\\/\"]}]},{\"@type\":\"ImageObject\",\"inLanguage\":\"ca\",\"@id\":\"https:\\\/\\\/www.barcelonaobertura.com\\\/ca\\\/concert\\\/anne-sophie-mutter-yefim-bronfman-pablo-ferrandez\\\/#primaryimage\",\"url\":\"https:\\\/\\\/www.barcelonaobertura.com\\\/wp-content\\\/uploads\\\/2025\\\/06\\\/04_Mutter-scaled.jpg\",\"contentUrl\":\"https:\\\/\\\/www.barcelonaobertura.com\\\/wp-content\\\/uploads\\\/2025\\\/06\\\/04_Mutter-scaled.jpg\",\"width\":2560,\"height\":2560},{\"@type\":\"BreadcrumbList\",\"@id\":\"https:\\\/\\\/www.barcelonaobertura.com\\\/ca\\\/concert\\\/anne-sophie-mutter-yefim-bronfman-pablo-ferrandez\\\/#breadcrumb\",\"itemListElement\":[{\"@type\":\"ListItem\",\"position\":1,\"name\":\"Home\",\"item\":\"https:\\\/\\\/www.barcelonaobertura.com\\\/ca\\\/\"},{\"@type\":\"ListItem\",\"position\":2,\"name\":\"Conciertos\",\"item\":\"https:\\\/\\\/www.barcelonaobertura.com\\\/ca\\\/concert\\\/\"},{\"@type\":\"ListItem\",\"position\":3,\"name\":\"Anne-Sophie Mutter, Yefim Bronfman &amp; Pablo Ferr\u00e1ndez\"}]},{\"@type\":\"WebSite\",\"@id\":\"https:\\\/\\\/www.barcelonaobertura.com\\\/ca\\\/#website\",\"url\":\"https:\\\/\\\/www.barcelonaobertura.com\\\/ca\\\/\",\"name\":\"Barcelona Obertura\",\"description\":\"Come for the music, Stay for the rest\",\"potentialAction\":[{\"@type\":\"SearchAction\",\"target\":{\"@type\":\"EntryPoint\",\"urlTemplate\":\"https:\\\/\\\/www.barcelonaobertura.com\\\/ca\\\/?s={search_term_string}\"},\"query-input\":{\"@type\":\"PropertyValueSpecification\",\"valueRequired\":true,\"valueName\":\"search_term_string\"}}],\"inLanguage\":\"ca\"}]}<\/script>\n<!-- \/ Yoast SEO plugin. -->","yoast_head_json":{"title":"Anne-Sophie Mutter, Yefim Bronfman &amp; Pablo Ferr\u00e1ndez - Barcelona Obertura","description":"Prepara't per gaudir de Anne-Sophie Mutter, Yefim Bronfman &amp; Pablo Ferr\u00e1ndez . Entra per descobrir els membres del repartiment i el repartori.","robots":{"index":"index","follow":"follow","max-snippet":"max-snippet:-1","max-image-preview":"max-image-preview:large","max-video-preview":"max-video-preview:-1"},"canonical":"https:\/\/www.barcelonaobertura.com\/ca\/concert\/anne-sophie-mutter-yefim-bronfman-pablo-ferrandez\/","og_locale":"ca_ES","og_type":"article","og_title":"Anne-Sophie Mutter, Yefim Bronfman &amp; Pablo Ferr\u00e1ndez - Barcelona Obertura","og_description":"Prepara't per gaudir de Anne-Sophie Mutter, Yefim Bronfman &amp; Pablo Ferr\u00e1ndez . Entra per descobrir els membres del repartiment i el repartori.","og_url":"https:\/\/www.barcelonaobertura.com\/ca\/concert\/anne-sophie-mutter-yefim-bronfman-pablo-ferrandez\/","og_site_name":"Barcelona Obertura","article_modified_time":"2025-07-18T08:14:10+00:00","og_image":[{"width":2560,"height":2560,"url":"https:\/\/www.barcelonaobertura.com\/wp-content\/uploads\/2025\/06\/04_Mutter-scaled.jpg","type":"image\/jpeg"}],"twitter_card":"summary_large_image","twitter_misc":{"Temps estimat de lectura":"1 minut"},"schema":{"@context":"https:\/\/schema.org","@graph":[{"@type":"WebPage","@id":"https:\/\/www.barcelonaobertura.com\/ca\/concert\/anne-sophie-mutter-yefim-bronfman-pablo-ferrandez\/","url":"https:\/\/www.barcelonaobertura.com\/ca\/concert\/anne-sophie-mutter-yefim-bronfman-pablo-ferrandez\/","name":"Anne-Sophie Mutter, Yefim Bronfman &amp; Pablo Ferr\u00e1ndez - Barcelona Obertura","isPartOf":{"@id":"https:\/\/www.barcelonaobertura.com\/ca\/#website"},"primaryImageOfPage":{"@id":"https:\/\/www.barcelonaobertura.com\/ca\/concert\/anne-sophie-mutter-yefim-bronfman-pablo-ferrandez\/#primaryimage"},"image":{"@id":"https:\/\/www.barcelonaobertura.com\/ca\/concert\/anne-sophie-mutter-yefim-bronfman-pablo-ferrandez\/#primaryimage"},"thumbnailUrl":"https:\/\/www.barcelonaobertura.com\/wp-content\/uploads\/2025\/06\/04_Mutter-scaled.jpg","datePublished":"2025-07-11T10:54:07+00:00","dateModified":"2025-07-18T08:14:10+00:00","description":"Prepara't per gaudir de Anne-Sophie Mutter, Yefim Bronfman &amp; Pablo Ferr\u00e1ndez . Entra per descobrir els membres del repartiment i el repartori.","breadcrumb":{"@id":"https:\/\/www.barcelonaobertura.com\/ca\/concert\/anne-sophie-mutter-yefim-bronfman-pablo-ferrandez\/#breadcrumb"},"inLanguage":"ca","potentialAction":[{"@type":"ReadAction","target":["https:\/\/www.barcelonaobertura.com\/ca\/concert\/anne-sophie-mutter-yefim-bronfman-pablo-ferrandez\/"]}]},{"@type":"ImageObject","inLanguage":"ca","@id":"https:\/\/www.barcelonaobertura.com\/ca\/concert\/anne-sophie-mutter-yefim-bronfman-pablo-ferrandez\/#primaryimage","url":"https:\/\/www.barcelonaobertura.com\/wp-content\/uploads\/2025\/06\/04_Mutter-scaled.jpg","contentUrl":"https:\/\/www.barcelonaobertura.com\/wp-content\/uploads\/2025\/06\/04_Mutter-scaled.jpg","width":2560,"height":2560},{"@type":"BreadcrumbList","@id":"https:\/\/www.barcelonaobertura.com\/ca\/concert\/anne-sophie-mutter-yefim-bronfman-pablo-ferrandez\/#breadcrumb","itemListElement":[{"@type":"ListItem","position":1,"name":"Home","item":"https:\/\/www.barcelonaobertura.com\/ca\/"},{"@type":"ListItem","position":2,"name":"Conciertos","item":"https:\/\/www.barcelonaobertura.com\/ca\/concert\/"},{"@type":"ListItem","position":3,"name":"Anne-Sophie Mutter, Yefim Bronfman &amp; Pablo Ferr\u00e1ndez"}]},{"@type":"WebSite","@id":"https:\/\/www.barcelonaobertura.com\/ca\/#website","url":"https:\/\/www.barcelonaobertura.com\/ca\/","name":"Barcelona Obertura","description":"Come for the music, Stay for the rest","potentialAction":[{"@type":"SearchAction","target":{"@type":"EntryPoint","urlTemplate":"https:\/\/www.barcelonaobertura.com\/ca\/?s={search_term_string}"},"query-input":{"@type":"PropertyValueSpecification","valueRequired":true,"valueName":"search_term_string"}}],"inLanguage":"ca"}]}},"_links":{"self":[{"href":"https:\/\/www.barcelonaobertura.com\/ca\/wp-json\/wp\/v2\/concert\/170419","targetHints":{"allow":["GET"]}}],"collection":[{"href":"https:\/\/www.barcelonaobertura.com\/ca\/wp-json\/wp\/v2\/concert"}],"about":[{"href":"https:\/\/www.barcelonaobertura.com\/ca\/wp-json\/wp\/v2\/types\/concert"}],"wp:featuredmedia":[{"embeddable":true,"href":"https:\/\/www.barcelonaobertura.com\/ca\/wp-json\/wp\/v2\/media\/131777"}],"wp:attachment":[{"href":"https:\/\/www.barcelonaobertura.com\/ca\/wp-json\/wp\/v2\/media?parent=170419"}],"curies":[{"name":"wp","href":"https:\/\/api.w.org\/{rel}","templated":true}]}}

Anne-Sophie Mutter, Yefim Bronfman &amp; Pablo Ferrández

<p><strong>Anne-Sophie Mutter</strong>, <strong>Yefim Bronfman</strong> i <strong>Pablo Ferrández</strong> inauguren la temporada deel Palau amb dues obres que són veritables fites del repertori de cambra. El Trio “Arxiduc” de Beethoven, d’una serenitat majestuosa, obre un espai sonor ple d’equilibri i noblesa. El Trio en Si menor de Txaikovski, escrit en memòria del seu amic Nikolai Rubinstein, irradia emoció i dramatisme en cada compàs. Un concert inaugural que celebra el poder de la música compartida, l’excel·lència interpretativa i l’inici d’un nou viatge artístic al cor del Palau.</p>

<!-- This site is optimized with the Yoast SEO plugin v27.5 - https://yoast.com/product/yoast-seo-wordpress/ -->
<title>Anne-Sophie Mutter, Yefim Bronfman &amp; Pablo Ferrández - Barcelona Obertura</title>
<meta name="description" content="Prepara&#039;t per gaudir de Anne-Sophie Mutter, Yefim Bronfman &amp; Pablo Ferrández . Entra per descobrir els membres del repartiment i el repartori." />
<meta name="robots" content="index, follow, max-snippet:-1, max-image-preview:large, max-video-preview:-1" />
<link rel="canonical" href="https://www.barcelonaobertura.com/ca/concert/anne-sophie-mutter-yefim-bronfman-pablo-ferrandez/" />
<meta property="og:locale" content="ca_ES" />
<meta property="og:type" content="article" />
<meta property="og:title" content="Anne-Sophie Mutter, Yefim Bronfman &amp; Pablo Ferrández - Barcelona Obertura" />
<meta property="og:description" content="Prepara&#039;t per gaudir de Anne-Sophie Mutter, Yefim Bronfman &amp; Pablo Ferrández . Entra per descobrir els membres del repartiment i el repartori." />
<meta property="og:url" content="https://www.barcelonaobertura.com/ca/concert/anne-sophie-mutter-yefim-bronfman-pablo-ferrandez/" />
<meta property="og:site_name" content="Barcelona Obertura" />
<meta property="article:modified_time" content="2025-07-18T08:14:10+00:00" />
<meta property="og:image" content="https://www.barcelonaobertura.com/wp-content/uploads/2025/06/04_Mutter-scaled.jpg" />
	<meta property="og:image:width" content="2560" />
	<meta property="og:image:height" content="2560" />
	<meta property="og:image:type" content="image/jpeg" />
<meta name="twitter:card" content="summary_large_image" />
<meta name="twitter:label1" content="Temps estimat de lectura" />
	<meta name="twitter:data1" content="1 minut" />
<script type="application/ld+json" class="yoast-schema-graph">{"@context":"https:\/\/schema.org","@graph":[{"@type":"WebPage","@id":"https:\/\/www.barcelonaobertura.com\/ca\/concert\/anne-sophie-mutter-yefim-bronfman-pablo-ferrandez\/","url":"https:\/\/www.barcelonaobertura.com\/ca\/concert\/anne-sophie-mutter-yefim-bronfman-pablo-ferrandez\/","name":"Anne-Sophie Mutter, Yefim Bronfman &amp; Pablo Ferrández - Barcelona Obertura","isPartOf":{"@id":"https:\/\/www.barcelonaobertura.com\/ca\/#website"},"primaryImageOfPage":{"@id":"https:\/\/www.barcelonaobertura.com\/ca\/concert\/anne-sophie-mutter-yefim-bronfman-pablo-ferrandez\/#primaryimage"},"image":{"@id":"https:\/\/www.barcelonaobertura.com\/ca\/concert\/anne-sophie-mutter-yefim-bronfman-pablo-ferrandez\/#primaryimage"},"thumbnailUrl":"https:\/\/www.barcelonaobertura.com\/wp-content\/uploads\/2025\/06\/04_Mutter-scaled.jpg","datePublished":"2025-07-11T10:54:07+00:00","dateModified":"2025-07-18T08:14:10+00:00","description":"Prepara't per gaudir de Anne-Sophie Mutter, Yefim Bronfman &amp; Pablo Ferrández . Entra per descobrir els membres del repartiment i el repartori.","breadcrumb":{"@id":"https:\/\/www.barcelonaobertura.com\/ca\/concert\/anne-sophie-mutter-yefim-bronfman-pablo-ferrandez\/#breadcrumb"},"inLanguage":"ca","potentialAction":[{"@type":"ReadAction","target":["https:\/\/www.barcelonaobertura.com\/ca\/concert\/anne-sophie-mutter-yefim-bronfman-pablo-ferrandez\/"]}]},{"@type":"ImageObject","inLanguage":"ca","@id":"https:\/\/www.barcelonaobertura.com\/ca\/concert\/anne-sophie-mutter-yefim-bronfman-pablo-ferrandez\/#primaryimage","url":"https:\/\/www.barcelonaobertura.com\/wp-content\/uploads\/2025\/06\/04_Mutter-scaled.jpg","contentUrl":"https:\/\/www.barcelonaobertura.com\/wp-content\/uploads\/2025\/06\/04_Mutter-scaled.jpg","width":2560,"height":2560},{"@type":"BreadcrumbList","@id":"https:\/\/www.barcelonaobertura.com\/ca\/concert\/anne-sophie-mutter-yefim-bronfman-pablo-ferrandez\/#breadcrumb","itemListElement":[{"@type":"ListItem","position":1,"name":"Home","item":"https:\/\/www.barcelonaobertura.com\/ca\/"},{"@type":"ListItem","position":2,"name":"Conciertos","item":"https:\/\/www.barcelonaobertura.com\/ca\/concert\/"},{"@type":"ListItem","position":3,"name":"Anne-Sophie Mutter, Yefim Bronfman &amp; Pablo Ferrández"}]},{"@type":"WebSite","@id":"https:\/\/www.barcelonaobertura.com\/ca\/#website","url":"https:\/\/www.barcelonaobertura.com\/ca\/","name":"Barcelona Obertura","description":"Come for the music, Stay for the rest","potentialAction":[{"@type":"SearchAction","target":{"@type":"EntryPoint","urlTemplate":"https:\/\/www.barcelonaobertura.com\/ca\/?s={search_term_string}"},"query-input":{"@type":"PropertyValueSpecification","valueRequired":true,"valueName":"search_term_string"}}],"inLanguage":"ca"}]}</script>
<!-- / Yoast SEO plugin. -->

Anne-Sophie Mutter, Yefim Bronfman &amp; Pablo Ferrández - Barcelona Obertura

Prepara't per gaudir de Anne-Sophie Mutter, Yefim Bronfman &amp; Pablo Ferrández . Entra per descobrir els membres del repartiment i el repartori.
