{"id":170672,"date":"2025-09-03T08:03:59","date_gmt":"2025-09-03T08:03:59","guid":{"rendered":"https:\/\/www.barcelonaobertura.com\/concert\/akhnaten-by-philip-glass\/"},"modified":"2025-09-03T08:06:17","modified_gmt":"2025-09-03T08:06:17","slug":"akhnaten-by-philip-glass","status":"publish","type":"concert","link":"https:\/\/www.barcelonaobertura.com\/ca\/concert\/akhnaten-by-philip-glass\/","title":{"rendered":"Akhnaten de Philip Glass"},"content":{"rendered":"\n<p><em>Akhnaten<\/em>\u00a0explica la hist\u00f2ria d\u2019una de les figures m\u00e9s influents del m\u00f3n: el primer fara\u00f3 que va passar d\u2019adorar un pante\u00f3 de d\u00e9us a nom\u00e9s un: va fer de R\u00e2, el Sol, l\u2019\u00fanica divinitat del seu regne. El multipremiat contratenor Anthony Roth Costanzo encarnar\u00e0 el complex paper principal, al costat de Rihab Chaieb com a Nefertiti.\u00a0<\/p>\n\n\n\n<p>Philip Glass, compositor nord-americ\u00e0 molt influent amb un cat\u00e0leg que inclou bandes sonores de pel\u00b7l\u00edcules, m\u00fasica de cambra, m\u00fasica per a dansa, simfonies, peces teatrals i diverses formes d\u2019\u00f2pera, va decidir consagrar una trilogia d\u2019\u00f2peres a grans figures revolucion\u00e0ries de la hist\u00f2ria.\u00a0<\/p>\n\n\n\n<p>Som al davant d\u2019una de les estrenes al territori nacional m\u00e9s destacades de les darreres d\u00e8cades. Una partitura hipn\u00f2tica i una posada en escena sensual plena de m\u00e0gia visual.&nbsp;<\/p>\n\n\n\n<p><\/p>\n","protected":false},"featured_media":170670,"template":"","class_list":["post-170672","concert","type-concert","status-publish","has-post-thumbnail","hentry","concert-venue-liceu-opera-barcelona","concert-season-tardor","concert-year-big-stars-and-philip-glass-ca","play-author-philip-glass"],"acf":[],"yoast_head":"<!-- This site is optimized with the Yoast SEO plugin v27.4 - https:\/\/yoast.com\/product\/yoast-seo-wordpress\/ -->\n<title>Akhnaten de Philip Glass - Barcelona Obertura<\/title>\n<meta name=\"description\" content=\"Prepara&#039;t per gaudir de Akhnaten de Philip Glass . Entra per descobrir els membres del repartiment i el repartori.\" \/>\n<meta name=\"robots\" content=\"index, follow, max-snippet:-1, max-image-preview:large, max-video-preview:-1\" \/>\n<link rel=\"canonical\" href=\"https:\/\/www.barcelonaobertura.com\/ca\/concert\/akhnaten-by-philip-glass\/\" \/>\n<meta property=\"og:locale\" content=\"ca_ES\" \/>\n<meta property=\"og:type\" content=\"article\" \/>\n<meta property=\"og:title\" content=\"Akhnaten de Philip Glass - Barcelona Obertura\" \/>\n<meta property=\"og:description\" content=\"Prepara&#039;t per gaudir de Akhnaten de Philip Glass . Entra per descobrir els membres del repartiment i el repartori.\" \/>\n<meta property=\"og:url\" content=\"https:\/\/www.barcelonaobertura.com\/ca\/concert\/akhnaten-by-philip-glass\/\" \/>\n<meta property=\"og:site_name\" content=\"Barcelona Obertura\" \/>\n<meta property=\"article:modified_time\" content=\"2025-09-03T08:06:17+00:00\" \/>\n<meta property=\"og:image\" content=\"https:\/\/www.barcelonaobertura.com\/wp-content\/uploads\/2025\/09\/06_Akhnaten_003-scaled.jpg\" \/>\n\t<meta property=\"og:image:width\" content=\"2560\" \/>\n\t<meta property=\"og:image:height\" content=\"1952\" \/>\n\t<meta property=\"og:image:type\" content=\"image\/jpeg\" \/>\n<meta name=\"twitter:card\" content=\"summary_large_image\" \/>\n<meta name=\"twitter:label1\" content=\"Temps estimat de lectura\" \/>\n\t<meta name=\"twitter:data1\" content=\"1 minut\" \/>\n<script type=\"application\/ld+json\" class=\"yoast-schema-graph\">{\"@context\":\"https:\\\/\\\/schema.org\",\"@graph\":[{\"@type\":\"WebPage\",\"@id\":\"https:\\\/\\\/www.barcelonaobertura.com\\\/ca\\\/concert\\\/akhnaten-by-philip-glass\\\/\",\"url\":\"https:\\\/\\\/www.barcelonaobertura.com\\\/ca\\\/concert\\\/akhnaten-by-philip-glass\\\/\",\"name\":\"Akhnaten de Philip Glass - Barcelona Obertura\",\"isPartOf\":{\"@id\":\"https:\\\/\\\/www.barcelonaobertura.com\\\/ca\\\/#website\"},\"primaryImageOfPage\":{\"@id\":\"https:\\\/\\\/www.barcelonaobertura.com\\\/ca\\\/concert\\\/akhnaten-by-philip-glass\\\/#primaryimage\"},\"image\":{\"@id\":\"https:\\\/\\\/www.barcelonaobertura.com\\\/ca\\\/concert\\\/akhnaten-by-philip-glass\\\/#primaryimage\"},\"thumbnailUrl\":\"https:\\\/\\\/www.barcelonaobertura.com\\\/wp-content\\\/uploads\\\/2025\\\/09\\\/06_Akhnaten_003-scaled.jpg\",\"datePublished\":\"2025-09-03T08:03:59+00:00\",\"dateModified\":\"2025-09-03T08:06:17+00:00\",\"description\":\"Prepara't per gaudir de Akhnaten de Philip Glass . Entra per descobrir els membres del repartiment i el repartori.\",\"breadcrumb\":{\"@id\":\"https:\\\/\\\/www.barcelonaobertura.com\\\/ca\\\/concert\\\/akhnaten-by-philip-glass\\\/#breadcrumb\"},\"inLanguage\":\"ca\",\"potentialAction\":[{\"@type\":\"ReadAction\",\"target\":[\"https:\\\/\\\/www.barcelonaobertura.com\\\/ca\\\/concert\\\/akhnaten-by-philip-glass\\\/\"]}]},{\"@type\":\"ImageObject\",\"inLanguage\":\"ca\",\"@id\":\"https:\\\/\\\/www.barcelonaobertura.com\\\/ca\\\/concert\\\/akhnaten-by-philip-glass\\\/#primaryimage\",\"url\":\"https:\\\/\\\/www.barcelonaobertura.com\\\/wp-content\\\/uploads\\\/2025\\\/09\\\/06_Akhnaten_003-scaled.jpg\",\"contentUrl\":\"https:\\\/\\\/www.barcelonaobertura.com\\\/wp-content\\\/uploads\\\/2025\\\/09\\\/06_Akhnaten_003-scaled.jpg\",\"width\":2560,\"height\":1952},{\"@type\":\"BreadcrumbList\",\"@id\":\"https:\\\/\\\/www.barcelonaobertura.com\\\/ca\\\/concert\\\/akhnaten-by-philip-glass\\\/#breadcrumb\",\"itemListElement\":[{\"@type\":\"ListItem\",\"position\":1,\"name\":\"Home\",\"item\":\"https:\\\/\\\/www.barcelonaobertura.com\\\/ca\\\/\"},{\"@type\":\"ListItem\",\"position\":2,\"name\":\"Conciertos\",\"item\":\"https:\\\/\\\/www.barcelonaobertura.com\\\/ca\\\/concert\\\/\"},{\"@type\":\"ListItem\",\"position\":3,\"name\":\"Akhnaten de Philip Glass\"}]},{\"@type\":\"WebSite\",\"@id\":\"https:\\\/\\\/www.barcelonaobertura.com\\\/ca\\\/#website\",\"url\":\"https:\\\/\\\/www.barcelonaobertura.com\\\/ca\\\/\",\"name\":\"Barcelona Obertura\",\"description\":\"Come for the music, Stay for the rest\",\"potentialAction\":[{\"@type\":\"SearchAction\",\"target\":{\"@type\":\"EntryPoint\",\"urlTemplate\":\"https:\\\/\\\/www.barcelonaobertura.com\\\/ca\\\/?s={search_term_string}\"},\"query-input\":{\"@type\":\"PropertyValueSpecification\",\"valueRequired\":true,\"valueName\":\"search_term_string\"}}],\"inLanguage\":\"ca\"}]}<\/script>\n<!-- \/ Yoast SEO plugin. -->","yoast_head_json":{"title":"Akhnaten de Philip Glass - Barcelona Obertura","description":"Prepara't per gaudir de Akhnaten de Philip Glass . Entra per descobrir els membres del repartiment i el repartori.","robots":{"index":"index","follow":"follow","max-snippet":"max-snippet:-1","max-image-preview":"max-image-preview:large","max-video-preview":"max-video-preview:-1"},"canonical":"https:\/\/www.barcelonaobertura.com\/ca\/concert\/akhnaten-by-philip-glass\/","og_locale":"ca_ES","og_type":"article","og_title":"Akhnaten de Philip Glass - Barcelona Obertura","og_description":"Prepara't per gaudir de Akhnaten de Philip Glass . Entra per descobrir els membres del repartiment i el repartori.","og_url":"https:\/\/www.barcelonaobertura.com\/ca\/concert\/akhnaten-by-philip-glass\/","og_site_name":"Barcelona Obertura","article_modified_time":"2025-09-03T08:06:17+00:00","og_image":[{"width":2560,"height":1952,"url":"https:\/\/www.barcelonaobertura.com\/wp-content\/uploads\/2025\/09\/06_Akhnaten_003-scaled.jpg","type":"image\/jpeg"}],"twitter_card":"summary_large_image","twitter_misc":{"Temps estimat de lectura":"1 minut"},"schema":{"@context":"https:\/\/schema.org","@graph":[{"@type":"WebPage","@id":"https:\/\/www.barcelonaobertura.com\/ca\/concert\/akhnaten-by-philip-glass\/","url":"https:\/\/www.barcelonaobertura.com\/ca\/concert\/akhnaten-by-philip-glass\/","name":"Akhnaten de Philip Glass - Barcelona Obertura","isPartOf":{"@id":"https:\/\/www.barcelonaobertura.com\/ca\/#website"},"primaryImageOfPage":{"@id":"https:\/\/www.barcelonaobertura.com\/ca\/concert\/akhnaten-by-philip-glass\/#primaryimage"},"image":{"@id":"https:\/\/www.barcelonaobertura.com\/ca\/concert\/akhnaten-by-philip-glass\/#primaryimage"},"thumbnailUrl":"https:\/\/www.barcelonaobertura.com\/wp-content\/uploads\/2025\/09\/06_Akhnaten_003-scaled.jpg","datePublished":"2025-09-03T08:03:59+00:00","dateModified":"2025-09-03T08:06:17+00:00","description":"Prepara't per gaudir de Akhnaten de Philip Glass . Entra per descobrir els membres del repartiment i el repartori.","breadcrumb":{"@id":"https:\/\/www.barcelonaobertura.com\/ca\/concert\/akhnaten-by-philip-glass\/#breadcrumb"},"inLanguage":"ca","potentialAction":[{"@type":"ReadAction","target":["https:\/\/www.barcelonaobertura.com\/ca\/concert\/akhnaten-by-philip-glass\/"]}]},{"@type":"ImageObject","inLanguage":"ca","@id":"https:\/\/www.barcelonaobertura.com\/ca\/concert\/akhnaten-by-philip-glass\/#primaryimage","url":"https:\/\/www.barcelonaobertura.com\/wp-content\/uploads\/2025\/09\/06_Akhnaten_003-scaled.jpg","contentUrl":"https:\/\/www.barcelonaobertura.com\/wp-content\/uploads\/2025\/09\/06_Akhnaten_003-scaled.jpg","width":2560,"height":1952},{"@type":"BreadcrumbList","@id":"https:\/\/www.barcelonaobertura.com\/ca\/concert\/akhnaten-by-philip-glass\/#breadcrumb","itemListElement":[{"@type":"ListItem","position":1,"name":"Home","item":"https:\/\/www.barcelonaobertura.com\/ca\/"},{"@type":"ListItem","position":2,"name":"Conciertos","item":"https:\/\/www.barcelonaobertura.com\/ca\/concert\/"},{"@type":"ListItem","position":3,"name":"Akhnaten de Philip Glass"}]},{"@type":"WebSite","@id":"https:\/\/www.barcelonaobertura.com\/ca\/#website","url":"https:\/\/www.barcelonaobertura.com\/ca\/","name":"Barcelona Obertura","description":"Come for the music, Stay for the rest","potentialAction":[{"@type":"SearchAction","target":{"@type":"EntryPoint","urlTemplate":"https:\/\/www.barcelonaobertura.com\/ca\/?s={search_term_string}"},"query-input":{"@type":"PropertyValueSpecification","valueRequired":true,"valueName":"search_term_string"}}],"inLanguage":"ca"}]}},"_links":{"self":[{"href":"https:\/\/www.barcelonaobertura.com\/ca\/wp-json\/wp\/v2\/concert\/170672","targetHints":{"allow":["GET"]}}],"collection":[{"href":"https:\/\/www.barcelonaobertura.com\/ca\/wp-json\/wp\/v2\/concert"}],"about":[{"href":"https:\/\/www.barcelonaobertura.com\/ca\/wp-json\/wp\/v2\/types\/concert"}],"wp:featuredmedia":[{"embeddable":true,"href":"https:\/\/www.barcelonaobertura.com\/ca\/wp-json\/wp\/v2\/media\/170670"}],"wp:attachment":[{"href":"https:\/\/www.barcelonaobertura.com\/ca\/wp-json\/wp\/v2\/media?parent=170672"}],"curies":[{"name":"wp","href":"https:\/\/api.w.org\/{rel}","templated":true}]}}

<p><em>Akhnaten</em> explica la història d’una de les figures més influents del món: el primer faraó que va passar d’adorar un panteó de déus a només un: va fer de Râ, el Sol, l’única divinitat del seu regne. El multipremiat contratenor Anthony Roth Costanzo encarnarà el complex paper principal, al costat de Rihab Chaieb com a Nefertiti. </p>



<p>Philip Glass, compositor nord-americà molt influent amb un catàleg que inclou bandes sonores de pel·lícules, música de cambra, música per a dansa, simfonies, peces teatrals i diverses formes d’òpera, va decidir consagrar una trilogia d’òperes a grans figures revolucionàries de la història. </p>



<p>Som al davant d’una de les estrenes al territori nacional més destacades de les darreres dècades. Una partitura hipnòtica i una posada en escena sensual plena de màgia visual.&nbsp;</p>



<p></p>
