{"id":1945,"date":"2022-08-02T11:27:25","date_gmt":"2022-08-02T11:27:25","guid":{"rendered":"http:\/\/barcelonaobertura.lamagnetica.net\/concert\/andre-schuen-orquestra-de-la-comunitat-valenciana-sulkowska-migon\/"},"modified":"2022-09-21T11:00:02","modified_gmt":"2022-09-21T11:00:02","slug":"andre-schuen-orquestra-de-la-comunitat-valenciana-sulkowska-migon","status":"publish","type":"concert","link":"https:\/\/www.barcelonaobertura.com\/ca\/concert\/andre-schuen-orquestra-de-la-comunitat-valenciana-sulkowska-migon\/","title":{"rendered":"Andr\u00e9 Schuen, Ensemble de l&#8217;Orquestra de la Comunitat Valenciana &#038; Sulkowska-Migon"},"content":{"rendered":"\n<p>Andr\u00e8 Schuen \u00e9s el bar\u00edton liederista mahleri\u00e0 m\u00e9s rellevant de la seva generaci\u00f3. Ha fet t\u00e0ndem amb Daniel Heide, Gerold Huber i Andreas Haefliger, i ha participat en produccions dirigides per Simon Rattle i Riccardo Muti.&nbsp;<\/p>\n\n\n\n<p>Una oportunitat per gaudir <em>d\u2019El corn m\u00e0gic de la joventut<\/em>, el cicle de can\u00e7ons de Mahler que representa la llavor de les seves primeres simfonies.&nbsp;<\/p>\n\n\n\n<p>El debut al Palau de la jove directora polonesa Anna Sulkowska-Mig\u00f3n, recent guanyadora del concurs de direcci\u00f3 La Maestra.<\/p>\n","protected":false},"featured_media":4628,"template":"","class_list":["post-1945","concert","type-concert","status-publish","has-post-thumbnail","hentry","concert-venue-palau-de-la-musica-catalana","concert-season-tardor","concert-year-mahlers-momentum","play-author-gustav-mahler"],"acf":[],"yoast_head":"<!-- This site is optimized with the Yoast SEO plugin v27.5 - https:\/\/yoast.com\/product\/yoast-seo-wordpress\/ -->\n<title>Andr\u00e9 Schuen, Ensemble de l&#039;Orquestra de la Comunitat Valenciana &amp; Sulkowska-Migon - Barcelona Obertura<\/title>\n<meta name=\"description\" content=\"Prepara&#039;t per gaudir de Andr\u00e9 Schuen, Ensemble de l&#039;Orquestra de la Comunitat Valenciana &amp; Sulkowska-Migon . Entra per descobrir els membres del repartiment i el repartori.\" \/>\n<meta name=\"robots\" content=\"index, follow, max-snippet:-1, max-image-preview:large, max-video-preview:-1\" \/>\n<link rel=\"canonical\" href=\"https:\/\/www.barcelonaobertura.com\/ca\/concert\/andre-schuen-orquestra-de-la-comunitat-valenciana-sulkowska-migon\/\" \/>\n<meta property=\"og:locale\" content=\"ca_ES\" \/>\n<meta property=\"og:type\" content=\"article\" \/>\n<meta property=\"og:title\" content=\"Andr\u00e9 Schuen, Ensemble de l&#039;Orquestra de la Comunitat Valenciana &amp; Sulkowska-Migon - Barcelona Obertura\" \/>\n<meta property=\"og:description\" content=\"Prepara&#039;t per gaudir de Andr\u00e9 Schuen, Ensemble de l&#039;Orquestra de la Comunitat Valenciana &amp; Sulkowska-Migon . Entra per descobrir els membres del repartiment i el repartori.\" \/>\n<meta property=\"og:url\" content=\"https:\/\/www.barcelonaobertura.com\/ca\/concert\/andre-schuen-orquestra-de-la-comunitat-valenciana-sulkowska-migon\/\" \/>\n<meta property=\"og:site_name\" content=\"Barcelona Obertura\" \/>\n<meta property=\"article:modified_time\" content=\"2022-09-21T11:00:02+00:00\" \/>\n<meta property=\"og:image\" content=\"https:\/\/www.barcelonaobertura.com\/wp-content\/uploads\/2022\/08\/5_Andre_Schuen-1.jpg\" \/>\n\t<meta property=\"og:image:width\" content=\"1280\" \/>\n\t<meta property=\"og:image:height\" content=\"718\" \/>\n\t<meta property=\"og:image:type\" content=\"image\/jpeg\" \/>\n<meta name=\"twitter:card\" content=\"summary_large_image\" \/>\n<meta name=\"twitter:label1\" content=\"Temps estimat de lectura\" \/>\n\t<meta name=\"twitter:data1\" content=\"1 minut\" \/>\n<script type=\"application\/ld+json\" class=\"yoast-schema-graph\">{\"@context\":\"https:\\\/\\\/schema.org\",\"@graph\":[{\"@type\":\"WebPage\",\"@id\":\"https:\\\/\\\/www.barcelonaobertura.com\\\/ca\\\/concert\\\/andre-schuen-orquestra-de-la-comunitat-valenciana-sulkowska-migon\\\/\",\"url\":\"https:\\\/\\\/www.barcelonaobertura.com\\\/ca\\\/concert\\\/andre-schuen-orquestra-de-la-comunitat-valenciana-sulkowska-migon\\\/\",\"name\":\"Andr\u00e9 Schuen, Ensemble de l'Orquestra de la Comunitat Valenciana & Sulkowska-Migon - Barcelona Obertura\",\"isPartOf\":{\"@id\":\"https:\\\/\\\/www.barcelonaobertura.com\\\/ca\\\/#website\"},\"primaryImageOfPage\":{\"@id\":\"https:\\\/\\\/www.barcelonaobertura.com\\\/ca\\\/concert\\\/andre-schuen-orquestra-de-la-comunitat-valenciana-sulkowska-migon\\\/#primaryimage\"},\"image\":{\"@id\":\"https:\\\/\\\/www.barcelonaobertura.com\\\/ca\\\/concert\\\/andre-schuen-orquestra-de-la-comunitat-valenciana-sulkowska-migon\\\/#primaryimage\"},\"thumbnailUrl\":\"https:\\\/\\\/www.barcelonaobertura.com\\\/wp-content\\\/uploads\\\/2022\\\/08\\\/5_Andre_Schuen-1.jpg\",\"datePublished\":\"2022-08-02T11:27:25+00:00\",\"dateModified\":\"2022-09-21T11:00:02+00:00\",\"description\":\"Prepara't per gaudir de Andr\u00e9 Schuen, Ensemble de l'Orquestra de la Comunitat Valenciana & Sulkowska-Migon . Entra per descobrir els membres del repartiment i el repartori.\",\"breadcrumb\":{\"@id\":\"https:\\\/\\\/www.barcelonaobertura.com\\\/ca\\\/concert\\\/andre-schuen-orquestra-de-la-comunitat-valenciana-sulkowska-migon\\\/#breadcrumb\"},\"inLanguage\":\"ca\",\"potentialAction\":[{\"@type\":\"ReadAction\",\"target\":[\"https:\\\/\\\/www.barcelonaobertura.com\\\/ca\\\/concert\\\/andre-schuen-orquestra-de-la-comunitat-valenciana-sulkowska-migon\\\/\"]}]},{\"@type\":\"ImageObject\",\"inLanguage\":\"ca\",\"@id\":\"https:\\\/\\\/www.barcelonaobertura.com\\\/ca\\\/concert\\\/andre-schuen-orquestra-de-la-comunitat-valenciana-sulkowska-migon\\\/#primaryimage\",\"url\":\"https:\\\/\\\/www.barcelonaobertura.com\\\/wp-content\\\/uploads\\\/2022\\\/08\\\/5_Andre_Schuen-1.jpg\",\"contentUrl\":\"https:\\\/\\\/www.barcelonaobertura.com\\\/wp-content\\\/uploads\\\/2022\\\/08\\\/5_Andre_Schuen-1.jpg\",\"width\":1280,\"height\":718,\"caption\":\"5_Andre_Schuen\"},{\"@type\":\"BreadcrumbList\",\"@id\":\"https:\\\/\\\/www.barcelonaobertura.com\\\/ca\\\/concert\\\/andre-schuen-orquestra-de-la-comunitat-valenciana-sulkowska-migon\\\/#breadcrumb\",\"itemListElement\":[{\"@type\":\"ListItem\",\"position\":1,\"name\":\"Home\",\"item\":\"https:\\\/\\\/www.barcelonaobertura.com\\\/ca\\\/\"},{\"@type\":\"ListItem\",\"position\":2,\"name\":\"Conciertos\",\"item\":\"https:\\\/\\\/www.barcelonaobertura.com\\\/ca\\\/concert\\\/\"},{\"@type\":\"ListItem\",\"position\":3,\"name\":\"Andr\u00e9 Schuen, Ensemble de l&#8217;Orquestra de la Comunitat Valenciana &#038; Sulkowska-Migon\"}]},{\"@type\":\"WebSite\",\"@id\":\"https:\\\/\\\/www.barcelonaobertura.com\\\/ca\\\/#website\",\"url\":\"https:\\\/\\\/www.barcelonaobertura.com\\\/ca\\\/\",\"name\":\"Barcelona Obertura\",\"description\":\"Come for the music, Stay for the rest\",\"potentialAction\":[{\"@type\":\"SearchAction\",\"target\":{\"@type\":\"EntryPoint\",\"urlTemplate\":\"https:\\\/\\\/www.barcelonaobertura.com\\\/ca\\\/?s={search_term_string}\"},\"query-input\":{\"@type\":\"PropertyValueSpecification\",\"valueRequired\":true,\"valueName\":\"search_term_string\"}}],\"inLanguage\":\"ca\"}]}<\/script>\n<!-- \/ Yoast SEO plugin. -->","yoast_head_json":{"title":"Andr\u00e9 Schuen, Ensemble de l'Orquestra de la Comunitat Valenciana & Sulkowska-Migon - Barcelona Obertura","description":"Prepara't per gaudir de Andr\u00e9 Schuen, Ensemble de l'Orquestra de la Comunitat Valenciana & Sulkowska-Migon . Entra per descobrir els membres del repartiment i el repartori.","robots":{"index":"index","follow":"follow","max-snippet":"max-snippet:-1","max-image-preview":"max-image-preview:large","max-video-preview":"max-video-preview:-1"},"canonical":"https:\/\/www.barcelonaobertura.com\/ca\/concert\/andre-schuen-orquestra-de-la-comunitat-valenciana-sulkowska-migon\/","og_locale":"ca_ES","og_type":"article","og_title":"Andr\u00e9 Schuen, Ensemble de l'Orquestra de la Comunitat Valenciana & Sulkowska-Migon - Barcelona Obertura","og_description":"Prepara't per gaudir de Andr\u00e9 Schuen, Ensemble de l'Orquestra de la Comunitat Valenciana & Sulkowska-Migon . Entra per descobrir els membres del repartiment i el repartori.","og_url":"https:\/\/www.barcelonaobertura.com\/ca\/concert\/andre-schuen-orquestra-de-la-comunitat-valenciana-sulkowska-migon\/","og_site_name":"Barcelona Obertura","article_modified_time":"2022-09-21T11:00:02+00:00","og_image":[{"width":1280,"height":718,"url":"https:\/\/www.barcelonaobertura.com\/wp-content\/uploads\/2022\/08\/5_Andre_Schuen-1.jpg","type":"image\/jpeg"}],"twitter_card":"summary_large_image","twitter_misc":{"Temps estimat de lectura":"1 minut"},"schema":{"@context":"https:\/\/schema.org","@graph":[{"@type":"WebPage","@id":"https:\/\/www.barcelonaobertura.com\/ca\/concert\/andre-schuen-orquestra-de-la-comunitat-valenciana-sulkowska-migon\/","url":"https:\/\/www.barcelonaobertura.com\/ca\/concert\/andre-schuen-orquestra-de-la-comunitat-valenciana-sulkowska-migon\/","name":"Andr\u00e9 Schuen, Ensemble de l'Orquestra de la Comunitat Valenciana & Sulkowska-Migon - Barcelona Obertura","isPartOf":{"@id":"https:\/\/www.barcelonaobertura.com\/ca\/#website"},"primaryImageOfPage":{"@id":"https:\/\/www.barcelonaobertura.com\/ca\/concert\/andre-schuen-orquestra-de-la-comunitat-valenciana-sulkowska-migon\/#primaryimage"},"image":{"@id":"https:\/\/www.barcelonaobertura.com\/ca\/concert\/andre-schuen-orquestra-de-la-comunitat-valenciana-sulkowska-migon\/#primaryimage"},"thumbnailUrl":"https:\/\/www.barcelonaobertura.com\/wp-content\/uploads\/2022\/08\/5_Andre_Schuen-1.jpg","datePublished":"2022-08-02T11:27:25+00:00","dateModified":"2022-09-21T11:00:02+00:00","description":"Prepara't per gaudir de Andr\u00e9 Schuen, Ensemble de l'Orquestra de la Comunitat Valenciana & Sulkowska-Migon . Entra per descobrir els membres del repartiment i el repartori.","breadcrumb":{"@id":"https:\/\/www.barcelonaobertura.com\/ca\/concert\/andre-schuen-orquestra-de-la-comunitat-valenciana-sulkowska-migon\/#breadcrumb"},"inLanguage":"ca","potentialAction":[{"@type":"ReadAction","target":["https:\/\/www.barcelonaobertura.com\/ca\/concert\/andre-schuen-orquestra-de-la-comunitat-valenciana-sulkowska-migon\/"]}]},{"@type":"ImageObject","inLanguage":"ca","@id":"https:\/\/www.barcelonaobertura.com\/ca\/concert\/andre-schuen-orquestra-de-la-comunitat-valenciana-sulkowska-migon\/#primaryimage","url":"https:\/\/www.barcelonaobertura.com\/wp-content\/uploads\/2022\/08\/5_Andre_Schuen-1.jpg","contentUrl":"https:\/\/www.barcelonaobertura.com\/wp-content\/uploads\/2022\/08\/5_Andre_Schuen-1.jpg","width":1280,"height":718,"caption":"5_Andre_Schuen"},{"@type":"BreadcrumbList","@id":"https:\/\/www.barcelonaobertura.com\/ca\/concert\/andre-schuen-orquestra-de-la-comunitat-valenciana-sulkowska-migon\/#breadcrumb","itemListElement":[{"@type":"ListItem","position":1,"name":"Home","item":"https:\/\/www.barcelonaobertura.com\/ca\/"},{"@type":"ListItem","position":2,"name":"Conciertos","item":"https:\/\/www.barcelonaobertura.com\/ca\/concert\/"},{"@type":"ListItem","position":3,"name":"Andr\u00e9 Schuen, Ensemble de l&#8217;Orquestra de la Comunitat Valenciana &#038; Sulkowska-Migon"}]},{"@type":"WebSite","@id":"https:\/\/www.barcelonaobertura.com\/ca\/#website","url":"https:\/\/www.barcelonaobertura.com\/ca\/","name":"Barcelona Obertura","description":"Come for the music, Stay for the rest","potentialAction":[{"@type":"SearchAction","target":{"@type":"EntryPoint","urlTemplate":"https:\/\/www.barcelonaobertura.com\/ca\/?s={search_term_string}"},"query-input":{"@type":"PropertyValueSpecification","valueRequired":true,"valueName":"search_term_string"}}],"inLanguage":"ca"}]}},"_links":{"self":[{"href":"https:\/\/www.barcelonaobertura.com\/ca\/wp-json\/wp\/v2\/concert\/1945","targetHints":{"allow":["GET"]}}],"collection":[{"href":"https:\/\/www.barcelonaobertura.com\/ca\/wp-json\/wp\/v2\/concert"}],"about":[{"href":"https:\/\/www.barcelonaobertura.com\/ca\/wp-json\/wp\/v2\/types\/concert"}],"wp:featuredmedia":[{"embeddable":true,"href":"https:\/\/www.barcelonaobertura.com\/ca\/wp-json\/wp\/v2\/media\/4628"}],"wp:attachment":[{"href":"https:\/\/www.barcelonaobertura.com\/ca\/wp-json\/wp\/v2\/media?parent=1945"}],"curies":[{"name":"wp","href":"https:\/\/api.w.org\/{rel}","templated":true}]}}

André Schuen, Ensemble de l&#8217;Orquestra de la Comunitat Valenciana &#038; Sulkowska-Migon

<p>Andrè Schuen és el baríton liederista mahlerià més rellevant de la seva generació. Ha fet tàndem amb Daniel Heide, Gerold Huber i Andreas Haefliger, i ha participat en produccions dirigides per Simon Rattle i Riccardo Muti.&nbsp;</p>



<p>Una oportunitat per gaudir <em>d’El corn màgic de la joventut</em>, el cicle de cançons de Mahler que representa la llavor de les seves primeres simfonies.&nbsp;</p>



<p>El debut al Palau de la jove directora polonesa Anna Sulkowska-Migón, recent guanyadora del concurs de direcció La Maestra.</p>

<!-- This site is optimized with the Yoast SEO plugin v27.5 - https://yoast.com/product/yoast-seo-wordpress/ -->
<title>André Schuen, Ensemble de l&#039;Orquestra de la Comunitat Valenciana &amp; Sulkowska-Migon - Barcelona Obertura</title>
<meta name="description" content="Prepara&#039;t per gaudir de André Schuen, Ensemble de l&#039;Orquestra de la Comunitat Valenciana &amp; Sulkowska-Migon . Entra per descobrir els membres del repartiment i el repartori." />
<meta name="robots" content="index, follow, max-snippet:-1, max-image-preview:large, max-video-preview:-1" />
<link rel="canonical" href="https://www.barcelonaobertura.com/ca/concert/andre-schuen-orquestra-de-la-comunitat-valenciana-sulkowska-migon/" />
<meta property="og:locale" content="ca_ES" />
<meta property="og:type" content="article" />
<meta property="og:title" content="André Schuen, Ensemble de l&#039;Orquestra de la Comunitat Valenciana &amp; Sulkowska-Migon - Barcelona Obertura" />
<meta property="og:description" content="Prepara&#039;t per gaudir de André Schuen, Ensemble de l&#039;Orquestra de la Comunitat Valenciana &amp; Sulkowska-Migon . Entra per descobrir els membres del repartiment i el repartori." />
<meta property="og:url" content="https://www.barcelonaobertura.com/ca/concert/andre-schuen-orquestra-de-la-comunitat-valenciana-sulkowska-migon/" />
<meta property="og:site_name" content="Barcelona Obertura" />
<meta property="article:modified_time" content="2022-09-21T11:00:02+00:00" />
<meta property="og:image" content="https://www.barcelonaobertura.com/wp-content/uploads/2022/08/5_Andre_Schuen-1.jpg" />
	<meta property="og:image:width" content="1280" />
	<meta property="og:image:height" content="718" />
	<meta property="og:image:type" content="image/jpeg" />
<meta name="twitter:card" content="summary_large_image" />
<meta name="twitter:label1" content="Temps estimat de lectura" />
	<meta name="twitter:data1" content="1 minut" />
<script type="application/ld+json" class="yoast-schema-graph">{"@context":"https:\/\/schema.org","@graph":[{"@type":"WebPage","@id":"https:\/\/www.barcelonaobertura.com\/ca\/concert\/andre-schuen-orquestra-de-la-comunitat-valenciana-sulkowska-migon\/","url":"https:\/\/www.barcelonaobertura.com\/ca\/concert\/andre-schuen-orquestra-de-la-comunitat-valenciana-sulkowska-migon\/","name":"André Schuen, Ensemble de l'Orquestra de la Comunitat Valenciana & Sulkowska-Migon - Barcelona Obertura","isPartOf":{"@id":"https:\/\/www.barcelonaobertura.com\/ca\/#website"},"primaryImageOfPage":{"@id":"https:\/\/www.barcelonaobertura.com\/ca\/concert\/andre-schuen-orquestra-de-la-comunitat-valenciana-sulkowska-migon\/#primaryimage"},"image":{"@id":"https:\/\/www.barcelonaobertura.com\/ca\/concert\/andre-schuen-orquestra-de-la-comunitat-valenciana-sulkowska-migon\/#primaryimage"},"thumbnailUrl":"https:\/\/www.barcelonaobertura.com\/wp-content\/uploads\/2022\/08\/5_Andre_Schuen-1.jpg","datePublished":"2022-08-02T11:27:25+00:00","dateModified":"2022-09-21T11:00:02+00:00","description":"Prepara't per gaudir de André Schuen, Ensemble de l'Orquestra de la Comunitat Valenciana & Sulkowska-Migon . Entra per descobrir els membres del repartiment i el repartori.","breadcrumb":{"@id":"https:\/\/www.barcelonaobertura.com\/ca\/concert\/andre-schuen-orquestra-de-la-comunitat-valenciana-sulkowska-migon\/#breadcrumb"},"inLanguage":"ca","potentialAction":[{"@type":"ReadAction","target":["https:\/\/www.barcelonaobertura.com\/ca\/concert\/andre-schuen-orquestra-de-la-comunitat-valenciana-sulkowska-migon\/"]}]},{"@type":"ImageObject","inLanguage":"ca","@id":"https:\/\/www.barcelonaobertura.com\/ca\/concert\/andre-schuen-orquestra-de-la-comunitat-valenciana-sulkowska-migon\/#primaryimage","url":"https:\/\/www.barcelonaobertura.com\/wp-content\/uploads\/2022\/08\/5_Andre_Schuen-1.jpg","contentUrl":"https:\/\/www.barcelonaobertura.com\/wp-content\/uploads\/2022\/08\/5_Andre_Schuen-1.jpg","width":1280,"height":718,"caption":"5_Andre_Schuen"},{"@type":"BreadcrumbList","@id":"https:\/\/www.barcelonaobertura.com\/ca\/concert\/andre-schuen-orquestra-de-la-comunitat-valenciana-sulkowska-migon\/#breadcrumb","itemListElement":[{"@type":"ListItem","position":1,"name":"Home","item":"https:\/\/www.barcelonaobertura.com\/ca\/"},{"@type":"ListItem","position":2,"name":"Conciertos","item":"https:\/\/www.barcelonaobertura.com\/ca\/concert\/"},{"@type":"ListItem","position":3,"name":"André Schuen, Ensemble de l&#8217;Orquestra de la Comunitat Valenciana &#038; Sulkowska-Migon"}]},{"@type":"WebSite","@id":"https:\/\/www.barcelonaobertura.com\/ca\/#website","url":"https:\/\/www.barcelonaobertura.com\/ca\/","name":"Barcelona Obertura","description":"Come for the music, Stay for the rest","potentialAction":[{"@type":"SearchAction","target":{"@type":"EntryPoint","urlTemplate":"https:\/\/www.barcelonaobertura.com\/ca\/?s={search_term_string}"},"query-input":{"@type":"PropertyValueSpecification","valueRequired":true,"valueName":"search_term_string"}}],"inLanguage":"ca"}]}</script>
<!-- / Yoast SEO plugin. -->

André Schuen, Ensemble de l'Orquestra de la Comunitat Valenciana & Sulkowska-Migon - Barcelona Obertura

Prepara't per gaudir de André Schuen, Ensemble de l'Orquestra de la Comunitat Valenciana & Sulkowska-Migon . Entra per descobrir els membres del repartiment i el repartori.
