{"id":2036,"date":"2022-08-02T11:53:54","date_gmt":"2022-08-02T11:53:54","guid":{"rendered":"http:\/\/barcelonaobertura.lamagnetica.net\/concert\/winterreise-with-antonio-lopez\/"},"modified":"2022-09-22T07:02:09","modified_gmt":"2022-09-22T07:02:09","slug":"winterreise-with-antonio-lopez","status":"publish","type":"concert","link":"https:\/\/www.barcelonaobertura.com\/ca\/concert\/winterreise-with-antonio-lopez\/","title":{"rendered":"Winterreise with Antonio L\u00f3pez"},"content":{"rendered":"\n<p>Antonio L\u00f3pez, el pintor, escultor i gravador de Tomelloso, ha estat convidat pel Liceu a participar en la que representa la seva primera proposta esc\u00e8nica. L\u2019artista, amb uns codis molt personals, retrata el pas del temps, l\u2019\u00e9sser hum\u00e0 i el seu entorn, les natures mortes, la inf\u00e0ncia, etc. des dels seus inicis.<\/p>\n\n\n\n<p>En el m\u00f3n ple de ferides que planteja el <em>Winterreise<\/em>, Antonio L\u00f3pez posar\u00e0 en di\u00e0leg la seva obra amb la m\u00fasica de Schubert. Considerat el testament espiritual del compositor, \u00e9s un dels cicles de <em>lieder<\/em> m\u00e9s importants de la hist\u00f2ria de la m\u00fasica i un aut\u00e8ntic Everest per als seus int\u00e8rprets.D\u2019una bellesa inquietant, el <em>Winterreise <\/em>\u00e9s una invitaci\u00f3 a la melancolia profunda, els episodis del qual marquen un viatge desesperat d\u2019un home tra\u00eft. Una immersi\u00f3 en l\u2019univers po\u00e8tic de Schubert amb Antonio L\u00f3pez com a guia de luxe on el p\u00fablic \u00e9s condu\u00eft fins a l\u2019abisme d\u2019aquest viatge interior.<\/p>\n","protected":false},"featured_media":869,"template":"","class_list":["post-2036","concert","type-concert","status-publish","has-post-thumbnail","hentry","concert-venue-liceu-opera-barcelona-la-model-prison","concert-season-primavera","concert-year-barcelona-obertura-spring-festival","play-author-franz-schubert"],"acf":[],"yoast_head":"<!-- This site is optimized with the Yoast SEO plugin v27.5 - https:\/\/yoast.com\/product\/yoast-seo-wordpress\/ -->\n<title>Winterreise with Antonio L\u00f3pez - Barcelona Obertura<\/title>\n<meta name=\"description\" content=\"Prepara&#039;t per gaudir de Winterreise with Antonio L\u00f3pez . Entra per descobrir els membres del repartiment i el repartori.\" \/>\n<meta name=\"robots\" content=\"index, follow, max-snippet:-1, max-image-preview:large, max-video-preview:-1\" \/>\n<link rel=\"canonical\" href=\"https:\/\/www.barcelonaobertura.com\/ca\/concert\/winterreise-with-antonio-lopez\/\" \/>\n<meta property=\"og:locale\" content=\"ca_ES\" \/>\n<meta property=\"og:type\" content=\"article\" \/>\n<meta property=\"og:title\" content=\"Winterreise with Antonio L\u00f3pez - Barcelona Obertura\" \/>\n<meta property=\"og:description\" content=\"Prepara&#039;t per gaudir de Winterreise with Antonio L\u00f3pez . Entra per descobrir els membres del repartiment i el repartori.\" \/>\n<meta property=\"og:url\" content=\"https:\/\/www.barcelonaobertura.com\/ca\/concert\/winterreise-with-antonio-lopez\/\" \/>\n<meta property=\"og:site_name\" content=\"Barcelona Obertura\" \/>\n<meta property=\"article:modified_time\" content=\"2022-09-22T07:02:09+00:00\" \/>\n<meta property=\"og:image\" content=\"https:\/\/www.barcelonaobertura.com\/wp-content\/uploads\/2022\/07\/31_Antonio-Lopez.jpg\" \/>\n\t<meta property=\"og:image:width\" content=\"1280\" \/>\n\t<meta property=\"og:image:height\" content=\"853\" \/>\n\t<meta property=\"og:image:type\" content=\"image\/jpeg\" \/>\n<meta name=\"twitter:card\" content=\"summary_large_image\" \/>\n<meta name=\"twitter:label1\" content=\"Temps estimat de lectura\" \/>\n\t<meta name=\"twitter:data1\" content=\"1 minut\" \/>\n<script type=\"application\/ld+json\" class=\"yoast-schema-graph\">{\"@context\":\"https:\\\/\\\/schema.org\",\"@graph\":[{\"@type\":\"WebPage\",\"@id\":\"https:\\\/\\\/www.barcelonaobertura.com\\\/ca\\\/concert\\\/winterreise-with-antonio-lopez\\\/\",\"url\":\"https:\\\/\\\/www.barcelonaobertura.com\\\/ca\\\/concert\\\/winterreise-with-antonio-lopez\\\/\",\"name\":\"Winterreise with Antonio L\u00f3pez - Barcelona Obertura\",\"isPartOf\":{\"@id\":\"https:\\\/\\\/www.barcelonaobertura.com\\\/ca\\\/#website\"},\"primaryImageOfPage\":{\"@id\":\"https:\\\/\\\/www.barcelonaobertura.com\\\/ca\\\/concert\\\/winterreise-with-antonio-lopez\\\/#primaryimage\"},\"image\":{\"@id\":\"https:\\\/\\\/www.barcelonaobertura.com\\\/ca\\\/concert\\\/winterreise-with-antonio-lopez\\\/#primaryimage\"},\"thumbnailUrl\":\"https:\\\/\\\/www.barcelonaobertura.com\\\/wp-content\\\/uploads\\\/2022\\\/07\\\/31_Antonio-Lopez.jpg\",\"datePublished\":\"2022-08-02T11:53:54+00:00\",\"dateModified\":\"2022-09-22T07:02:09+00:00\",\"description\":\"Prepara't per gaudir de Winterreise with Antonio L\u00f3pez . Entra per descobrir els membres del repartiment i el repartori.\",\"breadcrumb\":{\"@id\":\"https:\\\/\\\/www.barcelonaobertura.com\\\/ca\\\/concert\\\/winterreise-with-antonio-lopez\\\/#breadcrumb\"},\"inLanguage\":\"ca\",\"potentialAction\":[{\"@type\":\"ReadAction\",\"target\":[\"https:\\\/\\\/www.barcelonaobertura.com\\\/ca\\\/concert\\\/winterreise-with-antonio-lopez\\\/\"]}]},{\"@type\":\"ImageObject\",\"inLanguage\":\"ca\",\"@id\":\"https:\\\/\\\/www.barcelonaobertura.com\\\/ca\\\/concert\\\/winterreise-with-antonio-lopez\\\/#primaryimage\",\"url\":\"https:\\\/\\\/www.barcelonaobertura.com\\\/wp-content\\\/uploads\\\/2022\\\/07\\\/31_Antonio-Lopez.jpg\",\"contentUrl\":\"https:\\\/\\\/www.barcelonaobertura.com\\\/wp-content\\\/uploads\\\/2022\\\/07\\\/31_Antonio-Lopez.jpg\",\"width\":1280,\"height\":853},{\"@type\":\"BreadcrumbList\",\"@id\":\"https:\\\/\\\/www.barcelonaobertura.com\\\/ca\\\/concert\\\/winterreise-with-antonio-lopez\\\/#breadcrumb\",\"itemListElement\":[{\"@type\":\"ListItem\",\"position\":1,\"name\":\"Home\",\"item\":\"https:\\\/\\\/www.barcelonaobertura.com\\\/ca\\\/\"},{\"@type\":\"ListItem\",\"position\":2,\"name\":\"Conciertos\",\"item\":\"https:\\\/\\\/www.barcelonaobertura.com\\\/ca\\\/concert\\\/\"},{\"@type\":\"ListItem\",\"position\":3,\"name\":\"Winterreise with Antonio L\u00f3pez\"}]},{\"@type\":\"WebSite\",\"@id\":\"https:\\\/\\\/www.barcelonaobertura.com\\\/ca\\\/#website\",\"url\":\"https:\\\/\\\/www.barcelonaobertura.com\\\/ca\\\/\",\"name\":\"Barcelona Obertura\",\"description\":\"Come for the music, Stay for the rest\",\"potentialAction\":[{\"@type\":\"SearchAction\",\"target\":{\"@type\":\"EntryPoint\",\"urlTemplate\":\"https:\\\/\\\/www.barcelonaobertura.com\\\/ca\\\/?s={search_term_string}\"},\"query-input\":{\"@type\":\"PropertyValueSpecification\",\"valueRequired\":true,\"valueName\":\"search_term_string\"}}],\"inLanguage\":\"ca\"}]}<\/script>\n<!-- \/ Yoast SEO plugin. -->","yoast_head_json":{"title":"Winterreise with Antonio L\u00f3pez - Barcelona Obertura","description":"Prepara't per gaudir de Winterreise with Antonio L\u00f3pez . Entra per descobrir els membres del repartiment i el repartori.","robots":{"index":"index","follow":"follow","max-snippet":"max-snippet:-1","max-image-preview":"max-image-preview:large","max-video-preview":"max-video-preview:-1"},"canonical":"https:\/\/www.barcelonaobertura.com\/ca\/concert\/winterreise-with-antonio-lopez\/","og_locale":"ca_ES","og_type":"article","og_title":"Winterreise with Antonio L\u00f3pez - Barcelona Obertura","og_description":"Prepara't per gaudir de Winterreise with Antonio L\u00f3pez . Entra per descobrir els membres del repartiment i el repartori.","og_url":"https:\/\/www.barcelonaobertura.com\/ca\/concert\/winterreise-with-antonio-lopez\/","og_site_name":"Barcelona Obertura","article_modified_time":"2022-09-22T07:02:09+00:00","og_image":[{"width":1280,"height":853,"url":"https:\/\/www.barcelonaobertura.com\/wp-content\/uploads\/2022\/07\/31_Antonio-Lopez.jpg","type":"image\/jpeg"}],"twitter_card":"summary_large_image","twitter_misc":{"Temps estimat de lectura":"1 minut"},"schema":{"@context":"https:\/\/schema.org","@graph":[{"@type":"WebPage","@id":"https:\/\/www.barcelonaobertura.com\/ca\/concert\/winterreise-with-antonio-lopez\/","url":"https:\/\/www.barcelonaobertura.com\/ca\/concert\/winterreise-with-antonio-lopez\/","name":"Winterreise with Antonio L\u00f3pez - Barcelona Obertura","isPartOf":{"@id":"https:\/\/www.barcelonaobertura.com\/ca\/#website"},"primaryImageOfPage":{"@id":"https:\/\/www.barcelonaobertura.com\/ca\/concert\/winterreise-with-antonio-lopez\/#primaryimage"},"image":{"@id":"https:\/\/www.barcelonaobertura.com\/ca\/concert\/winterreise-with-antonio-lopez\/#primaryimage"},"thumbnailUrl":"https:\/\/www.barcelonaobertura.com\/wp-content\/uploads\/2022\/07\/31_Antonio-Lopez.jpg","datePublished":"2022-08-02T11:53:54+00:00","dateModified":"2022-09-22T07:02:09+00:00","description":"Prepara't per gaudir de Winterreise with Antonio L\u00f3pez . Entra per descobrir els membres del repartiment i el repartori.","breadcrumb":{"@id":"https:\/\/www.barcelonaobertura.com\/ca\/concert\/winterreise-with-antonio-lopez\/#breadcrumb"},"inLanguage":"ca","potentialAction":[{"@type":"ReadAction","target":["https:\/\/www.barcelonaobertura.com\/ca\/concert\/winterreise-with-antonio-lopez\/"]}]},{"@type":"ImageObject","inLanguage":"ca","@id":"https:\/\/www.barcelonaobertura.com\/ca\/concert\/winterreise-with-antonio-lopez\/#primaryimage","url":"https:\/\/www.barcelonaobertura.com\/wp-content\/uploads\/2022\/07\/31_Antonio-Lopez.jpg","contentUrl":"https:\/\/www.barcelonaobertura.com\/wp-content\/uploads\/2022\/07\/31_Antonio-Lopez.jpg","width":1280,"height":853},{"@type":"BreadcrumbList","@id":"https:\/\/www.barcelonaobertura.com\/ca\/concert\/winterreise-with-antonio-lopez\/#breadcrumb","itemListElement":[{"@type":"ListItem","position":1,"name":"Home","item":"https:\/\/www.barcelonaobertura.com\/ca\/"},{"@type":"ListItem","position":2,"name":"Conciertos","item":"https:\/\/www.barcelonaobertura.com\/ca\/concert\/"},{"@type":"ListItem","position":3,"name":"Winterreise with Antonio L\u00f3pez"}]},{"@type":"WebSite","@id":"https:\/\/www.barcelonaobertura.com\/ca\/#website","url":"https:\/\/www.barcelonaobertura.com\/ca\/","name":"Barcelona Obertura","description":"Come for the music, Stay for the rest","potentialAction":[{"@type":"SearchAction","target":{"@type":"EntryPoint","urlTemplate":"https:\/\/www.barcelonaobertura.com\/ca\/?s={search_term_string}"},"query-input":{"@type":"PropertyValueSpecification","valueRequired":true,"valueName":"search_term_string"}}],"inLanguage":"ca"}]}},"_links":{"self":[{"href":"https:\/\/www.barcelonaobertura.com\/ca\/wp-json\/wp\/v2\/concert\/2036","targetHints":{"allow":["GET"]}}],"collection":[{"href":"https:\/\/www.barcelonaobertura.com\/ca\/wp-json\/wp\/v2\/concert"}],"about":[{"href":"https:\/\/www.barcelonaobertura.com\/ca\/wp-json\/wp\/v2\/types\/concert"}],"wp:featuredmedia":[{"embeddable":true,"href":"https:\/\/www.barcelonaobertura.com\/ca\/wp-json\/wp\/v2\/media\/869"}],"wp:attachment":[{"href":"https:\/\/www.barcelonaobertura.com\/ca\/wp-json\/wp\/v2\/media?parent=2036"}],"curies":[{"name":"wp","href":"https:\/\/api.w.org\/{rel}","templated":true}]}}

Winterreise with Antonio López

<p>Antonio López, el pintor, escultor i gravador de Tomelloso, ha estat convidat pel Liceu a participar en la que representa la seva primera proposta escènica. L’artista, amb uns codis molt personals, retrata el pas del temps, l’ésser humà i el seu entorn, les natures mortes, la infància, etc. des dels seus inicis.</p>



<p>En el món ple de ferides que planteja el <em>Winterreise</em>, Antonio López posarà en diàleg la seva obra amb la música de Schubert. Considerat el testament espiritual del compositor, és un dels cicles de <em>lieder</em> més importants de la història de la música i un autèntic Everest per als seus intèrprets.D’una bellesa inquietant, el <em>Winterreise </em>és una invitació a la melancolia profunda, els episodis del qual marquen un viatge desesperat d’un home traït. Una immersió en l’univers poètic de Schubert amb Antonio López com a guia de luxe on el públic és conduït fins a l’abisme d’aquest viatge interior.</p>

<!-- This site is optimized with the Yoast SEO plugin v27.5 - https://yoast.com/product/yoast-seo-wordpress/ -->
<title>Winterreise with Antonio López - Barcelona Obertura</title>
<meta name="description" content="Prepara&#039;t per gaudir de Winterreise with Antonio López . Entra per descobrir els membres del repartiment i el repartori." />
<meta name="robots" content="index, follow, max-snippet:-1, max-image-preview:large, max-video-preview:-1" />
<link rel="canonical" href="https://www.barcelonaobertura.com/ca/concert/winterreise-with-antonio-lopez/" />
<meta property="og:locale" content="ca_ES" />
<meta property="og:type" content="article" />
<meta property="og:title" content="Winterreise with Antonio López - Barcelona Obertura" />
<meta property="og:description" content="Prepara&#039;t per gaudir de Winterreise with Antonio López . Entra per descobrir els membres del repartiment i el repartori." />
<meta property="og:url" content="https://www.barcelonaobertura.com/ca/concert/winterreise-with-antonio-lopez/" />
<meta property="og:site_name" content="Barcelona Obertura" />
<meta property="article:modified_time" content="2022-09-22T07:02:09+00:00" />
<meta property="og:image" content="https://www.barcelonaobertura.com/wp-content/uploads/2022/07/31_Antonio-Lopez.jpg" />
	<meta property="og:image:width" content="1280" />
	<meta property="og:image:height" content="853" />
	<meta property="og:image:type" content="image/jpeg" />
<meta name="twitter:card" content="summary_large_image" />
<meta name="twitter:label1" content="Temps estimat de lectura" />
	<meta name="twitter:data1" content="1 minut" />
<script type="application/ld+json" class="yoast-schema-graph">{"@context":"https:\/\/schema.org","@graph":[{"@type":"WebPage","@id":"https:\/\/www.barcelonaobertura.com\/ca\/concert\/winterreise-with-antonio-lopez\/","url":"https:\/\/www.barcelonaobertura.com\/ca\/concert\/winterreise-with-antonio-lopez\/","name":"Winterreise with Antonio López - Barcelona Obertura","isPartOf":{"@id":"https:\/\/www.barcelonaobertura.com\/ca\/#website"},"primaryImageOfPage":{"@id":"https:\/\/www.barcelonaobertura.com\/ca\/concert\/winterreise-with-antonio-lopez\/#primaryimage"},"image":{"@id":"https:\/\/www.barcelonaobertura.com\/ca\/concert\/winterreise-with-antonio-lopez\/#primaryimage"},"thumbnailUrl":"https:\/\/www.barcelonaobertura.com\/wp-content\/uploads\/2022\/07\/31_Antonio-Lopez.jpg","datePublished":"2022-08-02T11:53:54+00:00","dateModified":"2022-09-22T07:02:09+00:00","description":"Prepara't per gaudir de Winterreise with Antonio López . Entra per descobrir els membres del repartiment i el repartori.","breadcrumb":{"@id":"https:\/\/www.barcelonaobertura.com\/ca\/concert\/winterreise-with-antonio-lopez\/#breadcrumb"},"inLanguage":"ca","potentialAction":[{"@type":"ReadAction","target":["https:\/\/www.barcelonaobertura.com\/ca\/concert\/winterreise-with-antonio-lopez\/"]}]},{"@type":"ImageObject","inLanguage":"ca","@id":"https:\/\/www.barcelonaobertura.com\/ca\/concert\/winterreise-with-antonio-lopez\/#primaryimage","url":"https:\/\/www.barcelonaobertura.com\/wp-content\/uploads\/2022\/07\/31_Antonio-Lopez.jpg","contentUrl":"https:\/\/www.barcelonaobertura.com\/wp-content\/uploads\/2022\/07\/31_Antonio-Lopez.jpg","width":1280,"height":853},{"@type":"BreadcrumbList","@id":"https:\/\/www.barcelonaobertura.com\/ca\/concert\/winterreise-with-antonio-lopez\/#breadcrumb","itemListElement":[{"@type":"ListItem","position":1,"name":"Home","item":"https:\/\/www.barcelonaobertura.com\/ca\/"},{"@type":"ListItem","position":2,"name":"Conciertos","item":"https:\/\/www.barcelonaobertura.com\/ca\/concert\/"},{"@type":"ListItem","position":3,"name":"Winterreise with Antonio López"}]},{"@type":"WebSite","@id":"https:\/\/www.barcelonaobertura.com\/ca\/#website","url":"https:\/\/www.barcelonaobertura.com\/ca\/","name":"Barcelona Obertura","description":"Come for the music, Stay for the rest","potentialAction":[{"@type":"SearchAction","target":{"@type":"EntryPoint","urlTemplate":"https:\/\/www.barcelonaobertura.com\/ca\/?s={search_term_string}"},"query-input":{"@type":"PropertyValueSpecification","valueRequired":true,"valueName":"search_term_string"}}],"inLanguage":"ca"}]}</script>
<!-- / Yoast SEO plugin. -->

Winterreise with Antonio López - Barcelona Obertura

Prepara't per gaudir de Winterreise with Antonio López . Entra per descobrir els membres del repartiment i el repartori.
