{"id":2042,"date":"2022-08-02T11:30:30","date_gmt":"2022-08-02T11:30:30","guid":{"rendered":"http:\/\/barcelonaobertura.lamagnetica.net\/concert\/isata-kanneh-mason-obc-anja-bihlmaier\/"},"modified":"2022-09-22T07:04:05","modified_gmt":"2022-09-22T07:04:05","slug":"isata-kanneh-mason-obc-anja-bihlmaier","status":"publish","type":"concert","link":"https:\/\/www.barcelonaobertura.com\/ca\/concert\/isata-kanneh-mason-obc-anja-bihlmaier\/","title":{"rendered":"Isata Kanneh Mason, OBC &#038; Anja Bihlmaier"},"content":{"rendered":"\n<p>Dmitri Xostak\u00f3vitx va escriure la <em>Desena Simfonia <\/em>despr\u00e9s de superar un entorn hostil. La simfonia va obtenir un gran \u00e8xit i va donar pas a uns anys de gran reconeixement nacional i internacional.&nbsp;<br>Serguei Prok\u00f3fiev va estrenar el seu Concert per a piano n. 3<em> <\/em>a Chicago i ja feia tres anys que havia abandonat R\u00fassia. En la seva m\u00fasica per a piano descobrim les seves obres m\u00e9s inspirades. L\u2019agressivitat r\u00edtmica, el lirisme irresistible i el virtuosisme del solista en el di\u00e0leg amb l\u2019orquestra han fet d\u2019aquest concert una de les obres m\u00e9s populars de tota la seva producci\u00f3.<\/p>\n","protected":false},"featured_media":871,"template":"","class_list":["post-2042","concert","type-concert","status-publish","has-post-thumbnail","hentry","concert-venue-lauditori-barcelona","concert-season-primavera","concert-year-barcelona-obertura-spring-festival","play-author-dmitri-shostakovich","play-author-s-prokofiev"],"acf":[],"yoast_head":"<!-- This site is optimized with the Yoast SEO plugin v27.5 - https:\/\/yoast.com\/product\/yoast-seo-wordpress\/ -->\n<title>Isata Kanneh Mason, OBC &amp; Anja Bihlmaier - Barcelona Obertura<\/title>\n<meta name=\"description\" content=\"Prepara&#039;t per gaudir de Isata Kanneh Mason, OBC &amp; Anja Bihlmaier . Entra per descobrir els membres del repartiment i el repartori.\" \/>\n<meta name=\"robots\" content=\"index, follow, max-snippet:-1, max-image-preview:large, max-video-preview:-1\" \/>\n<link rel=\"canonical\" href=\"https:\/\/www.barcelonaobertura.com\/ca\/concert\/isata-kanneh-mason-obc-anja-bihlmaier\/\" \/>\n<meta property=\"og:locale\" content=\"ca_ES\" \/>\n<meta property=\"og:type\" content=\"article\" \/>\n<meta property=\"og:title\" content=\"Isata Kanneh Mason, OBC &amp; Anja Bihlmaier - Barcelona Obertura\" \/>\n<meta property=\"og:description\" content=\"Prepara&#039;t per gaudir de Isata Kanneh Mason, OBC &amp; Anja Bihlmaier . Entra per descobrir els membres del repartiment i el repartori.\" \/>\n<meta property=\"og:url\" content=\"https:\/\/www.barcelonaobertura.com\/ca\/concert\/isata-kanneh-mason-obc-anja-bihlmaier\/\" \/>\n<meta property=\"og:site_name\" content=\"Barcelona Obertura\" \/>\n<meta property=\"article:modified_time\" content=\"2022-09-22T07:04:05+00:00\" \/>\n<meta property=\"og:image\" content=\"https:\/\/www.barcelonaobertura.com\/wp-content\/uploads\/2022\/07\/32_Anja_Bihlmaier.jpg\" \/>\n\t<meta property=\"og:image:width\" content=\"1280\" \/>\n\t<meta property=\"og:image:height\" content=\"600\" \/>\n\t<meta property=\"og:image:type\" content=\"image\/jpeg\" \/>\n<meta name=\"twitter:card\" content=\"summary_large_image\" \/>\n<meta name=\"twitter:label1\" content=\"Temps estimat de lectura\" \/>\n\t<meta name=\"twitter:data1\" content=\"1 minut\" \/>\n<script type=\"application\/ld+json\" class=\"yoast-schema-graph\">{\"@context\":\"https:\\\/\\\/schema.org\",\"@graph\":[{\"@type\":\"WebPage\",\"@id\":\"https:\\\/\\\/www.barcelonaobertura.com\\\/ca\\\/concert\\\/isata-kanneh-mason-obc-anja-bihlmaier\\\/\",\"url\":\"https:\\\/\\\/www.barcelonaobertura.com\\\/ca\\\/concert\\\/isata-kanneh-mason-obc-anja-bihlmaier\\\/\",\"name\":\"Isata Kanneh Mason, OBC & Anja Bihlmaier - Barcelona Obertura\",\"isPartOf\":{\"@id\":\"https:\\\/\\\/www.barcelonaobertura.com\\\/ca\\\/#website\"},\"primaryImageOfPage\":{\"@id\":\"https:\\\/\\\/www.barcelonaobertura.com\\\/ca\\\/concert\\\/isata-kanneh-mason-obc-anja-bihlmaier\\\/#primaryimage\"},\"image\":{\"@id\":\"https:\\\/\\\/www.barcelonaobertura.com\\\/ca\\\/concert\\\/isata-kanneh-mason-obc-anja-bihlmaier\\\/#primaryimage\"},\"thumbnailUrl\":\"https:\\\/\\\/www.barcelonaobertura.com\\\/wp-content\\\/uploads\\\/2022\\\/07\\\/32_Anja_Bihlmaier.jpg\",\"datePublished\":\"2022-08-02T11:30:30+00:00\",\"dateModified\":\"2022-09-22T07:04:05+00:00\",\"description\":\"Prepara't per gaudir de Isata Kanneh Mason, OBC & Anja Bihlmaier . Entra per descobrir els membres del repartiment i el repartori.\",\"breadcrumb\":{\"@id\":\"https:\\\/\\\/www.barcelonaobertura.com\\\/ca\\\/concert\\\/isata-kanneh-mason-obc-anja-bihlmaier\\\/#breadcrumb\"},\"inLanguage\":\"ca\",\"potentialAction\":[{\"@type\":\"ReadAction\",\"target\":[\"https:\\\/\\\/www.barcelonaobertura.com\\\/ca\\\/concert\\\/isata-kanneh-mason-obc-anja-bihlmaier\\\/\"]}]},{\"@type\":\"ImageObject\",\"inLanguage\":\"ca\",\"@id\":\"https:\\\/\\\/www.barcelonaobertura.com\\\/ca\\\/concert\\\/isata-kanneh-mason-obc-anja-bihlmaier\\\/#primaryimage\",\"url\":\"https:\\\/\\\/www.barcelonaobertura.com\\\/wp-content\\\/uploads\\\/2022\\\/07\\\/32_Anja_Bihlmaier.jpg\",\"contentUrl\":\"https:\\\/\\\/www.barcelonaobertura.com\\\/wp-content\\\/uploads\\\/2022\\\/07\\\/32_Anja_Bihlmaier.jpg\",\"width\":1280,\"height\":600},{\"@type\":\"BreadcrumbList\",\"@id\":\"https:\\\/\\\/www.barcelonaobertura.com\\\/ca\\\/concert\\\/isata-kanneh-mason-obc-anja-bihlmaier\\\/#breadcrumb\",\"itemListElement\":[{\"@type\":\"ListItem\",\"position\":1,\"name\":\"Home\",\"item\":\"https:\\\/\\\/www.barcelonaobertura.com\\\/ca\\\/\"},{\"@type\":\"ListItem\",\"position\":2,\"name\":\"Conciertos\",\"item\":\"https:\\\/\\\/www.barcelonaobertura.com\\\/ca\\\/concert\\\/\"},{\"@type\":\"ListItem\",\"position\":3,\"name\":\"Isata Kanneh Mason, OBC &#038; Anja Bihlmaier\"}]},{\"@type\":\"WebSite\",\"@id\":\"https:\\\/\\\/www.barcelonaobertura.com\\\/ca\\\/#website\",\"url\":\"https:\\\/\\\/www.barcelonaobertura.com\\\/ca\\\/\",\"name\":\"Barcelona Obertura\",\"description\":\"Come for the music, Stay for the rest\",\"potentialAction\":[{\"@type\":\"SearchAction\",\"target\":{\"@type\":\"EntryPoint\",\"urlTemplate\":\"https:\\\/\\\/www.barcelonaobertura.com\\\/ca\\\/?s={search_term_string}\"},\"query-input\":{\"@type\":\"PropertyValueSpecification\",\"valueRequired\":true,\"valueName\":\"search_term_string\"}}],\"inLanguage\":\"ca\"}]}<\/script>\n<!-- \/ Yoast SEO plugin. -->","yoast_head_json":{"title":"Isata Kanneh Mason, OBC & Anja Bihlmaier - Barcelona Obertura","description":"Prepara't per gaudir de Isata Kanneh Mason, OBC & Anja Bihlmaier . Entra per descobrir els membres del repartiment i el repartori.","robots":{"index":"index","follow":"follow","max-snippet":"max-snippet:-1","max-image-preview":"max-image-preview:large","max-video-preview":"max-video-preview:-1"},"canonical":"https:\/\/www.barcelonaobertura.com\/ca\/concert\/isata-kanneh-mason-obc-anja-bihlmaier\/","og_locale":"ca_ES","og_type":"article","og_title":"Isata Kanneh Mason, OBC & Anja Bihlmaier - Barcelona Obertura","og_description":"Prepara't per gaudir de Isata Kanneh Mason, OBC & Anja Bihlmaier . Entra per descobrir els membres del repartiment i el repartori.","og_url":"https:\/\/www.barcelonaobertura.com\/ca\/concert\/isata-kanneh-mason-obc-anja-bihlmaier\/","og_site_name":"Barcelona Obertura","article_modified_time":"2022-09-22T07:04:05+00:00","og_image":[{"width":1280,"height":600,"url":"https:\/\/www.barcelonaobertura.com\/wp-content\/uploads\/2022\/07\/32_Anja_Bihlmaier.jpg","type":"image\/jpeg"}],"twitter_card":"summary_large_image","twitter_misc":{"Temps estimat de lectura":"1 minut"},"schema":{"@context":"https:\/\/schema.org","@graph":[{"@type":"WebPage","@id":"https:\/\/www.barcelonaobertura.com\/ca\/concert\/isata-kanneh-mason-obc-anja-bihlmaier\/","url":"https:\/\/www.barcelonaobertura.com\/ca\/concert\/isata-kanneh-mason-obc-anja-bihlmaier\/","name":"Isata Kanneh Mason, OBC & Anja Bihlmaier - Barcelona Obertura","isPartOf":{"@id":"https:\/\/www.barcelonaobertura.com\/ca\/#website"},"primaryImageOfPage":{"@id":"https:\/\/www.barcelonaobertura.com\/ca\/concert\/isata-kanneh-mason-obc-anja-bihlmaier\/#primaryimage"},"image":{"@id":"https:\/\/www.barcelonaobertura.com\/ca\/concert\/isata-kanneh-mason-obc-anja-bihlmaier\/#primaryimage"},"thumbnailUrl":"https:\/\/www.barcelonaobertura.com\/wp-content\/uploads\/2022\/07\/32_Anja_Bihlmaier.jpg","datePublished":"2022-08-02T11:30:30+00:00","dateModified":"2022-09-22T07:04:05+00:00","description":"Prepara't per gaudir de Isata Kanneh Mason, OBC & Anja Bihlmaier . Entra per descobrir els membres del repartiment i el repartori.","breadcrumb":{"@id":"https:\/\/www.barcelonaobertura.com\/ca\/concert\/isata-kanneh-mason-obc-anja-bihlmaier\/#breadcrumb"},"inLanguage":"ca","potentialAction":[{"@type":"ReadAction","target":["https:\/\/www.barcelonaobertura.com\/ca\/concert\/isata-kanneh-mason-obc-anja-bihlmaier\/"]}]},{"@type":"ImageObject","inLanguage":"ca","@id":"https:\/\/www.barcelonaobertura.com\/ca\/concert\/isata-kanneh-mason-obc-anja-bihlmaier\/#primaryimage","url":"https:\/\/www.barcelonaobertura.com\/wp-content\/uploads\/2022\/07\/32_Anja_Bihlmaier.jpg","contentUrl":"https:\/\/www.barcelonaobertura.com\/wp-content\/uploads\/2022\/07\/32_Anja_Bihlmaier.jpg","width":1280,"height":600},{"@type":"BreadcrumbList","@id":"https:\/\/www.barcelonaobertura.com\/ca\/concert\/isata-kanneh-mason-obc-anja-bihlmaier\/#breadcrumb","itemListElement":[{"@type":"ListItem","position":1,"name":"Home","item":"https:\/\/www.barcelonaobertura.com\/ca\/"},{"@type":"ListItem","position":2,"name":"Conciertos","item":"https:\/\/www.barcelonaobertura.com\/ca\/concert\/"},{"@type":"ListItem","position":3,"name":"Isata Kanneh Mason, OBC &#038; Anja Bihlmaier"}]},{"@type":"WebSite","@id":"https:\/\/www.barcelonaobertura.com\/ca\/#website","url":"https:\/\/www.barcelonaobertura.com\/ca\/","name":"Barcelona Obertura","description":"Come for the music, Stay for the rest","potentialAction":[{"@type":"SearchAction","target":{"@type":"EntryPoint","urlTemplate":"https:\/\/www.barcelonaobertura.com\/ca\/?s={search_term_string}"},"query-input":{"@type":"PropertyValueSpecification","valueRequired":true,"valueName":"search_term_string"}}],"inLanguage":"ca"}]}},"_links":{"self":[{"href":"https:\/\/www.barcelonaobertura.com\/ca\/wp-json\/wp\/v2\/concert\/2042","targetHints":{"allow":["GET"]}}],"collection":[{"href":"https:\/\/www.barcelonaobertura.com\/ca\/wp-json\/wp\/v2\/concert"}],"about":[{"href":"https:\/\/www.barcelonaobertura.com\/ca\/wp-json\/wp\/v2\/types\/concert"}],"wp:featuredmedia":[{"embeddable":true,"href":"https:\/\/www.barcelonaobertura.com\/ca\/wp-json\/wp\/v2\/media\/871"}],"wp:attachment":[{"href":"https:\/\/www.barcelonaobertura.com\/ca\/wp-json\/wp\/v2\/media?parent=2042"}],"curies":[{"name":"wp","href":"https:\/\/api.w.org\/{rel}","templated":true}]}}

<p>Dmitri Xostakóvitx va escriure la <em>Desena Simfonia </em>després de superar un entorn hostil. La simfonia va obtenir un gran èxit i va donar pas a uns anys de gran reconeixement nacional i internacional.&nbsp;<br>Serguei Prokófiev va estrenar el seu Concert per a piano n. 3<em> </em>a Chicago i ja feia tres anys que havia abandonat Rússia. En la seva música per a piano descobrim les seves obres més inspirades. L’agressivitat rítmica, el lirisme irresistible i el virtuosisme del solista en el diàleg amb l’orquestra han fet d’aquest concert una de les obres més populars de tota la seva producció.</p>
