{"id":2340,"date":"2022-08-02T11:27:24","date_gmt":"2022-08-02T11:27:24","guid":{"rendered":"http:\/\/barcelonaobertura.lamagnetica.net\/concert\/lincoronazione-di-poppea-by-monteverdi\/"},"modified":"2022-09-21T13:08:29","modified_gmt":"2022-09-21T13:08:29","slug":"lincoronazione-di-poppea-de-monteverdi","status":"publish","type":"concert","link":"https:\/\/www.barcelonaobertura.com\/ca\/concert\/lincoronazione-di-poppea-de-monteverdi\/","title":{"rendered":"L\u2019incoronazione di Poppea de Monteverdi"},"content":{"rendered":"\n<p>Estrenada durant l\u2019hivern del 1642 al Teatro Santi Giovanni e Paolo (Teatro Grimano) de Ven\u00e8cia, la darrera \u00f2pera de Monteverdi fou escrita a partir d\u2019un llibret de Giovanni Francesco Busenello, membre de la llibertina Accademia degli Incogniti, de costums immorals i obertament cr\u00edtics amb la religi\u00f3 cristiana. Per primera vegada en el seu g\u00e8nere, l\u2019\u00f2pera passava dels palaus als teatres, obrint-se a tothom i basant per primer cop el seu argument en fets hist\u00f2rics i no mitol\u00f2gics.La Poppea de Monteverdi, L\u2019Oracolo della Musica, malgrat tenir 380\u202fanys, revela trets sorprenentment moderns, amb profunditats i passions que s\u00f3n equivalents a les del nostre temps. Monteverdi va capturar brillantment la naturalesa musical de la hist\u00e8ria tir\u00e0nica de Ner\u00f3 i la sensualitat irresistible de Poppea.<\/p>\n","protected":false},"featured_media":1066,"template":"","class_list":["post-2340","concert","type-concert","status-publish","has-post-thumbnail","hentry","concert-venue-liceu-opera-barcelona","concert-season-estiu","concert-year-enjoy-summer","play-author-c-monteverdi"],"acf":[],"yoast_head":"<!-- This site is optimized with the Yoast SEO plugin v27.5 - https:\/\/yoast.com\/product\/yoast-seo-wordpress\/ -->\n<title>L\u2019incoronazione di Poppea de Monteverdi - Barcelona Obertura<\/title>\n<meta name=\"description\" content=\"Prepara&#039;t per gaudir de L\u2019incoronazione di Poppea de Monteverdi . Entra per descobrir els membres del repartiment i el repartori.\" \/>\n<meta name=\"robots\" content=\"index, follow, max-snippet:-1, max-image-preview:large, max-video-preview:-1\" \/>\n<link rel=\"canonical\" href=\"https:\/\/www.barcelonaobertura.com\/ca\/concert\/lincoronazione-di-poppea-de-monteverdi\/\" \/>\n<meta property=\"og:locale\" content=\"ca_ES\" \/>\n<meta property=\"og:type\" content=\"article\" \/>\n<meta property=\"og:title\" content=\"L\u2019incoronazione di Poppea de Monteverdi - Barcelona Obertura\" \/>\n<meta property=\"og:description\" content=\"Prepara&#039;t per gaudir de L\u2019incoronazione di Poppea de Monteverdi . Entra per descobrir els membres del repartiment i el repartori.\" \/>\n<meta property=\"og:url\" content=\"https:\/\/www.barcelonaobertura.com\/ca\/concert\/lincoronazione-di-poppea-de-monteverdi\/\" \/>\n<meta property=\"og:site_name\" content=\"Barcelona Obertura\" \/>\n<meta property=\"article:modified_time\" content=\"2022-09-21T13:08:29+00:00\" \/>\n<meta property=\"og:image\" content=\"https:\/\/www.barcelonaobertura.com\/wp-content\/uploads\/2022\/07\/7_JulieFuchs-byCapucinedeChocqueuse3.jpg\" \/>\n\t<meta property=\"og:image:width\" content=\"1280\" \/>\n\t<meta property=\"og:image:height\" content=\"600\" \/>\n\t<meta property=\"og:image:type\" content=\"image\/jpeg\" \/>\n<meta name=\"twitter:card\" content=\"summary_large_image\" \/>\n<meta name=\"twitter:label1\" content=\"Temps estimat de lectura\" \/>\n\t<meta name=\"twitter:data1\" content=\"1 minut\" \/>\n<script type=\"application\/ld+json\" class=\"yoast-schema-graph\">{\"@context\":\"https:\\\/\\\/schema.org\",\"@graph\":[{\"@type\":\"WebPage\",\"@id\":\"https:\\\/\\\/www.barcelonaobertura.com\\\/ca\\\/concert\\\/lincoronazione-di-poppea-de-monteverdi\\\/\",\"url\":\"https:\\\/\\\/www.barcelonaobertura.com\\\/ca\\\/concert\\\/lincoronazione-di-poppea-de-monteverdi\\\/\",\"name\":\"L\u2019incoronazione di Poppea de Monteverdi - Barcelona Obertura\",\"isPartOf\":{\"@id\":\"https:\\\/\\\/www.barcelonaobertura.com\\\/ca\\\/#website\"},\"primaryImageOfPage\":{\"@id\":\"https:\\\/\\\/www.barcelonaobertura.com\\\/ca\\\/concert\\\/lincoronazione-di-poppea-de-monteverdi\\\/#primaryimage\"},\"image\":{\"@id\":\"https:\\\/\\\/www.barcelonaobertura.com\\\/ca\\\/concert\\\/lincoronazione-di-poppea-de-monteverdi\\\/#primaryimage\"},\"thumbnailUrl\":\"https:\\\/\\\/www.barcelonaobertura.com\\\/wp-content\\\/uploads\\\/2022\\\/07\\\/7_JulieFuchs-byCapucinedeChocqueuse3.jpg\",\"datePublished\":\"2022-08-02T11:27:24+00:00\",\"dateModified\":\"2022-09-21T13:08:29+00:00\",\"description\":\"Prepara't per gaudir de L\u2019incoronazione di Poppea de Monteverdi . Entra per descobrir els membres del repartiment i el repartori.\",\"breadcrumb\":{\"@id\":\"https:\\\/\\\/www.barcelonaobertura.com\\\/ca\\\/concert\\\/lincoronazione-di-poppea-de-monteverdi\\\/#breadcrumb\"},\"inLanguage\":\"ca\",\"potentialAction\":[{\"@type\":\"ReadAction\",\"target\":[\"https:\\\/\\\/www.barcelonaobertura.com\\\/ca\\\/concert\\\/lincoronazione-di-poppea-de-monteverdi\\\/\"]}]},{\"@type\":\"ImageObject\",\"inLanguage\":\"ca\",\"@id\":\"https:\\\/\\\/www.barcelonaobertura.com\\\/ca\\\/concert\\\/lincoronazione-di-poppea-de-monteverdi\\\/#primaryimage\",\"url\":\"https:\\\/\\\/www.barcelonaobertura.com\\\/wp-content\\\/uploads\\\/2022\\\/07\\\/7_JulieFuchs-byCapucinedeChocqueuse3.jpg\",\"contentUrl\":\"https:\\\/\\\/www.barcelonaobertura.com\\\/wp-content\\\/uploads\\\/2022\\\/07\\\/7_JulieFuchs-byCapucinedeChocqueuse3.jpg\",\"width\":1280,\"height\":600},{\"@type\":\"BreadcrumbList\",\"@id\":\"https:\\\/\\\/www.barcelonaobertura.com\\\/ca\\\/concert\\\/lincoronazione-di-poppea-de-monteverdi\\\/#breadcrumb\",\"itemListElement\":[{\"@type\":\"ListItem\",\"position\":1,\"name\":\"Home\",\"item\":\"https:\\\/\\\/www.barcelonaobertura.com\\\/ca\\\/\"},{\"@type\":\"ListItem\",\"position\":2,\"name\":\"Conciertos\",\"item\":\"https:\\\/\\\/www.barcelonaobertura.com\\\/ca\\\/concert\\\/\"},{\"@type\":\"ListItem\",\"position\":3,\"name\":\"L\u2019incoronazione di Poppea de Monteverdi\"}]},{\"@type\":\"WebSite\",\"@id\":\"https:\\\/\\\/www.barcelonaobertura.com\\\/ca\\\/#website\",\"url\":\"https:\\\/\\\/www.barcelonaobertura.com\\\/ca\\\/\",\"name\":\"Barcelona Obertura\",\"description\":\"Come for the music, Stay for the rest\",\"potentialAction\":[{\"@type\":\"SearchAction\",\"target\":{\"@type\":\"EntryPoint\",\"urlTemplate\":\"https:\\\/\\\/www.barcelonaobertura.com\\\/ca\\\/?s={search_term_string}\"},\"query-input\":{\"@type\":\"PropertyValueSpecification\",\"valueRequired\":true,\"valueName\":\"search_term_string\"}}],\"inLanguage\":\"ca\"}]}<\/script>\n<!-- \/ Yoast SEO plugin. -->","yoast_head_json":{"title":"L\u2019incoronazione di Poppea de Monteverdi - Barcelona Obertura","description":"Prepara't per gaudir de L\u2019incoronazione di Poppea de Monteverdi . Entra per descobrir els membres del repartiment i el repartori.","robots":{"index":"index","follow":"follow","max-snippet":"max-snippet:-1","max-image-preview":"max-image-preview:large","max-video-preview":"max-video-preview:-1"},"canonical":"https:\/\/www.barcelonaobertura.com\/ca\/concert\/lincoronazione-di-poppea-de-monteverdi\/","og_locale":"ca_ES","og_type":"article","og_title":"L\u2019incoronazione di Poppea de Monteverdi - Barcelona Obertura","og_description":"Prepara't per gaudir de L\u2019incoronazione di Poppea de Monteverdi . Entra per descobrir els membres del repartiment i el repartori.","og_url":"https:\/\/www.barcelonaobertura.com\/ca\/concert\/lincoronazione-di-poppea-de-monteverdi\/","og_site_name":"Barcelona Obertura","article_modified_time":"2022-09-21T13:08:29+00:00","og_image":[{"width":1280,"height":600,"url":"https:\/\/www.barcelonaobertura.com\/wp-content\/uploads\/2022\/07\/7_JulieFuchs-byCapucinedeChocqueuse3.jpg","type":"image\/jpeg"}],"twitter_card":"summary_large_image","twitter_misc":{"Temps estimat de lectura":"1 minut"},"schema":{"@context":"https:\/\/schema.org","@graph":[{"@type":"WebPage","@id":"https:\/\/www.barcelonaobertura.com\/ca\/concert\/lincoronazione-di-poppea-de-monteverdi\/","url":"https:\/\/www.barcelonaobertura.com\/ca\/concert\/lincoronazione-di-poppea-de-monteverdi\/","name":"L\u2019incoronazione di Poppea de Monteverdi - Barcelona Obertura","isPartOf":{"@id":"https:\/\/www.barcelonaobertura.com\/ca\/#website"},"primaryImageOfPage":{"@id":"https:\/\/www.barcelonaobertura.com\/ca\/concert\/lincoronazione-di-poppea-de-monteverdi\/#primaryimage"},"image":{"@id":"https:\/\/www.barcelonaobertura.com\/ca\/concert\/lincoronazione-di-poppea-de-monteverdi\/#primaryimage"},"thumbnailUrl":"https:\/\/www.barcelonaobertura.com\/wp-content\/uploads\/2022\/07\/7_JulieFuchs-byCapucinedeChocqueuse3.jpg","datePublished":"2022-08-02T11:27:24+00:00","dateModified":"2022-09-21T13:08:29+00:00","description":"Prepara't per gaudir de L\u2019incoronazione di Poppea de Monteverdi . Entra per descobrir els membres del repartiment i el repartori.","breadcrumb":{"@id":"https:\/\/www.barcelonaobertura.com\/ca\/concert\/lincoronazione-di-poppea-de-monteverdi\/#breadcrumb"},"inLanguage":"ca","potentialAction":[{"@type":"ReadAction","target":["https:\/\/www.barcelonaobertura.com\/ca\/concert\/lincoronazione-di-poppea-de-monteverdi\/"]}]},{"@type":"ImageObject","inLanguage":"ca","@id":"https:\/\/www.barcelonaobertura.com\/ca\/concert\/lincoronazione-di-poppea-de-monteverdi\/#primaryimage","url":"https:\/\/www.barcelonaobertura.com\/wp-content\/uploads\/2022\/07\/7_JulieFuchs-byCapucinedeChocqueuse3.jpg","contentUrl":"https:\/\/www.barcelonaobertura.com\/wp-content\/uploads\/2022\/07\/7_JulieFuchs-byCapucinedeChocqueuse3.jpg","width":1280,"height":600},{"@type":"BreadcrumbList","@id":"https:\/\/www.barcelonaobertura.com\/ca\/concert\/lincoronazione-di-poppea-de-monteverdi\/#breadcrumb","itemListElement":[{"@type":"ListItem","position":1,"name":"Home","item":"https:\/\/www.barcelonaobertura.com\/ca\/"},{"@type":"ListItem","position":2,"name":"Conciertos","item":"https:\/\/www.barcelonaobertura.com\/ca\/concert\/"},{"@type":"ListItem","position":3,"name":"L\u2019incoronazione di Poppea de Monteverdi"}]},{"@type":"WebSite","@id":"https:\/\/www.barcelonaobertura.com\/ca\/#website","url":"https:\/\/www.barcelonaobertura.com\/ca\/","name":"Barcelona Obertura","description":"Come for the music, Stay for the rest","potentialAction":[{"@type":"SearchAction","target":{"@type":"EntryPoint","urlTemplate":"https:\/\/www.barcelonaobertura.com\/ca\/?s={search_term_string}"},"query-input":{"@type":"PropertyValueSpecification","valueRequired":true,"valueName":"search_term_string"}}],"inLanguage":"ca"}]}},"_links":{"self":[{"href":"https:\/\/www.barcelonaobertura.com\/ca\/wp-json\/wp\/v2\/concert\/2340","targetHints":{"allow":["GET"]}}],"collection":[{"href":"https:\/\/www.barcelonaobertura.com\/ca\/wp-json\/wp\/v2\/concert"}],"about":[{"href":"https:\/\/www.barcelonaobertura.com\/ca\/wp-json\/wp\/v2\/types\/concert"}],"wp:featuredmedia":[{"embeddable":true,"href":"https:\/\/www.barcelonaobertura.com\/ca\/wp-json\/wp\/v2\/media\/1066"}],"wp:attachment":[{"href":"https:\/\/www.barcelonaobertura.com\/ca\/wp-json\/wp\/v2\/media?parent=2340"}],"curies":[{"name":"wp","href":"https:\/\/api.w.org\/{rel}","templated":true}]}}

<p>Estrenada durant l’hivern del 1642 al Teatro Santi Giovanni e Paolo (Teatro Grimano) de Venècia, la darrera òpera de Monteverdi fou escrita a partir d’un llibret de Giovanni Francesco Busenello, membre de la llibertina Accademia degli Incogniti, de costums immorals i obertament crítics amb la religió cristiana. Per primera vegada en el seu gènere, l’òpera passava dels palaus als teatres, obrint-se a tothom i basant per primer cop el seu argument en fets històrics i no mitològics.La Poppea de Monteverdi, L’Oracolo della Musica, malgrat tenir 380 anys, revela trets sorprenentment moderns, amb profunditats i passions que són equivalents a les del nostre temps. Monteverdi va capturar brillantment la naturalesa musical de la histèria tirànica de Neró i la sensualitat irresistible de Poppea.</p>
