{"id":54640,"date":"2023-08-02T09:15:49","date_gmt":"2023-08-02T09:15:49","guid":{"rendered":"https:\/\/www.barcelonaobertura.com\/?post_type=concert&#038;p=54640"},"modified":"2023-08-02T09:16:02","modified_gmt":"2023-08-02T09:16:02","slug":"un-ballo-in-maschera-de-verdi","status":"publish","type":"concert","link":"https:\/\/www.barcelonaobertura.com\/ca\/concert\/un-ballo-in-maschera-de-verdi\/","title":{"rendered":"Un ballo in maschera de Verdi"},"content":{"rendered":"\n<p>Enveges i conspiracions, barrejades amb passions amoroses, pol\u00edtica, gelosia, venjances i el perd\u00f3 final conflueixen en una obra mestra de Verdi. A N\u00e0pols, l\u2019\u00f2pera va despertar les ires i prohibicions de la censura: no es podia assassinar un rei a l\u2019escenari, hi havia dificultats per mostrar escenes de bruixeria, davant de la infidelitat hi havia d\u2019haver remordiment i els conspiradors havien d\u2019odiar el duc per raons heredit\u00e0ries\u2026<\/p>\n\n\n\n<p>L\u2019elegant producci\u00f3 de Graham Vick, escau a l\u2019emocionant drama verdi\u00e0. Recuperant la versi\u00f3 de l\u2019estrena a Roma, amb la trama situada a Su\u00e8cia i sense la censura, aquest Ballo trenca amb els codis tradicionals.<\/p>\n\n\n\n<p>Freddie De Tommaso \u00e9s Riccardo \/ Gustau III, rei suec enamorat d\u2019Am\u00e8lia (Anna Pirozzi), esposa del Conde Anckastr\u00f6m, el seu millor amic i conseller (Artur Ruci\u0144ski). Quan aquest darrer descobreix l\u2019amor il\u00b7l\u00edcit, s\u2019uneix a una conspiraci\u00f3 per assassinar el rei i es produeix la trag\u00e8dia. Daniela Barcellona (Ulrica \/ Arvidson) \u00e9s la m\u00e8dium que profetitza la tra\u00efci\u00f3 i el tr\u00e0gic final.&nbsp;<\/p>\n","protected":false},"featured_media":54810,"template":"","class_list":["post-54640","concert","type-concert","status-publish","has-post-thumbnail","hentry","concert-venue-liceu-opera-barcelona","concert-season-hivern","concert-year-opera-ca","play-author-giuseppe-verdi"],"acf":[],"yoast_head":"<!-- This site is optimized with the Yoast SEO plugin v27.5 - https:\/\/yoast.com\/product\/yoast-seo-wordpress\/ -->\n<title>Un ballo in maschera de Verdi - Barcelona Obertura<\/title>\n<meta name=\"description\" content=\"Prepara&#039;t per gaudir de Un ballo in maschera de Verdi . Entra per descobrir els membres del repartiment i el repartori.\" \/>\n<meta name=\"robots\" content=\"index, follow, max-snippet:-1, max-image-preview:large, max-video-preview:-1\" \/>\n<link rel=\"canonical\" href=\"https:\/\/www.barcelonaobertura.com\/ca\/concert\/un-ballo-in-maschera-de-verdi\/\" \/>\n<meta property=\"og:locale\" content=\"ca_ES\" \/>\n<meta property=\"og:type\" content=\"article\" \/>\n<meta property=\"og:title\" content=\"Un ballo in maschera de Verdi - Barcelona Obertura\" \/>\n<meta property=\"og:description\" content=\"Prepara&#039;t per gaudir de Un ballo in maschera de Verdi . Entra per descobrir els membres del repartiment i el repartori.\" \/>\n<meta property=\"og:url\" content=\"https:\/\/www.barcelonaobertura.com\/ca\/concert\/un-ballo-in-maschera-de-verdi\/\" \/>\n<meta property=\"og:site_name\" content=\"Barcelona Obertura\" \/>\n<meta property=\"article:modified_time\" content=\"2023-08-02T09:16:02+00:00\" \/>\n<meta property=\"og:image\" content=\"https:\/\/www.barcelonaobertura.com\/wp-content\/uploads\/2023\/07\/20_UnBalloInMaschera_c-RobertoRucci-copia.webp\" \/>\n\t<meta property=\"og:image:width\" content=\"1280\" \/>\n\t<meta property=\"og:image:height\" content=\"598\" \/>\n\t<meta property=\"og:image:type\" content=\"image\/webp\" \/>\n<meta name=\"twitter:card\" content=\"summary_large_image\" \/>\n<meta name=\"twitter:label1\" content=\"Temps estimat de lectura\" \/>\n\t<meta name=\"twitter:data1\" content=\"1 minut\" \/>\n<script type=\"application\/ld+json\" class=\"yoast-schema-graph\">{\"@context\":\"https:\\\/\\\/schema.org\",\"@graph\":[{\"@type\":\"WebPage\",\"@id\":\"https:\\\/\\\/www.barcelonaobertura.com\\\/ca\\\/concert\\\/un-ballo-in-maschera-de-verdi\\\/\",\"url\":\"https:\\\/\\\/www.barcelonaobertura.com\\\/ca\\\/concert\\\/un-ballo-in-maschera-de-verdi\\\/\",\"name\":\"Un ballo in maschera de Verdi - Barcelona Obertura\",\"isPartOf\":{\"@id\":\"https:\\\/\\\/www.barcelonaobertura.com\\\/ca\\\/#website\"},\"primaryImageOfPage\":{\"@id\":\"https:\\\/\\\/www.barcelonaobertura.com\\\/ca\\\/concert\\\/un-ballo-in-maschera-de-verdi\\\/#primaryimage\"},\"image\":{\"@id\":\"https:\\\/\\\/www.barcelonaobertura.com\\\/ca\\\/concert\\\/un-ballo-in-maschera-de-verdi\\\/#primaryimage\"},\"thumbnailUrl\":\"https:\\\/\\\/www.barcelonaobertura.com\\\/wp-content\\\/uploads\\\/2023\\\/07\\\/20_UnBalloInMaschera_c-RobertoRucci-copia.webp\",\"datePublished\":\"2023-08-02T09:15:49+00:00\",\"dateModified\":\"2023-08-02T09:16:02+00:00\",\"description\":\"Prepara't per gaudir de Un ballo in maschera de Verdi . Entra per descobrir els membres del repartiment i el repartori.\",\"breadcrumb\":{\"@id\":\"https:\\\/\\\/www.barcelonaobertura.com\\\/ca\\\/concert\\\/un-ballo-in-maschera-de-verdi\\\/#breadcrumb\"},\"inLanguage\":\"ca\",\"potentialAction\":[{\"@type\":\"ReadAction\",\"target\":[\"https:\\\/\\\/www.barcelonaobertura.com\\\/ca\\\/concert\\\/un-ballo-in-maschera-de-verdi\\\/\"]}]},{\"@type\":\"ImageObject\",\"inLanguage\":\"ca\",\"@id\":\"https:\\\/\\\/www.barcelonaobertura.com\\\/ca\\\/concert\\\/un-ballo-in-maschera-de-verdi\\\/#primaryimage\",\"url\":\"https:\\\/\\\/www.barcelonaobertura.com\\\/wp-content\\\/uploads\\\/2023\\\/07\\\/20_UnBalloInMaschera_c-RobertoRucci-copia.webp\",\"contentUrl\":\"https:\\\/\\\/www.barcelonaobertura.com\\\/wp-content\\\/uploads\\\/2023\\\/07\\\/20_UnBalloInMaschera_c-RobertoRucci-copia.webp\",\"width\":1280,\"height\":598},{\"@type\":\"BreadcrumbList\",\"@id\":\"https:\\\/\\\/www.barcelonaobertura.com\\\/ca\\\/concert\\\/un-ballo-in-maschera-de-verdi\\\/#breadcrumb\",\"itemListElement\":[{\"@type\":\"ListItem\",\"position\":1,\"name\":\"Home\",\"item\":\"https:\\\/\\\/www.barcelonaobertura.com\\\/ca\\\/\"},{\"@type\":\"ListItem\",\"position\":2,\"name\":\"Conciertos\",\"item\":\"https:\\\/\\\/www.barcelonaobertura.com\\\/ca\\\/concert\\\/\"},{\"@type\":\"ListItem\",\"position\":3,\"name\":\"Un ballo in maschera de Verdi\"}]},{\"@type\":\"WebSite\",\"@id\":\"https:\\\/\\\/www.barcelonaobertura.com\\\/ca\\\/#website\",\"url\":\"https:\\\/\\\/www.barcelonaobertura.com\\\/ca\\\/\",\"name\":\"Barcelona Obertura\",\"description\":\"Come for the music, Stay for the rest\",\"potentialAction\":[{\"@type\":\"SearchAction\",\"target\":{\"@type\":\"EntryPoint\",\"urlTemplate\":\"https:\\\/\\\/www.barcelonaobertura.com\\\/ca\\\/?s={search_term_string}\"},\"query-input\":{\"@type\":\"PropertyValueSpecification\",\"valueRequired\":true,\"valueName\":\"search_term_string\"}}],\"inLanguage\":\"ca\"}]}<\/script>\n<!-- \/ Yoast SEO plugin. -->","yoast_head_json":{"title":"Un ballo in maschera de Verdi - Barcelona Obertura","description":"Prepara't per gaudir de Un ballo in maschera de Verdi . Entra per descobrir els membres del repartiment i el repartori.","robots":{"index":"index","follow":"follow","max-snippet":"max-snippet:-1","max-image-preview":"max-image-preview:large","max-video-preview":"max-video-preview:-1"},"canonical":"https:\/\/www.barcelonaobertura.com\/ca\/concert\/un-ballo-in-maschera-de-verdi\/","og_locale":"ca_ES","og_type":"article","og_title":"Un ballo in maschera de Verdi - Barcelona Obertura","og_description":"Prepara't per gaudir de Un ballo in maschera de Verdi . Entra per descobrir els membres del repartiment i el repartori.","og_url":"https:\/\/www.barcelonaobertura.com\/ca\/concert\/un-ballo-in-maschera-de-verdi\/","og_site_name":"Barcelona Obertura","article_modified_time":"2023-08-02T09:16:02+00:00","og_image":[{"width":1280,"height":598,"url":"https:\/\/www.barcelonaobertura.com\/wp-content\/uploads\/2023\/07\/20_UnBalloInMaschera_c-RobertoRucci-copia.webp","type":"image\/webp"}],"twitter_card":"summary_large_image","twitter_misc":{"Temps estimat de lectura":"1 minut"},"schema":{"@context":"https:\/\/schema.org","@graph":[{"@type":"WebPage","@id":"https:\/\/www.barcelonaobertura.com\/ca\/concert\/un-ballo-in-maschera-de-verdi\/","url":"https:\/\/www.barcelonaobertura.com\/ca\/concert\/un-ballo-in-maschera-de-verdi\/","name":"Un ballo in maschera de Verdi - Barcelona Obertura","isPartOf":{"@id":"https:\/\/www.barcelonaobertura.com\/ca\/#website"},"primaryImageOfPage":{"@id":"https:\/\/www.barcelonaobertura.com\/ca\/concert\/un-ballo-in-maschera-de-verdi\/#primaryimage"},"image":{"@id":"https:\/\/www.barcelonaobertura.com\/ca\/concert\/un-ballo-in-maschera-de-verdi\/#primaryimage"},"thumbnailUrl":"https:\/\/www.barcelonaobertura.com\/wp-content\/uploads\/2023\/07\/20_UnBalloInMaschera_c-RobertoRucci-copia.webp","datePublished":"2023-08-02T09:15:49+00:00","dateModified":"2023-08-02T09:16:02+00:00","description":"Prepara't per gaudir de Un ballo in maschera de Verdi . Entra per descobrir els membres del repartiment i el repartori.","breadcrumb":{"@id":"https:\/\/www.barcelonaobertura.com\/ca\/concert\/un-ballo-in-maschera-de-verdi\/#breadcrumb"},"inLanguage":"ca","potentialAction":[{"@type":"ReadAction","target":["https:\/\/www.barcelonaobertura.com\/ca\/concert\/un-ballo-in-maschera-de-verdi\/"]}]},{"@type":"ImageObject","inLanguage":"ca","@id":"https:\/\/www.barcelonaobertura.com\/ca\/concert\/un-ballo-in-maschera-de-verdi\/#primaryimage","url":"https:\/\/www.barcelonaobertura.com\/wp-content\/uploads\/2023\/07\/20_UnBalloInMaschera_c-RobertoRucci-copia.webp","contentUrl":"https:\/\/www.barcelonaobertura.com\/wp-content\/uploads\/2023\/07\/20_UnBalloInMaschera_c-RobertoRucci-copia.webp","width":1280,"height":598},{"@type":"BreadcrumbList","@id":"https:\/\/www.barcelonaobertura.com\/ca\/concert\/un-ballo-in-maschera-de-verdi\/#breadcrumb","itemListElement":[{"@type":"ListItem","position":1,"name":"Home","item":"https:\/\/www.barcelonaobertura.com\/ca\/"},{"@type":"ListItem","position":2,"name":"Conciertos","item":"https:\/\/www.barcelonaobertura.com\/ca\/concert\/"},{"@type":"ListItem","position":3,"name":"Un ballo in maschera de Verdi"}]},{"@type":"WebSite","@id":"https:\/\/www.barcelonaobertura.com\/ca\/#website","url":"https:\/\/www.barcelonaobertura.com\/ca\/","name":"Barcelona Obertura","description":"Come for the music, Stay for the rest","potentialAction":[{"@type":"SearchAction","target":{"@type":"EntryPoint","urlTemplate":"https:\/\/www.barcelonaobertura.com\/ca\/?s={search_term_string}"},"query-input":{"@type":"PropertyValueSpecification","valueRequired":true,"valueName":"search_term_string"}}],"inLanguage":"ca"}]}},"_links":{"self":[{"href":"https:\/\/www.barcelonaobertura.com\/ca\/wp-json\/wp\/v2\/concert\/54640","targetHints":{"allow":["GET"]}}],"collection":[{"href":"https:\/\/www.barcelonaobertura.com\/ca\/wp-json\/wp\/v2\/concert"}],"about":[{"href":"https:\/\/www.barcelonaobertura.com\/ca\/wp-json\/wp\/v2\/types\/concert"}],"wp:featuredmedia":[{"embeddable":true,"href":"https:\/\/www.barcelonaobertura.com\/ca\/wp-json\/wp\/v2\/media\/54810"}],"wp:attachment":[{"href":"https:\/\/www.barcelonaobertura.com\/ca\/wp-json\/wp\/v2\/media?parent=54640"}],"curies":[{"name":"wp","href":"https:\/\/api.w.org\/{rel}","templated":true}]}}

<p>Enveges i conspiracions, barrejades amb passions amoroses, política, gelosia, venjances i el perdó final conflueixen en una obra mestra de Verdi. A Nàpols, l’òpera va despertar les ires i prohibicions de la censura: no es podia assassinar un rei a l’escenari, hi havia dificultats per mostrar escenes de bruixeria, davant de la infidelitat hi havia d’haver remordiment i els conspiradors havien d’odiar el duc per raons hereditàries…</p>



<p>L’elegant producció de Graham Vick, escau a l’emocionant drama verdià. Recuperant la versió de l’estrena a Roma, amb la trama situada a Suècia i sense la censura, aquest Ballo trenca amb els codis tradicionals.</p>



<p>Freddie De Tommaso és Riccardo / Gustau III, rei suec enamorat d’Amèlia (Anna Pirozzi), esposa del Conde Anckaström, el seu millor amic i conseller (Artur Ruciński). Quan aquest darrer descobreix l’amor il·lícit, s’uneix a una conspiració per assassinar el rei i es produeix la tragèdia. Daniela Barcellona (Ulrica / Arvidson) és la mèdium que profetitza la traïció i el tràgic final.&nbsp;</p>
