{"id":62232,"date":"2024-07-15T13:01:37","date_gmt":"2024-07-15T13:01:37","guid":{"rendered":"https:\/\/www.barcelonaobertura.com\/?post_type=concert&#038;p=62232"},"modified":"2024-10-15T09:39:36","modified_gmt":"2024-10-15T09:39:36","slug":"vespres-darnadi-dani-espasa","status":"publish","type":"concert","link":"https:\/\/www.barcelonaobertura.com\/ca\/concert\/vespres-darnadi-dani-espasa\/","title":{"rendered":"Vespres d\u2019Arnad\u00ed &amp; Dani Espasa"},"content":{"rendered":"\n<p><em>Les quatre estacions<\/em> de Vivaldi \u00e9s una de les obres m\u00e9s reconegudes de la m\u00fasica cl\u00e0ssica. Evoca paisatges i colors vius de la natura: cels radiants, foc, tempestes i moments de reflexi\u00f3. Aquest viatge musical a trav\u00e9s de les estacions de l&#8217;any i els sons de la natura ser\u00e0 interpretat per <strong>Vespres d\u2019Arnad\u00ed<\/strong> i el seu director <strong>Dani Espasa<\/strong>.<\/p>\n\n\n\n<p>El pas del temps i l&#8217;encant perdurable d&#8217;aquesta composici\u00f3 atemporal han captivat generacions d&#8217;amants de la m\u00fasica<\/p>\n\n\n\n<p><\/p>\n","protected":false},"featured_media":129010,"template":"","class_list":["post-62232","concert","type-concert","status-publish","has-post-thumbnail","hentry","concert-venue-palau-de-la-musica-catalana","concert-season-hivern","concert-year-christmas-in-barcelona-3-ca","play-author-antonio-vivaldi"],"acf":[],"yoast_head":"<!-- This site is optimized with the Yoast SEO plugin v27.4 - https:\/\/yoast.com\/product\/yoast-seo-wordpress\/ -->\n<title>Vespres d\u2019Arnad\u00ed &amp; Dani Espasa - Barcelona Obertura<\/title>\n<meta name=\"description\" content=\"Prepara&#039;t per gaudir de Vespres d\u2019Arnad\u00ed &amp; Dani Espasa . Entra per descobrir els membres del repartiment i el repartori.\" \/>\n<meta name=\"robots\" content=\"index, follow, max-snippet:-1, max-image-preview:large, max-video-preview:-1\" \/>\n<link rel=\"canonical\" href=\"https:\/\/www.barcelonaobertura.com\/ca\/concert\/vespres-darnadi-dani-espasa\/\" \/>\n<meta property=\"og:locale\" content=\"ca_ES\" \/>\n<meta property=\"og:type\" content=\"article\" \/>\n<meta property=\"og:title\" content=\"Vespres d\u2019Arnad\u00ed &amp; Dani Espasa - Barcelona Obertura\" \/>\n<meta property=\"og:description\" content=\"Prepara&#039;t per gaudir de Vespres d\u2019Arnad\u00ed &amp; Dani Espasa . Entra per descobrir els membres del repartiment i el repartori.\" \/>\n<meta property=\"og:url\" content=\"https:\/\/www.barcelonaobertura.com\/ca\/concert\/vespres-darnadi-dani-espasa\/\" \/>\n<meta property=\"og:site_name\" content=\"Barcelona Obertura\" \/>\n<meta property=\"article:modified_time\" content=\"2024-10-15T09:39:36+00:00\" \/>\n<meta property=\"og:image\" content=\"https:\/\/www.barcelonaobertura.com\/wp-content\/uploads\/2024\/07\/10_DaniEspasa_MichalNovak01_500x350.jpg\" \/>\n\t<meta property=\"og:image:width\" content=\"500\" \/>\n\t<meta property=\"og:image:height\" content=\"350\" \/>\n\t<meta property=\"og:image:type\" content=\"image\/jpeg\" \/>\n<meta name=\"twitter:card\" content=\"summary_large_image\" \/>\n<meta name=\"twitter:label1\" content=\"Temps estimat de lectura\" \/>\n\t<meta name=\"twitter:data1\" content=\"1 minut\" \/>\n<script type=\"application\/ld+json\" class=\"yoast-schema-graph\">{\"@context\":\"https:\\\/\\\/schema.org\",\"@graph\":[{\"@type\":\"WebPage\",\"@id\":\"https:\\\/\\\/www.barcelonaobertura.com\\\/ca\\\/concert\\\/vespres-darnadi-dani-espasa\\\/\",\"url\":\"https:\\\/\\\/www.barcelonaobertura.com\\\/ca\\\/concert\\\/vespres-darnadi-dani-espasa\\\/\",\"name\":\"Vespres d\u2019Arnad\u00ed &amp; Dani Espasa - Barcelona Obertura\",\"isPartOf\":{\"@id\":\"https:\\\/\\\/www.barcelonaobertura.com\\\/ca\\\/#website\"},\"primaryImageOfPage\":{\"@id\":\"https:\\\/\\\/www.barcelonaobertura.com\\\/ca\\\/concert\\\/vespres-darnadi-dani-espasa\\\/#primaryimage\"},\"image\":{\"@id\":\"https:\\\/\\\/www.barcelonaobertura.com\\\/ca\\\/concert\\\/vespres-darnadi-dani-espasa\\\/#primaryimage\"},\"thumbnailUrl\":\"https:\\\/\\\/www.barcelonaobertura.com\\\/wp-content\\\/uploads\\\/2024\\\/07\\\/10_DaniEspasa_MichalNovak01_500x350.jpg\",\"datePublished\":\"2024-07-15T13:01:37+00:00\",\"dateModified\":\"2024-10-15T09:39:36+00:00\",\"description\":\"Prepara't per gaudir de Vespres d\u2019Arnad\u00ed &amp; Dani Espasa . Entra per descobrir els membres del repartiment i el repartori.\",\"breadcrumb\":{\"@id\":\"https:\\\/\\\/www.barcelonaobertura.com\\\/ca\\\/concert\\\/vespres-darnadi-dani-espasa\\\/#breadcrumb\"},\"inLanguage\":\"ca\",\"potentialAction\":[{\"@type\":\"ReadAction\",\"target\":[\"https:\\\/\\\/www.barcelonaobertura.com\\\/ca\\\/concert\\\/vespres-darnadi-dani-espasa\\\/\"]}]},{\"@type\":\"ImageObject\",\"inLanguage\":\"ca\",\"@id\":\"https:\\\/\\\/www.barcelonaobertura.com\\\/ca\\\/concert\\\/vespres-darnadi-dani-espasa\\\/#primaryimage\",\"url\":\"https:\\\/\\\/www.barcelonaobertura.com\\\/wp-content\\\/uploads\\\/2024\\\/07\\\/10_DaniEspasa_MichalNovak01_500x350.jpg\",\"contentUrl\":\"https:\\\/\\\/www.barcelonaobertura.com\\\/wp-content\\\/uploads\\\/2024\\\/07\\\/10_DaniEspasa_MichalNovak01_500x350.jpg\",\"width\":500,\"height\":350},{\"@type\":\"BreadcrumbList\",\"@id\":\"https:\\\/\\\/www.barcelonaobertura.com\\\/ca\\\/concert\\\/vespres-darnadi-dani-espasa\\\/#breadcrumb\",\"itemListElement\":[{\"@type\":\"ListItem\",\"position\":1,\"name\":\"Home\",\"item\":\"https:\\\/\\\/www.barcelonaobertura.com\\\/ca\\\/\"},{\"@type\":\"ListItem\",\"position\":2,\"name\":\"Conciertos\",\"item\":\"https:\\\/\\\/www.barcelonaobertura.com\\\/ca\\\/concert\\\/\"},{\"@type\":\"ListItem\",\"position\":3,\"name\":\"Vespres d\u2019Arnad\u00ed &amp; Dani Espasa\"}]},{\"@type\":\"WebSite\",\"@id\":\"https:\\\/\\\/www.barcelonaobertura.com\\\/ca\\\/#website\",\"url\":\"https:\\\/\\\/www.barcelonaobertura.com\\\/ca\\\/\",\"name\":\"Barcelona Obertura\",\"description\":\"Come for the music, Stay for the rest\",\"potentialAction\":[{\"@type\":\"SearchAction\",\"target\":{\"@type\":\"EntryPoint\",\"urlTemplate\":\"https:\\\/\\\/www.barcelonaobertura.com\\\/ca\\\/?s={search_term_string}\"},\"query-input\":{\"@type\":\"PropertyValueSpecification\",\"valueRequired\":true,\"valueName\":\"search_term_string\"}}],\"inLanguage\":\"ca\"}]}<\/script>\n<!-- \/ Yoast SEO plugin. -->","yoast_head_json":{"title":"Vespres d\u2019Arnad\u00ed &amp; Dani Espasa - Barcelona Obertura","description":"Prepara't per gaudir de Vespres d\u2019Arnad\u00ed &amp; Dani Espasa . Entra per descobrir els membres del repartiment i el repartori.","robots":{"index":"index","follow":"follow","max-snippet":"max-snippet:-1","max-image-preview":"max-image-preview:large","max-video-preview":"max-video-preview:-1"},"canonical":"https:\/\/www.barcelonaobertura.com\/ca\/concert\/vespres-darnadi-dani-espasa\/","og_locale":"ca_ES","og_type":"article","og_title":"Vespres d\u2019Arnad\u00ed &amp; Dani Espasa - Barcelona Obertura","og_description":"Prepara't per gaudir de Vespres d\u2019Arnad\u00ed &amp; Dani Espasa . Entra per descobrir els membres del repartiment i el repartori.","og_url":"https:\/\/www.barcelonaobertura.com\/ca\/concert\/vespres-darnadi-dani-espasa\/","og_site_name":"Barcelona Obertura","article_modified_time":"2024-10-15T09:39:36+00:00","og_image":[{"width":500,"height":350,"url":"https:\/\/www.barcelonaobertura.com\/wp-content\/uploads\/2024\/07\/10_DaniEspasa_MichalNovak01_500x350.jpg","type":"image\/jpeg"}],"twitter_card":"summary_large_image","twitter_misc":{"Temps estimat de lectura":"1 minut"},"schema":{"@context":"https:\/\/schema.org","@graph":[{"@type":"WebPage","@id":"https:\/\/www.barcelonaobertura.com\/ca\/concert\/vespres-darnadi-dani-espasa\/","url":"https:\/\/www.barcelonaobertura.com\/ca\/concert\/vespres-darnadi-dani-espasa\/","name":"Vespres d\u2019Arnad\u00ed &amp; Dani Espasa - Barcelona Obertura","isPartOf":{"@id":"https:\/\/www.barcelonaobertura.com\/ca\/#website"},"primaryImageOfPage":{"@id":"https:\/\/www.barcelonaobertura.com\/ca\/concert\/vespres-darnadi-dani-espasa\/#primaryimage"},"image":{"@id":"https:\/\/www.barcelonaobertura.com\/ca\/concert\/vespres-darnadi-dani-espasa\/#primaryimage"},"thumbnailUrl":"https:\/\/www.barcelonaobertura.com\/wp-content\/uploads\/2024\/07\/10_DaniEspasa_MichalNovak01_500x350.jpg","datePublished":"2024-07-15T13:01:37+00:00","dateModified":"2024-10-15T09:39:36+00:00","description":"Prepara't per gaudir de Vespres d\u2019Arnad\u00ed &amp; Dani Espasa . Entra per descobrir els membres del repartiment i el repartori.","breadcrumb":{"@id":"https:\/\/www.barcelonaobertura.com\/ca\/concert\/vespres-darnadi-dani-espasa\/#breadcrumb"},"inLanguage":"ca","potentialAction":[{"@type":"ReadAction","target":["https:\/\/www.barcelonaobertura.com\/ca\/concert\/vespres-darnadi-dani-espasa\/"]}]},{"@type":"ImageObject","inLanguage":"ca","@id":"https:\/\/www.barcelonaobertura.com\/ca\/concert\/vespres-darnadi-dani-espasa\/#primaryimage","url":"https:\/\/www.barcelonaobertura.com\/wp-content\/uploads\/2024\/07\/10_DaniEspasa_MichalNovak01_500x350.jpg","contentUrl":"https:\/\/www.barcelonaobertura.com\/wp-content\/uploads\/2024\/07\/10_DaniEspasa_MichalNovak01_500x350.jpg","width":500,"height":350},{"@type":"BreadcrumbList","@id":"https:\/\/www.barcelonaobertura.com\/ca\/concert\/vespres-darnadi-dani-espasa\/#breadcrumb","itemListElement":[{"@type":"ListItem","position":1,"name":"Home","item":"https:\/\/www.barcelonaobertura.com\/ca\/"},{"@type":"ListItem","position":2,"name":"Conciertos","item":"https:\/\/www.barcelonaobertura.com\/ca\/concert\/"},{"@type":"ListItem","position":3,"name":"Vespres d\u2019Arnad\u00ed &amp; Dani Espasa"}]},{"@type":"WebSite","@id":"https:\/\/www.barcelonaobertura.com\/ca\/#website","url":"https:\/\/www.barcelonaobertura.com\/ca\/","name":"Barcelona Obertura","description":"Come for the music, Stay for the rest","potentialAction":[{"@type":"SearchAction","target":{"@type":"EntryPoint","urlTemplate":"https:\/\/www.barcelonaobertura.com\/ca\/?s={search_term_string}"},"query-input":{"@type":"PropertyValueSpecification","valueRequired":true,"valueName":"search_term_string"}}],"inLanguage":"ca"}]}},"_links":{"self":[{"href":"https:\/\/www.barcelonaobertura.com\/ca\/wp-json\/wp\/v2\/concert\/62232","targetHints":{"allow":["GET"]}}],"collection":[{"href":"https:\/\/www.barcelonaobertura.com\/ca\/wp-json\/wp\/v2\/concert"}],"about":[{"href":"https:\/\/www.barcelonaobertura.com\/ca\/wp-json\/wp\/v2\/types\/concert"}],"wp:featuredmedia":[{"embeddable":true,"href":"https:\/\/www.barcelonaobertura.com\/ca\/wp-json\/wp\/v2\/media\/129010"}],"wp:attachment":[{"href":"https:\/\/www.barcelonaobertura.com\/ca\/wp-json\/wp\/v2\/media?parent=62232"}],"curies":[{"name":"wp","href":"https:\/\/api.w.org\/{rel}","templated":true}]}}

Vespres d’Arnadí &amp; Dani Espasa

<p><em>Les quatre estacions</em> de Vivaldi és una de les obres més reconegudes de la música clàssica. Evoca paisatges i colors vius de la natura: cels radiants, foc, tempestes i moments de reflexió. Aquest viatge musical a través de les estacions de l&#8217;any i els sons de la natura serà interpretat per <strong>Vespres d’Arnadí</strong> i el seu director <strong>Dani Espasa</strong>.</p>



<p>El pas del temps i l&#8217;encant perdurable d&#8217;aquesta composició atemporal han captivat generacions d&#8217;amants de la música</p>



<p></p>

<!-- This site is optimized with the Yoast SEO plugin v27.4 - https://yoast.com/product/yoast-seo-wordpress/ -->
<title>Vespres d’Arnadí &amp; Dani Espasa - Barcelona Obertura</title>
<meta name="description" content="Prepara&#039;t per gaudir de Vespres d’Arnadí &amp; Dani Espasa . Entra per descobrir els membres del repartiment i el repartori." />
<meta name="robots" content="index, follow, max-snippet:-1, max-image-preview:large, max-video-preview:-1" />
<link rel="canonical" href="https://www.barcelonaobertura.com/ca/concert/vespres-darnadi-dani-espasa/" />
<meta property="og:locale" content="ca_ES" />
<meta property="og:type" content="article" />
<meta property="og:title" content="Vespres d’Arnadí &amp; Dani Espasa - Barcelona Obertura" />
<meta property="og:description" content="Prepara&#039;t per gaudir de Vespres d’Arnadí &amp; Dani Espasa . Entra per descobrir els membres del repartiment i el repartori." />
<meta property="og:url" content="https://www.barcelonaobertura.com/ca/concert/vespres-darnadi-dani-espasa/" />
<meta property="og:site_name" content="Barcelona Obertura" />
<meta property="article:modified_time" content="2024-10-15T09:39:36+00:00" />
<meta property="og:image" content="https://www.barcelonaobertura.com/wp-content/uploads/2024/07/10_DaniEspasa_MichalNovak01_500x350.jpg" />
	<meta property="og:image:width" content="500" />
	<meta property="og:image:height" content="350" />
	<meta property="og:image:type" content="image/jpeg" />
<meta name="twitter:card" content="summary_large_image" />
<meta name="twitter:label1" content="Temps estimat de lectura" />
	<meta name="twitter:data1" content="1 minut" />
<script type="application/ld+json" class="yoast-schema-graph">{"@context":"https:\/\/schema.org","@graph":[{"@type":"WebPage","@id":"https:\/\/www.barcelonaobertura.com\/ca\/concert\/vespres-darnadi-dani-espasa\/","url":"https:\/\/www.barcelonaobertura.com\/ca\/concert\/vespres-darnadi-dani-espasa\/","name":"Vespres d’Arnadí &amp; Dani Espasa - Barcelona Obertura","isPartOf":{"@id":"https:\/\/www.barcelonaobertura.com\/ca\/#website"},"primaryImageOfPage":{"@id":"https:\/\/www.barcelonaobertura.com\/ca\/concert\/vespres-darnadi-dani-espasa\/#primaryimage"},"image":{"@id":"https:\/\/www.barcelonaobertura.com\/ca\/concert\/vespres-darnadi-dani-espasa\/#primaryimage"},"thumbnailUrl":"https:\/\/www.barcelonaobertura.com\/wp-content\/uploads\/2024\/07\/10_DaniEspasa_MichalNovak01_500x350.jpg","datePublished":"2024-07-15T13:01:37+00:00","dateModified":"2024-10-15T09:39:36+00:00","description":"Prepara't per gaudir de Vespres d’Arnadí &amp; Dani Espasa . Entra per descobrir els membres del repartiment i el repartori.","breadcrumb":{"@id":"https:\/\/www.barcelonaobertura.com\/ca\/concert\/vespres-darnadi-dani-espasa\/#breadcrumb"},"inLanguage":"ca","potentialAction":[{"@type":"ReadAction","target":["https:\/\/www.barcelonaobertura.com\/ca\/concert\/vespres-darnadi-dani-espasa\/"]}]},{"@type":"ImageObject","inLanguage":"ca","@id":"https:\/\/www.barcelonaobertura.com\/ca\/concert\/vespres-darnadi-dani-espasa\/#primaryimage","url":"https:\/\/www.barcelonaobertura.com\/wp-content\/uploads\/2024\/07\/10_DaniEspasa_MichalNovak01_500x350.jpg","contentUrl":"https:\/\/www.barcelonaobertura.com\/wp-content\/uploads\/2024\/07\/10_DaniEspasa_MichalNovak01_500x350.jpg","width":500,"height":350},{"@type":"BreadcrumbList","@id":"https:\/\/www.barcelonaobertura.com\/ca\/concert\/vespres-darnadi-dani-espasa\/#breadcrumb","itemListElement":[{"@type":"ListItem","position":1,"name":"Home","item":"https:\/\/www.barcelonaobertura.com\/ca\/"},{"@type":"ListItem","position":2,"name":"Conciertos","item":"https:\/\/www.barcelonaobertura.com\/ca\/concert\/"},{"@type":"ListItem","position":3,"name":"Vespres d’Arnadí &amp; Dani Espasa"}]},{"@type":"WebSite","@id":"https:\/\/www.barcelonaobertura.com\/ca\/#website","url":"https:\/\/www.barcelonaobertura.com\/ca\/","name":"Barcelona Obertura","description":"Come for the music, Stay for the rest","potentialAction":[{"@type":"SearchAction","target":{"@type":"EntryPoint","urlTemplate":"https:\/\/www.barcelonaobertura.com\/ca\/?s={search_term_string}"},"query-input":{"@type":"PropertyValueSpecification","valueRequired":true,"valueName":"search_term_string"}}],"inLanguage":"ca"}]}</script>
<!-- / Yoast SEO plugin. -->

Vespres d’Arnadí &amp; Dani Espasa - Barcelona Obertura

Prepara't per gaudir de Vespres d’Arnadí &amp; Dani Espasa . Entra per descobrir els membres del repartiment i el repartori.
