{"id":171351,"date":"2025-12-19T13:01:29","date_gmt":"2025-12-19T13:01:29","guid":{"rendered":"https:\/\/www.barcelonaobertura.com\/ciutat-de-classica\/cor-de-cambra-del-palau-de-la-musica-catalana\/"},"modified":"2026-02-25T09:42:08","modified_gmt":"2026-02-25T09:42:08","slug":"cor-de-cambra-del-palau-de-la-musica-catalana","status":"publish","type":"obertura-city-plus","link":"https:\/\/www.barcelonaobertura.com\/ca\/ciutat-de-classica\/cor-de-cambra-del-palau-de-la-musica-catalana\/","title":{"rendered":"Cor de Cambra del Palau de la M\u00fasica Catalana"},"content":{"rendered":"","protected":false},"featured_media":172038,"template":"","class_list":["post-171351","obertura-city-plus","type-obertura-city-plus","status-publish","has-post-thumbnail","hentry","concert-venue-centre-civic-zona-nord"],"acf":[],"yoast_head":"<!-- This site is optimized with the Yoast SEO plugin v27.4 - https:\/\/yoast.com\/product\/yoast-seo-wordpress\/ -->\n<title>Cor de Cambra del Palau de la M\u00fasica Catalana - Barcelona Obertura<\/title>\n<meta name=\"description\" content=\"Descobreix Ciutat de Cl\u00e0ssica. Una manera diferent d&#039;apropar-se al panorama musical barcelon\u00ed. Un festival de m\u00fasica cl\u00e0ssica obert a tot tipus de p\u00fablic.\" \/>\n<meta name=\"robots\" content=\"index, follow, max-snippet:-1, max-image-preview:large, max-video-preview:-1\" \/>\n<link rel=\"canonical\" href=\"https:\/\/www.barcelonaobertura.com\/ca\/ciutat-de-classica\/cor-de-cambra-del-palau-de-la-musica-catalana\/\" \/>\n<meta property=\"og:locale\" content=\"ca_ES\" \/>\n<meta property=\"og:type\" content=\"article\" \/>\n<meta property=\"og:title\" content=\"Cor de Cambra del Palau de la M\u00fasica Catalana - Barcelona Obertura\" \/>\n<meta property=\"og:description\" content=\"Descobreix Ciutat de Cl\u00e0ssica. Una manera diferent d&#039;apropar-se al panorama musical barcelon\u00ed. Un festival de m\u00fasica cl\u00e0ssica obert a tot tipus de p\u00fablic.\" \/>\n<meta property=\"og:url\" content=\"https:\/\/www.barcelonaobertura.com\/ca\/ciutat-de-classica\/cor-de-cambra-del-palau-de-la-musica-catalana\/\" \/>\n<meta property=\"og:site_name\" content=\"Barcelona Obertura\" \/>\n<meta property=\"article:modified_time\" content=\"2026-02-25T09:42:08+00:00\" \/>\n<meta property=\"og:image\" content=\"https:\/\/www.barcelonaobertura.com\/wp-content\/uploads\/2025\/12\/COR-DE-CAMBRA-DEL-PALAU-DE-LA-MUSICA-CATALANA-cRicardo-Rios-scaled.jpeg\" \/>\n\t<meta property=\"og:image:width\" content=\"2560\" \/>\n\t<meta property=\"og:image:height\" content=\"1808\" \/>\n\t<meta property=\"og:image:type\" content=\"image\/jpeg\" \/>\n<meta name=\"twitter:card\" content=\"summary_large_image\" \/>\n<meta name=\"twitter:label1\" content=\"Temps estimat de lectura\" \/>\n\t<meta name=\"twitter:data1\" content=\"1 minut\" \/>\n<script type=\"application\/ld+json\" class=\"yoast-schema-graph\">{\"@context\":\"https:\\\/\\\/schema.org\",\"@graph\":[{\"@type\":\"WebPage\",\"@id\":\"https:\\\/\\\/www.barcelonaobertura.com\\\/ca\\\/ciutat-de-classica\\\/cor-de-cambra-del-palau-de-la-musica-catalana\\\/\",\"url\":\"https:\\\/\\\/www.barcelonaobertura.com\\\/ca\\\/ciutat-de-classica\\\/cor-de-cambra-del-palau-de-la-musica-catalana\\\/\",\"name\":\"Cor de Cambra del Palau de la M\u00fasica Catalana - Barcelona Obertura\",\"isPartOf\":{\"@id\":\"https:\\\/\\\/www.barcelonaobertura.com\\\/ca\\\/#website\"},\"primaryImageOfPage\":{\"@id\":\"https:\\\/\\\/www.barcelonaobertura.com\\\/ca\\\/ciutat-de-classica\\\/cor-de-cambra-del-palau-de-la-musica-catalana\\\/#primaryimage\"},\"image\":{\"@id\":\"https:\\\/\\\/www.barcelonaobertura.com\\\/ca\\\/ciutat-de-classica\\\/cor-de-cambra-del-palau-de-la-musica-catalana\\\/#primaryimage\"},\"thumbnailUrl\":\"https:\\\/\\\/www.barcelonaobertura.com\\\/wp-content\\\/uploads\\\/2025\\\/12\\\/COR-DE-CAMBRA-DEL-PALAU-DE-LA-MUSICA-CATALANA-cRicardo-Rios-scaled.jpeg\",\"datePublished\":\"2025-12-19T13:01:29+00:00\",\"dateModified\":\"2026-02-25T09:42:08+00:00\",\"description\":\"Descobreix Ciutat de Cl\u00e0ssica. Una manera diferent d'apropar-se al panorama musical barcelon\u00ed. Un festival de m\u00fasica cl\u00e0ssica obert a tot tipus de p\u00fablic.\",\"breadcrumb\":{\"@id\":\"https:\\\/\\\/www.barcelonaobertura.com\\\/ca\\\/ciutat-de-classica\\\/cor-de-cambra-del-palau-de-la-musica-catalana\\\/#breadcrumb\"},\"inLanguage\":\"ca\",\"potentialAction\":[{\"@type\":\"ReadAction\",\"target\":[\"https:\\\/\\\/www.barcelonaobertura.com\\\/ca\\\/ciutat-de-classica\\\/cor-de-cambra-del-palau-de-la-musica-catalana\\\/\"]}]},{\"@type\":\"ImageObject\",\"inLanguage\":\"ca\",\"@id\":\"https:\\\/\\\/www.barcelonaobertura.com\\\/ca\\\/ciutat-de-classica\\\/cor-de-cambra-del-palau-de-la-musica-catalana\\\/#primaryimage\",\"url\":\"https:\\\/\\\/www.barcelonaobertura.com\\\/wp-content\\\/uploads\\\/2025\\\/12\\\/COR-DE-CAMBRA-DEL-PALAU-DE-LA-MUSICA-CATALANA-cRicardo-Rios-scaled.jpeg\",\"contentUrl\":\"https:\\\/\\\/www.barcelonaobertura.com\\\/wp-content\\\/uploads\\\/2025\\\/12\\\/COR-DE-CAMBRA-DEL-PALAU-DE-LA-MUSICA-CATALANA-cRicardo-Rios-scaled.jpeg\",\"width\":2560,\"height\":1808},{\"@type\":\"BreadcrumbList\",\"@id\":\"https:\\\/\\\/www.barcelonaobertura.com\\\/ca\\\/ciutat-de-classica\\\/cor-de-cambra-del-palau-de-la-musica-catalana\\\/#breadcrumb\",\"itemListElement\":[{\"@type\":\"ListItem\",\"position\":1,\"name\":\"Home\",\"item\":\"https:\\\/\\\/www.barcelonaobertura.com\\\/ca\\\/\"},{\"@type\":\"ListItem\",\"position\":2,\"name\":\"Ciutat de cl\u00e0ssica\",\"item\":\"https:\\\/\\\/www.barcelonaobertura.com\\\/ca\\\/ciutat-de-classica\\\/\"},{\"@type\":\"ListItem\",\"position\":3,\"name\":\"Cor de Cambra del Palau de la M\u00fasica Catalana\"}]},{\"@type\":\"WebSite\",\"@id\":\"https:\\\/\\\/www.barcelonaobertura.com\\\/ca\\\/#website\",\"url\":\"https:\\\/\\\/www.barcelonaobertura.com\\\/ca\\\/\",\"name\":\"Barcelona Obertura\",\"description\":\"Come for the music, Stay for the rest\",\"potentialAction\":[{\"@type\":\"SearchAction\",\"target\":{\"@type\":\"EntryPoint\",\"urlTemplate\":\"https:\\\/\\\/www.barcelonaobertura.com\\\/ca\\\/?s={search_term_string}\"},\"query-input\":{\"@type\":\"PropertyValueSpecification\",\"valueRequired\":true,\"valueName\":\"search_term_string\"}}],\"inLanguage\":\"ca\"}]}<\/script>\n<!-- \/ Yoast SEO plugin. -->","yoast_head_json":{"title":"Cor de Cambra del Palau de la M\u00fasica Catalana - Barcelona Obertura","description":"Descobreix Ciutat de Cl\u00e0ssica. Una manera diferent d'apropar-se al panorama musical barcelon\u00ed. Un festival de m\u00fasica cl\u00e0ssica obert a tot tipus de p\u00fablic.","robots":{"index":"index","follow":"follow","max-snippet":"max-snippet:-1","max-image-preview":"max-image-preview:large","max-video-preview":"max-video-preview:-1"},"canonical":"https:\/\/www.barcelonaobertura.com\/ca\/ciutat-de-classica\/cor-de-cambra-del-palau-de-la-musica-catalana\/","og_locale":"ca_ES","og_type":"article","og_title":"Cor de Cambra del Palau de la M\u00fasica Catalana - Barcelona Obertura","og_description":"Descobreix Ciutat de Cl\u00e0ssica. Una manera diferent d'apropar-se al panorama musical barcelon\u00ed. Un festival de m\u00fasica cl\u00e0ssica obert a tot tipus de p\u00fablic.","og_url":"https:\/\/www.barcelonaobertura.com\/ca\/ciutat-de-classica\/cor-de-cambra-del-palau-de-la-musica-catalana\/","og_site_name":"Barcelona Obertura","article_modified_time":"2026-02-25T09:42:08+00:00","og_image":[{"width":2560,"height":1808,"url":"https:\/\/www.barcelonaobertura.com\/wp-content\/uploads\/2025\/12\/COR-DE-CAMBRA-DEL-PALAU-DE-LA-MUSICA-CATALANA-cRicardo-Rios-scaled.jpeg","type":"image\/jpeg"}],"twitter_card":"summary_large_image","twitter_misc":{"Temps estimat de lectura":"1 minut"},"schema":{"@context":"https:\/\/schema.org","@graph":[{"@type":"WebPage","@id":"https:\/\/www.barcelonaobertura.com\/ca\/ciutat-de-classica\/cor-de-cambra-del-palau-de-la-musica-catalana\/","url":"https:\/\/www.barcelonaobertura.com\/ca\/ciutat-de-classica\/cor-de-cambra-del-palau-de-la-musica-catalana\/","name":"Cor de Cambra del Palau de la M\u00fasica Catalana - Barcelona Obertura","isPartOf":{"@id":"https:\/\/www.barcelonaobertura.com\/ca\/#website"},"primaryImageOfPage":{"@id":"https:\/\/www.barcelonaobertura.com\/ca\/ciutat-de-classica\/cor-de-cambra-del-palau-de-la-musica-catalana\/#primaryimage"},"image":{"@id":"https:\/\/www.barcelonaobertura.com\/ca\/ciutat-de-classica\/cor-de-cambra-del-palau-de-la-musica-catalana\/#primaryimage"},"thumbnailUrl":"https:\/\/www.barcelonaobertura.com\/wp-content\/uploads\/2025\/12\/COR-DE-CAMBRA-DEL-PALAU-DE-LA-MUSICA-CATALANA-cRicardo-Rios-scaled.jpeg","datePublished":"2025-12-19T13:01:29+00:00","dateModified":"2026-02-25T09:42:08+00:00","description":"Descobreix Ciutat de Cl\u00e0ssica. Una manera diferent d'apropar-se al panorama musical barcelon\u00ed. Un festival de m\u00fasica cl\u00e0ssica obert a tot tipus de p\u00fablic.","breadcrumb":{"@id":"https:\/\/www.barcelonaobertura.com\/ca\/ciutat-de-classica\/cor-de-cambra-del-palau-de-la-musica-catalana\/#breadcrumb"},"inLanguage":"ca","potentialAction":[{"@type":"ReadAction","target":["https:\/\/www.barcelonaobertura.com\/ca\/ciutat-de-classica\/cor-de-cambra-del-palau-de-la-musica-catalana\/"]}]},{"@type":"ImageObject","inLanguage":"ca","@id":"https:\/\/www.barcelonaobertura.com\/ca\/ciutat-de-classica\/cor-de-cambra-del-palau-de-la-musica-catalana\/#primaryimage","url":"https:\/\/www.barcelonaobertura.com\/wp-content\/uploads\/2025\/12\/COR-DE-CAMBRA-DEL-PALAU-DE-LA-MUSICA-CATALANA-cRicardo-Rios-scaled.jpeg","contentUrl":"https:\/\/www.barcelonaobertura.com\/wp-content\/uploads\/2025\/12\/COR-DE-CAMBRA-DEL-PALAU-DE-LA-MUSICA-CATALANA-cRicardo-Rios-scaled.jpeg","width":2560,"height":1808},{"@type":"BreadcrumbList","@id":"https:\/\/www.barcelonaobertura.com\/ca\/ciutat-de-classica\/cor-de-cambra-del-palau-de-la-musica-catalana\/#breadcrumb","itemListElement":[{"@type":"ListItem","position":1,"name":"Home","item":"https:\/\/www.barcelonaobertura.com\/ca\/"},{"@type":"ListItem","position":2,"name":"Ciutat de cl\u00e0ssica","item":"https:\/\/www.barcelonaobertura.com\/ca\/ciutat-de-classica\/"},{"@type":"ListItem","position":3,"name":"Cor de Cambra del Palau de la M\u00fasica Catalana"}]},{"@type":"WebSite","@id":"https:\/\/www.barcelonaobertura.com\/ca\/#website","url":"https:\/\/www.barcelonaobertura.com\/ca\/","name":"Barcelona Obertura","description":"Come for the music, Stay for the rest","potentialAction":[{"@type":"SearchAction","target":{"@type":"EntryPoint","urlTemplate":"https:\/\/www.barcelonaobertura.com\/ca\/?s={search_term_string}"},"query-input":{"@type":"PropertyValueSpecification","valueRequired":true,"valueName":"search_term_string"}}],"inLanguage":"ca"}]}},"_links":{"self":[{"href":"https:\/\/www.barcelonaobertura.com\/ca\/wp-json\/wp\/v2\/obertura-city-plus\/171351","targetHints":{"allow":["GET"]}}],"collection":[{"href":"https:\/\/www.barcelonaobertura.com\/ca\/wp-json\/wp\/v2\/obertura-city-plus"}],"about":[{"href":"https:\/\/www.barcelonaobertura.com\/ca\/wp-json\/wp\/v2\/types\/obertura-city-plus"}],"wp:featuredmedia":[{"embeddable":true,"href":"https:\/\/www.barcelonaobertura.com\/ca\/wp-json\/wp\/v2\/media\/172038"}],"wp:attachment":[{"href":"https:\/\/www.barcelonaobertura.com\/ca\/wp-json\/wp\/v2\/media?parent=171351"}],"curies":[{"name":"wp","href":"https:\/\/api.w.org\/{rel}","templated":true}]}}

Cor de Cambra del Palau de la Música Catalana

<!-- This site is optimized with the Yoast SEO plugin v27.4 - https://yoast.com/product/yoast-seo-wordpress/ -->
<title>Cor de Cambra del Palau de la Música Catalana - Barcelona Obertura</title>
<meta name="description" content="Descobreix Ciutat de Clàssica. Una manera diferent d&#039;apropar-se al panorama musical barceloní. Un festival de música clàssica obert a tot tipus de públic." />
<meta name="robots" content="index, follow, max-snippet:-1, max-image-preview:large, max-video-preview:-1" />
<link rel="canonical" href="https://www.barcelonaobertura.com/ca/ciutat-de-classica/cor-de-cambra-del-palau-de-la-musica-catalana/" />
<meta property="og:locale" content="ca_ES" />
<meta property="og:type" content="article" />
<meta property="og:title" content="Cor de Cambra del Palau de la Música Catalana - Barcelona Obertura" />
<meta property="og:description" content="Descobreix Ciutat de Clàssica. Una manera diferent d&#039;apropar-se al panorama musical barceloní. Un festival de música clàssica obert a tot tipus de públic." />
<meta property="og:url" content="https://www.barcelonaobertura.com/ca/ciutat-de-classica/cor-de-cambra-del-palau-de-la-musica-catalana/" />
<meta property="og:site_name" content="Barcelona Obertura" />
<meta property="article:modified_time" content="2026-02-25T09:42:08+00:00" />
<meta property="og:image" content="https://www.barcelonaobertura.com/wp-content/uploads/2025/12/COR-DE-CAMBRA-DEL-PALAU-DE-LA-MUSICA-CATALANA-cRicardo-Rios-scaled.jpeg" />
	<meta property="og:image:width" content="2560" />
	<meta property="og:image:height" content="1808" />
	<meta property="og:image:type" content="image/jpeg" />
<meta name="twitter:card" content="summary_large_image" />
<meta name="twitter:label1" content="Temps estimat de lectura" />
	<meta name="twitter:data1" content="1 minut" />
<script type="application/ld+json" class="yoast-schema-graph">{"@context":"https:\/\/schema.org","@graph":[{"@type":"WebPage","@id":"https:\/\/www.barcelonaobertura.com\/ca\/ciutat-de-classica\/cor-de-cambra-del-palau-de-la-musica-catalana\/","url":"https:\/\/www.barcelonaobertura.com\/ca\/ciutat-de-classica\/cor-de-cambra-del-palau-de-la-musica-catalana\/","name":"Cor de Cambra del Palau de la Música Catalana - Barcelona Obertura","isPartOf":{"@id":"https:\/\/www.barcelonaobertura.com\/ca\/#website"},"primaryImageOfPage":{"@id":"https:\/\/www.barcelonaobertura.com\/ca\/ciutat-de-classica\/cor-de-cambra-del-palau-de-la-musica-catalana\/#primaryimage"},"image":{"@id":"https:\/\/www.barcelonaobertura.com\/ca\/ciutat-de-classica\/cor-de-cambra-del-palau-de-la-musica-catalana\/#primaryimage"},"thumbnailUrl":"https:\/\/www.barcelonaobertura.com\/wp-content\/uploads\/2025\/12\/COR-DE-CAMBRA-DEL-PALAU-DE-LA-MUSICA-CATALANA-cRicardo-Rios-scaled.jpeg","datePublished":"2025-12-19T13:01:29+00:00","dateModified":"2026-02-25T09:42:08+00:00","description":"Descobreix Ciutat de Clàssica. Una manera diferent d'apropar-se al panorama musical barceloní. Un festival de música clàssica obert a tot tipus de públic.","breadcrumb":{"@id":"https:\/\/www.barcelonaobertura.com\/ca\/ciutat-de-classica\/cor-de-cambra-del-palau-de-la-musica-catalana\/#breadcrumb"},"inLanguage":"ca","potentialAction":[{"@type":"ReadAction","target":["https:\/\/www.barcelonaobertura.com\/ca\/ciutat-de-classica\/cor-de-cambra-del-palau-de-la-musica-catalana\/"]}]},{"@type":"ImageObject","inLanguage":"ca","@id":"https:\/\/www.barcelonaobertura.com\/ca\/ciutat-de-classica\/cor-de-cambra-del-palau-de-la-musica-catalana\/#primaryimage","url":"https:\/\/www.barcelonaobertura.com\/wp-content\/uploads\/2025\/12\/COR-DE-CAMBRA-DEL-PALAU-DE-LA-MUSICA-CATALANA-cRicardo-Rios-scaled.jpeg","contentUrl":"https:\/\/www.barcelonaobertura.com\/wp-content\/uploads\/2025\/12\/COR-DE-CAMBRA-DEL-PALAU-DE-LA-MUSICA-CATALANA-cRicardo-Rios-scaled.jpeg","width":2560,"height":1808},{"@type":"BreadcrumbList","@id":"https:\/\/www.barcelonaobertura.com\/ca\/ciutat-de-classica\/cor-de-cambra-del-palau-de-la-musica-catalana\/#breadcrumb","itemListElement":[{"@type":"ListItem","position":1,"name":"Home","item":"https:\/\/www.barcelonaobertura.com\/ca\/"},{"@type":"ListItem","position":2,"name":"Ciutat de clàssica","item":"https:\/\/www.barcelonaobertura.com\/ca\/ciutat-de-classica\/"},{"@type":"ListItem","position":3,"name":"Cor de Cambra del Palau de la Música Catalana"}]},{"@type":"WebSite","@id":"https:\/\/www.barcelonaobertura.com\/ca\/#website","url":"https:\/\/www.barcelonaobertura.com\/ca\/","name":"Barcelona Obertura","description":"Come for the music, Stay for the rest","potentialAction":[{"@type":"SearchAction","target":{"@type":"EntryPoint","urlTemplate":"https:\/\/www.barcelonaobertura.com\/ca\/?s={search_term_string}"},"query-input":{"@type":"PropertyValueSpecification","valueRequired":true,"valueName":"search_term_string"}}],"inLanguage":"ca"}]}</script>
<!-- / Yoast SEO plugin. -->

Cor de Cambra del Palau de la Música Catalana - Barcelona Obertura

Descobreix Ciutat de Clàssica. Una manera diferent d'apropar-se al panorama musical barceloní. Un festival de música clàssica obert a tot tipus de públic.

Ciutat de clàssica
