{"id":171385,"date":"2025-12-18T13:20:52","date_gmt":"2025-12-18T13:20:52","guid":{"rendered":"https:\/\/www.barcelonaobertura.com\/ciutat-de-classica\/quartet-de-corda-de-lobc\/"},"modified":"2026-02-25T09:19:14","modified_gmt":"2026-02-25T09:19:14","slug":"quartet-de-corda-de-lobc","status":"publish","type":"obertura-city-plus","link":"https:\/\/www.barcelonaobertura.com\/ca\/ciutat-de-classica\/quartet-de-corda-de-lobc\/","title":{"rendered":"Quartet de corda OBC"},"content":{"rendered":"\n<p><\/p>\n","protected":false},"featured_media":170985,"template":"","class_list":["post-171385","obertura-city-plus","type-obertura-city-plus","status-publish","has-post-thumbnail","hentry","concert-venue-casa-batllo"],"acf":[],"yoast_head":"<!-- This site is optimized with the Yoast SEO plugin v27.4 - https:\/\/yoast.com\/product\/yoast-seo-wordpress\/ -->\n<title>Quartet de corda OBC - Barcelona Obertura<\/title>\n<meta name=\"description\" content=\"Descobreix Ciutat de Cl\u00e0ssica. Una manera diferent d&#039;apropar-se al panorama musical barcelon\u00ed. Un festival de m\u00fasica cl\u00e0ssica obert a tot tipus de p\u00fablic.\" \/>\n<meta name=\"robots\" content=\"index, follow, max-snippet:-1, max-image-preview:large, max-video-preview:-1\" \/>\n<link rel=\"canonical\" href=\"https:\/\/www.barcelonaobertura.com\/ca\/ciutat-de-classica\/quartet-de-corda-de-lobc\/\" \/>\n<meta property=\"og:locale\" content=\"ca_ES\" \/>\n<meta property=\"og:type\" content=\"article\" \/>\n<meta property=\"og:title\" content=\"Quartet de corda OBC - Barcelona Obertura\" \/>\n<meta property=\"og:description\" content=\"Descobreix Ciutat de Cl\u00e0ssica. Una manera diferent d&#039;apropar-se al panorama musical barcelon\u00ed. Un festival de m\u00fasica cl\u00e0ssica obert a tot tipus de p\u00fablic.\" \/>\n<meta property=\"og:url\" content=\"https:\/\/www.barcelonaobertura.com\/ca\/ciutat-de-classica\/quartet-de-corda-de-lobc\/\" \/>\n<meta property=\"og:site_name\" content=\"Barcelona Obertura\" \/>\n<meta property=\"article:modified_time\" content=\"2026-02-25T09:19:14+00:00\" \/>\n<meta property=\"og:image\" content=\"https:\/\/www.barcelonaobertura.com\/wp-content\/uploads\/2025\/11\/25-04-01-CASA-BATLLO-EXTERIOR-4-scaled.jpg\" \/>\n\t<meta property=\"og:image:width\" content=\"2560\" \/>\n\t<meta property=\"og:image:height\" content=\"1707\" \/>\n\t<meta property=\"og:image:type\" content=\"image\/jpeg\" \/>\n<meta name=\"twitter:card\" content=\"summary_large_image\" \/>\n<meta name=\"twitter:label1\" content=\"Temps estimat de lectura\" \/>\n\t<meta name=\"twitter:data1\" content=\"1 minut\" \/>\n<script type=\"application\/ld+json\" class=\"yoast-schema-graph\">{\"@context\":\"https:\\\/\\\/schema.org\",\"@graph\":[{\"@type\":\"WebPage\",\"@id\":\"https:\\\/\\\/www.barcelonaobertura.com\\\/ca\\\/ciutat-de-classica\\\/quartet-de-corda-de-lobc\\\/\",\"url\":\"https:\\\/\\\/www.barcelonaobertura.com\\\/ca\\\/ciutat-de-classica\\\/quartet-de-corda-de-lobc\\\/\",\"name\":\"Quartet de corda OBC - Barcelona Obertura\",\"isPartOf\":{\"@id\":\"https:\\\/\\\/www.barcelonaobertura.com\\\/ca\\\/#website\"},\"primaryImageOfPage\":{\"@id\":\"https:\\\/\\\/www.barcelonaobertura.com\\\/ca\\\/ciutat-de-classica\\\/quartet-de-corda-de-lobc\\\/#primaryimage\"},\"image\":{\"@id\":\"https:\\\/\\\/www.barcelonaobertura.com\\\/ca\\\/ciutat-de-classica\\\/quartet-de-corda-de-lobc\\\/#primaryimage\"},\"thumbnailUrl\":\"https:\\\/\\\/www.barcelonaobertura.com\\\/wp-content\\\/uploads\\\/2025\\\/11\\\/25-04-01-CASA-BATLLO-EXTERIOR-4-scaled.jpg\",\"datePublished\":\"2025-12-18T13:20:52+00:00\",\"dateModified\":\"2026-02-25T09:19:14+00:00\",\"description\":\"Descobreix Ciutat de Cl\u00e0ssica. Una manera diferent d'apropar-se al panorama musical barcelon\u00ed. Un festival de m\u00fasica cl\u00e0ssica obert a tot tipus de p\u00fablic.\",\"breadcrumb\":{\"@id\":\"https:\\\/\\\/www.barcelonaobertura.com\\\/ca\\\/ciutat-de-classica\\\/quartet-de-corda-de-lobc\\\/#breadcrumb\"},\"inLanguage\":\"ca\",\"potentialAction\":[{\"@type\":\"ReadAction\",\"target\":[\"https:\\\/\\\/www.barcelonaobertura.com\\\/ca\\\/ciutat-de-classica\\\/quartet-de-corda-de-lobc\\\/\"]}]},{\"@type\":\"ImageObject\",\"inLanguage\":\"ca\",\"@id\":\"https:\\\/\\\/www.barcelonaobertura.com\\\/ca\\\/ciutat-de-classica\\\/quartet-de-corda-de-lobc\\\/#primaryimage\",\"url\":\"https:\\\/\\\/www.barcelonaobertura.com\\\/wp-content\\\/uploads\\\/2025\\\/11\\\/25-04-01-CASA-BATLLO-EXTERIOR-4-scaled.jpg\",\"contentUrl\":\"https:\\\/\\\/www.barcelonaobertura.com\\\/wp-content\\\/uploads\\\/2025\\\/11\\\/25-04-01-CASA-BATLLO-EXTERIOR-4-scaled.jpg\",\"width\":2560,\"height\":1707},{\"@type\":\"BreadcrumbList\",\"@id\":\"https:\\\/\\\/www.barcelonaobertura.com\\\/ca\\\/ciutat-de-classica\\\/quartet-de-corda-de-lobc\\\/#breadcrumb\",\"itemListElement\":[{\"@type\":\"ListItem\",\"position\":1,\"name\":\"Home\",\"item\":\"https:\\\/\\\/www.barcelonaobertura.com\\\/ca\\\/\"},{\"@type\":\"ListItem\",\"position\":2,\"name\":\"Ciutat de cl\u00e0ssica\",\"item\":\"https:\\\/\\\/www.barcelonaobertura.com\\\/ca\\\/ciutat-de-classica\\\/\"},{\"@type\":\"ListItem\",\"position\":3,\"name\":\"Quartet de corda OBC\"}]},{\"@type\":\"WebSite\",\"@id\":\"https:\\\/\\\/www.barcelonaobertura.com\\\/ca\\\/#website\",\"url\":\"https:\\\/\\\/www.barcelonaobertura.com\\\/ca\\\/\",\"name\":\"Barcelona Obertura\",\"description\":\"Come for the music, Stay for the rest\",\"potentialAction\":[{\"@type\":\"SearchAction\",\"target\":{\"@type\":\"EntryPoint\",\"urlTemplate\":\"https:\\\/\\\/www.barcelonaobertura.com\\\/ca\\\/?s={search_term_string}\"},\"query-input\":{\"@type\":\"PropertyValueSpecification\",\"valueRequired\":true,\"valueName\":\"search_term_string\"}}],\"inLanguage\":\"ca\"}]}<\/script>\n<!-- \/ Yoast SEO plugin. -->","yoast_head_json":{"title":"Quartet de corda OBC - Barcelona Obertura","description":"Descobreix Ciutat de Cl\u00e0ssica. Una manera diferent d'apropar-se al panorama musical barcelon\u00ed. Un festival de m\u00fasica cl\u00e0ssica obert a tot tipus de p\u00fablic.","robots":{"index":"index","follow":"follow","max-snippet":"max-snippet:-1","max-image-preview":"max-image-preview:large","max-video-preview":"max-video-preview:-1"},"canonical":"https:\/\/www.barcelonaobertura.com\/ca\/ciutat-de-classica\/quartet-de-corda-de-lobc\/","og_locale":"ca_ES","og_type":"article","og_title":"Quartet de corda OBC - Barcelona Obertura","og_description":"Descobreix Ciutat de Cl\u00e0ssica. Una manera diferent d'apropar-se al panorama musical barcelon\u00ed. Un festival de m\u00fasica cl\u00e0ssica obert a tot tipus de p\u00fablic.","og_url":"https:\/\/www.barcelonaobertura.com\/ca\/ciutat-de-classica\/quartet-de-corda-de-lobc\/","og_site_name":"Barcelona Obertura","article_modified_time":"2026-02-25T09:19:14+00:00","og_image":[{"width":2560,"height":1707,"url":"https:\/\/www.barcelonaobertura.com\/wp-content\/uploads\/2025\/11\/25-04-01-CASA-BATLLO-EXTERIOR-4-scaled.jpg","type":"image\/jpeg"}],"twitter_card":"summary_large_image","twitter_misc":{"Temps estimat de lectura":"1 minut"},"schema":{"@context":"https:\/\/schema.org","@graph":[{"@type":"WebPage","@id":"https:\/\/www.barcelonaobertura.com\/ca\/ciutat-de-classica\/quartet-de-corda-de-lobc\/","url":"https:\/\/www.barcelonaobertura.com\/ca\/ciutat-de-classica\/quartet-de-corda-de-lobc\/","name":"Quartet de corda OBC - Barcelona Obertura","isPartOf":{"@id":"https:\/\/www.barcelonaobertura.com\/ca\/#website"},"primaryImageOfPage":{"@id":"https:\/\/www.barcelonaobertura.com\/ca\/ciutat-de-classica\/quartet-de-corda-de-lobc\/#primaryimage"},"image":{"@id":"https:\/\/www.barcelonaobertura.com\/ca\/ciutat-de-classica\/quartet-de-corda-de-lobc\/#primaryimage"},"thumbnailUrl":"https:\/\/www.barcelonaobertura.com\/wp-content\/uploads\/2025\/11\/25-04-01-CASA-BATLLO-EXTERIOR-4-scaled.jpg","datePublished":"2025-12-18T13:20:52+00:00","dateModified":"2026-02-25T09:19:14+00:00","description":"Descobreix Ciutat de Cl\u00e0ssica. Una manera diferent d'apropar-se al panorama musical barcelon\u00ed. Un festival de m\u00fasica cl\u00e0ssica obert a tot tipus de p\u00fablic.","breadcrumb":{"@id":"https:\/\/www.barcelonaobertura.com\/ca\/ciutat-de-classica\/quartet-de-corda-de-lobc\/#breadcrumb"},"inLanguage":"ca","potentialAction":[{"@type":"ReadAction","target":["https:\/\/www.barcelonaobertura.com\/ca\/ciutat-de-classica\/quartet-de-corda-de-lobc\/"]}]},{"@type":"ImageObject","inLanguage":"ca","@id":"https:\/\/www.barcelonaobertura.com\/ca\/ciutat-de-classica\/quartet-de-corda-de-lobc\/#primaryimage","url":"https:\/\/www.barcelonaobertura.com\/wp-content\/uploads\/2025\/11\/25-04-01-CASA-BATLLO-EXTERIOR-4-scaled.jpg","contentUrl":"https:\/\/www.barcelonaobertura.com\/wp-content\/uploads\/2025\/11\/25-04-01-CASA-BATLLO-EXTERIOR-4-scaled.jpg","width":2560,"height":1707},{"@type":"BreadcrumbList","@id":"https:\/\/www.barcelonaobertura.com\/ca\/ciutat-de-classica\/quartet-de-corda-de-lobc\/#breadcrumb","itemListElement":[{"@type":"ListItem","position":1,"name":"Home","item":"https:\/\/www.barcelonaobertura.com\/ca\/"},{"@type":"ListItem","position":2,"name":"Ciutat de cl\u00e0ssica","item":"https:\/\/www.barcelonaobertura.com\/ca\/ciutat-de-classica\/"},{"@type":"ListItem","position":3,"name":"Quartet de corda OBC"}]},{"@type":"WebSite","@id":"https:\/\/www.barcelonaobertura.com\/ca\/#website","url":"https:\/\/www.barcelonaobertura.com\/ca\/","name":"Barcelona Obertura","description":"Come for the music, Stay for the rest","potentialAction":[{"@type":"SearchAction","target":{"@type":"EntryPoint","urlTemplate":"https:\/\/www.barcelonaobertura.com\/ca\/?s={search_term_string}"},"query-input":{"@type":"PropertyValueSpecification","valueRequired":true,"valueName":"search_term_string"}}],"inLanguage":"ca"}]}},"_links":{"self":[{"href":"https:\/\/www.barcelonaobertura.com\/ca\/wp-json\/wp\/v2\/obertura-city-plus\/171385","targetHints":{"allow":["GET"]}}],"collection":[{"href":"https:\/\/www.barcelonaobertura.com\/ca\/wp-json\/wp\/v2\/obertura-city-plus"}],"about":[{"href":"https:\/\/www.barcelonaobertura.com\/ca\/wp-json\/wp\/v2\/types\/obertura-city-plus"}],"wp:featuredmedia":[{"embeddable":true,"href":"https:\/\/www.barcelonaobertura.com\/ca\/wp-json\/wp\/v2\/media\/170985"}],"wp:attachment":[{"href":"https:\/\/www.barcelonaobertura.com\/ca\/wp-json\/wp\/v2\/media?parent=171385"}],"curies":[{"name":"wp","href":"https:\/\/api.w.org\/{rel}","templated":true}]}}

<!-- This site is optimized with the Yoast SEO plugin v27.4 - https://yoast.com/product/yoast-seo-wordpress/ -->
<title>Quartet de corda OBC - Barcelona Obertura</title>
<meta name="description" content="Descobreix Ciutat de Clàssica. Una manera diferent d&#039;apropar-se al panorama musical barceloní. Un festival de música clàssica obert a tot tipus de públic." />
<meta name="robots" content="index, follow, max-snippet:-1, max-image-preview:large, max-video-preview:-1" />
<link rel="canonical" href="https://www.barcelonaobertura.com/ca/ciutat-de-classica/quartet-de-corda-de-lobc/" />
<meta property="og:locale" content="ca_ES" />
<meta property="og:type" content="article" />
<meta property="og:title" content="Quartet de corda OBC - Barcelona Obertura" />
<meta property="og:description" content="Descobreix Ciutat de Clàssica. Una manera diferent d&#039;apropar-se al panorama musical barceloní. Un festival de música clàssica obert a tot tipus de públic." />
<meta property="og:url" content="https://www.barcelonaobertura.com/ca/ciutat-de-classica/quartet-de-corda-de-lobc/" />
<meta property="og:site_name" content="Barcelona Obertura" />
<meta property="article:modified_time" content="2026-02-25T09:19:14+00:00" />
<meta property="og:image" content="https://www.barcelonaobertura.com/wp-content/uploads/2025/11/25-04-01-CASA-BATLLO-EXTERIOR-4-scaled.jpg" />
	<meta property="og:image:width" content="2560" />
	<meta property="og:image:height" content="1707" />
	<meta property="og:image:type" content="image/jpeg" />
<meta name="twitter:card" content="summary_large_image" />
<meta name="twitter:label1" content="Temps estimat de lectura" />
	<meta name="twitter:data1" content="1 minut" />
<script type="application/ld+json" class="yoast-schema-graph">{"@context":"https:\/\/schema.org","@graph":[{"@type":"WebPage","@id":"https:\/\/www.barcelonaobertura.com\/ca\/ciutat-de-classica\/quartet-de-corda-de-lobc\/","url":"https:\/\/www.barcelonaobertura.com\/ca\/ciutat-de-classica\/quartet-de-corda-de-lobc\/","name":"Quartet de corda OBC - Barcelona Obertura","isPartOf":{"@id":"https:\/\/www.barcelonaobertura.com\/ca\/#website"},"primaryImageOfPage":{"@id":"https:\/\/www.barcelonaobertura.com\/ca\/ciutat-de-classica\/quartet-de-corda-de-lobc\/#primaryimage"},"image":{"@id":"https:\/\/www.barcelonaobertura.com\/ca\/ciutat-de-classica\/quartet-de-corda-de-lobc\/#primaryimage"},"thumbnailUrl":"https:\/\/www.barcelonaobertura.com\/wp-content\/uploads\/2025\/11\/25-04-01-CASA-BATLLO-EXTERIOR-4-scaled.jpg","datePublished":"2025-12-18T13:20:52+00:00","dateModified":"2026-02-25T09:19:14+00:00","description":"Descobreix Ciutat de Clàssica. Una manera diferent d'apropar-se al panorama musical barceloní. Un festival de música clàssica obert a tot tipus de públic.","breadcrumb":{"@id":"https:\/\/www.barcelonaobertura.com\/ca\/ciutat-de-classica\/quartet-de-corda-de-lobc\/#breadcrumb"},"inLanguage":"ca","potentialAction":[{"@type":"ReadAction","target":["https:\/\/www.barcelonaobertura.com\/ca\/ciutat-de-classica\/quartet-de-corda-de-lobc\/"]}]},{"@type":"ImageObject","inLanguage":"ca","@id":"https:\/\/www.barcelonaobertura.com\/ca\/ciutat-de-classica\/quartet-de-corda-de-lobc\/#primaryimage","url":"https:\/\/www.barcelonaobertura.com\/wp-content\/uploads\/2025\/11\/25-04-01-CASA-BATLLO-EXTERIOR-4-scaled.jpg","contentUrl":"https:\/\/www.barcelonaobertura.com\/wp-content\/uploads\/2025\/11\/25-04-01-CASA-BATLLO-EXTERIOR-4-scaled.jpg","width":2560,"height":1707},{"@type":"BreadcrumbList","@id":"https:\/\/www.barcelonaobertura.com\/ca\/ciutat-de-classica\/quartet-de-corda-de-lobc\/#breadcrumb","itemListElement":[{"@type":"ListItem","position":1,"name":"Home","item":"https:\/\/www.barcelonaobertura.com\/ca\/"},{"@type":"ListItem","position":2,"name":"Ciutat de clàssica","item":"https:\/\/www.barcelonaobertura.com\/ca\/ciutat-de-classica\/"},{"@type":"ListItem","position":3,"name":"Quartet de corda OBC"}]},{"@type":"WebSite","@id":"https:\/\/www.barcelonaobertura.com\/ca\/#website","url":"https:\/\/www.barcelonaobertura.com\/ca\/","name":"Barcelona Obertura","description":"Come for the music, Stay for the rest","potentialAction":[{"@type":"SearchAction","target":{"@type":"EntryPoint","urlTemplate":"https:\/\/www.barcelonaobertura.com\/ca\/?s={search_term_string}"},"query-input":{"@type":"PropertyValueSpecification","valueRequired":true,"valueName":"search_term_string"}}],"inLanguage":"ca"}]}</script>
<!-- / Yoast SEO plugin. -->

Descobreix Ciutat de Clàssica. Una manera diferent d'apropar-se al panorama musical barceloní. Un festival de música clàssica obert a tot tipus de públic.

Ciutat de clàssica
