{"id":170433,"date":"2025-07-11T11:25:06","date_gmt":"2025-07-11T11:25:06","guid":{"rendered":"https:\/\/www.barcelonaobertura.com\/?post_type=concert&#038;p=170433"},"modified":"2025-07-11T11:41:22","modified_gmt":"2025-07-11T11:41:22","slug":"le-nozze-di-figaro-by-mozart","status":"publish","type":"concert","link":"https:\/\/www.barcelonaobertura.com\/es\/concert\/le-nozze-di-figaro-by-mozart\/","title":{"rendered":"Le nozze di Figaro de Mozart"},"content":{"rendered":"\n<p><em>Le nozze di Figaro<\/em> llegan al Gran Teatre del Liceu en una producci\u00f3n contempor\u00e1nea y din\u00e1mica bajo la direcci\u00f3n esc\u00e9nica de <strong>Marta Pazos<\/strong>, cuya propuesta visualmente rica y moderna ofrece una perspectiva renovada de esta comedia atemporal. La direcci\u00f3n musical corre a cargo de <strong>Giovanni Antonini<\/strong>, al frente de la Orquesta y Coro de la \u00d3pera del Liceu, quienes ejecutan una interpretaci\u00f3n elegante, en\u00e9rgica y estil\u00edsticamente depurada.<\/p>\n\n\n\n<p>El reparto principal brilla con <strong>Andr\u00e8 Schuen<\/strong> como el conde Almaviva, proyectando autoridad vocal y matices dram\u00e1ticos; <strong>Sara Blanch<\/strong> da vida a la ingeniosa y decidida Susanna con calidez y precisi\u00f3n; y <strong>Konstantin Krimmel<\/strong> encarna a F\u00edgaro, con una irresistible chispa c\u00f3mica y profunda expresividad l\u00edrica. Este tr\u00edo irradia una qu\u00edmica palpable y una claridad emocional, respaldado por las plenas fuerzas de la orquesta y el coro. Una experiencia imprescindible sobre el amor, el poder y la s\u00e1tira social en una de las obras m\u00e1s queridas de la \u00f3pera.<\/p>\n","protected":false},"featured_media":170542,"template":"","class_list":["post-170433","concert","type-concert","status-publish","has-post-thumbnail","hentry","concert-venue-liceu-opera-barcelona","concert-season-primavera-es","concert-year-grand-closing-es","play-author-wolfgang-a-mozart"],"acf":[],"yoast_head":"<!-- This site is optimized with the Yoast SEO plugin v27.5 - https:\/\/yoast.com\/product\/yoast-seo-wordpress\/ -->\n<title>Le nozze di Figaro de Mozart - Barcelona Obertura<\/title>\n<meta name=\"description\" content=\"Prep\u00e1rate para disfrutar de Le nozze di Figaro de Mozart . Entra para desubrir el elenco y el repertorio.\" \/>\n<meta name=\"robots\" content=\"index, follow, max-snippet:-1, max-image-preview:large, max-video-preview:-1\" \/>\n<link rel=\"canonical\" href=\"https:\/\/www.barcelonaobertura.com\/es\/concert\/le-nozze-di-figaro-by-mozart\/\" \/>\n<meta property=\"og:locale\" content=\"es_ES\" \/>\n<meta property=\"og:type\" content=\"article\" \/>\n<meta property=\"og:title\" content=\"Le nozze di Figaro de Mozart - Barcelona Obertura\" \/>\n<meta property=\"og:description\" content=\"Prep\u00e1rate para disfrutar de Le nozze di Figaro de Mozart . Entra para desubrir el elenco y el repertorio.\" \/>\n<meta property=\"og:url\" content=\"https:\/\/www.barcelonaobertura.com\/es\/concert\/le-nozze-di-figaro-by-mozart\/\" \/>\n<meta property=\"og:site_name\" content=\"Barcelona Obertura\" \/>\n<meta property=\"article:modified_time\" content=\"2025-07-11T11:41:22+00:00\" \/>\n<meta name=\"twitter:card\" content=\"summary_large_image\" \/>\n<meta name=\"twitter:label1\" content=\"Tiempo de lectura\" \/>\n\t<meta name=\"twitter:data1\" content=\"1 minuto\" \/>\n<script type=\"application\/ld+json\" class=\"yoast-schema-graph\">{\"@context\":\"https:\\\/\\\/schema.org\",\"@graph\":[{\"@type\":\"WebPage\",\"@id\":\"https:\\\/\\\/www.barcelonaobertura.com\\\/es\\\/concert\\\/le-nozze-di-figaro-by-mozart\\\/\",\"url\":\"https:\\\/\\\/www.barcelonaobertura.com\\\/es\\\/concert\\\/le-nozze-di-figaro-by-mozart\\\/\",\"name\":\"Le nozze di Figaro de Mozart - Barcelona Obertura\",\"isPartOf\":{\"@id\":\"https:\\\/\\\/www.barcelonaobertura.com\\\/es\\\/#website\"},\"primaryImageOfPage\":{\"@id\":\"https:\\\/\\\/www.barcelonaobertura.com\\\/es\\\/concert\\\/le-nozze-di-figaro-by-mozart\\\/#primaryimage\"},\"image\":{\"@id\":\"https:\\\/\\\/www.barcelonaobertura.com\\\/es\\\/concert\\\/le-nozze-di-figaro-by-mozart\\\/#primaryimage\"},\"thumbnailUrl\":\"https:\\\/\\\/www.barcelonaobertura.com\\\/wp-content\\\/uploads\\\/2025\\\/07\\\/61_FIGARO_019-scaled.jpg\",\"datePublished\":\"2025-07-11T11:25:06+00:00\",\"dateModified\":\"2025-07-11T11:41:22+00:00\",\"description\":\"Prep\u00e1rate para disfrutar de Le nozze di Figaro de Mozart . Entra para desubrir el elenco y el repertorio.\",\"breadcrumb\":{\"@id\":\"https:\\\/\\\/www.barcelonaobertura.com\\\/es\\\/concert\\\/le-nozze-di-figaro-by-mozart\\\/#breadcrumb\"},\"inLanguage\":\"es\",\"potentialAction\":[{\"@type\":\"ReadAction\",\"target\":[\"https:\\\/\\\/www.barcelonaobertura.com\\\/es\\\/concert\\\/le-nozze-di-figaro-by-mozart\\\/\"]}]},{\"@type\":\"ImageObject\",\"inLanguage\":\"es\",\"@id\":\"https:\\\/\\\/www.barcelonaobertura.com\\\/es\\\/concert\\\/le-nozze-di-figaro-by-mozart\\\/#primaryimage\",\"url\":\"https:\\\/\\\/www.barcelonaobertura.com\\\/wp-content\\\/uploads\\\/2025\\\/07\\\/61_FIGARO_019-scaled.jpg\",\"contentUrl\":\"https:\\\/\\\/www.barcelonaobertura.com\\\/wp-content\\\/uploads\\\/2025\\\/07\\\/61_FIGARO_019-scaled.jpg\",\"width\":2560,\"height\":1965},{\"@type\":\"BreadcrumbList\",\"@id\":\"https:\\\/\\\/www.barcelonaobertura.com\\\/es\\\/concert\\\/le-nozze-di-figaro-by-mozart\\\/#breadcrumb\",\"itemListElement\":[{\"@type\":\"ListItem\",\"position\":1,\"name\":\"Home\",\"item\":\"https:\\\/\\\/www.barcelonaobertura.com\\\/es\\\/\"},{\"@type\":\"ListItem\",\"position\":2,\"name\":\"Conciertos\",\"item\":\"https:\\\/\\\/www.barcelonaobertura.com\\\/es\\\/concert\\\/\"},{\"@type\":\"ListItem\",\"position\":3,\"name\":\"Le nozze di Figaro de Mozart\"}]},{\"@type\":\"WebSite\",\"@id\":\"https:\\\/\\\/www.barcelonaobertura.com\\\/es\\\/#website\",\"url\":\"https:\\\/\\\/www.barcelonaobertura.com\\\/es\\\/\",\"name\":\"Barcelona Obertura\",\"description\":\"Come for the music, Stay for the rest\",\"potentialAction\":[{\"@type\":\"SearchAction\",\"target\":{\"@type\":\"EntryPoint\",\"urlTemplate\":\"https:\\\/\\\/www.barcelonaobertura.com\\\/es\\\/?s={search_term_string}\"},\"query-input\":{\"@type\":\"PropertyValueSpecification\",\"valueRequired\":true,\"valueName\":\"search_term_string\"}}],\"inLanguage\":\"es\"}]}<\/script>\n<!-- \/ Yoast SEO plugin. -->","yoast_head_json":{"title":"Le nozze di Figaro de Mozart - Barcelona Obertura","description":"Prep\u00e1rate para disfrutar de Le nozze di Figaro de Mozart . Entra para desubrir el elenco y el repertorio.","robots":{"index":"index","follow":"follow","max-snippet":"max-snippet:-1","max-image-preview":"max-image-preview:large","max-video-preview":"max-video-preview:-1"},"canonical":"https:\/\/www.barcelonaobertura.com\/es\/concert\/le-nozze-di-figaro-by-mozart\/","og_locale":"es_ES","og_type":"article","og_title":"Le nozze di Figaro de Mozart - Barcelona Obertura","og_description":"Prep\u00e1rate para disfrutar de Le nozze di Figaro de Mozart . Entra para desubrir el elenco y el repertorio.","og_url":"https:\/\/www.barcelonaobertura.com\/es\/concert\/le-nozze-di-figaro-by-mozart\/","og_site_name":"Barcelona Obertura","article_modified_time":"2025-07-11T11:41:22+00:00","twitter_card":"summary_large_image","twitter_misc":{"Tiempo de lectura":"1 minuto"},"schema":{"@context":"https:\/\/schema.org","@graph":[{"@type":"WebPage","@id":"https:\/\/www.barcelonaobertura.com\/es\/concert\/le-nozze-di-figaro-by-mozart\/","url":"https:\/\/www.barcelonaobertura.com\/es\/concert\/le-nozze-di-figaro-by-mozart\/","name":"Le nozze di Figaro de Mozart - Barcelona Obertura","isPartOf":{"@id":"https:\/\/www.barcelonaobertura.com\/es\/#website"},"primaryImageOfPage":{"@id":"https:\/\/www.barcelonaobertura.com\/es\/concert\/le-nozze-di-figaro-by-mozart\/#primaryimage"},"image":{"@id":"https:\/\/www.barcelonaobertura.com\/es\/concert\/le-nozze-di-figaro-by-mozart\/#primaryimage"},"thumbnailUrl":"https:\/\/www.barcelonaobertura.com\/wp-content\/uploads\/2025\/07\/61_FIGARO_019-scaled.jpg","datePublished":"2025-07-11T11:25:06+00:00","dateModified":"2025-07-11T11:41:22+00:00","description":"Prep\u00e1rate para disfrutar de Le nozze di Figaro de Mozart . Entra para desubrir el elenco y el repertorio.","breadcrumb":{"@id":"https:\/\/www.barcelonaobertura.com\/es\/concert\/le-nozze-di-figaro-by-mozart\/#breadcrumb"},"inLanguage":"es","potentialAction":[{"@type":"ReadAction","target":["https:\/\/www.barcelonaobertura.com\/es\/concert\/le-nozze-di-figaro-by-mozart\/"]}]},{"@type":"ImageObject","inLanguage":"es","@id":"https:\/\/www.barcelonaobertura.com\/es\/concert\/le-nozze-di-figaro-by-mozart\/#primaryimage","url":"https:\/\/www.barcelonaobertura.com\/wp-content\/uploads\/2025\/07\/61_FIGARO_019-scaled.jpg","contentUrl":"https:\/\/www.barcelonaobertura.com\/wp-content\/uploads\/2025\/07\/61_FIGARO_019-scaled.jpg","width":2560,"height":1965},{"@type":"BreadcrumbList","@id":"https:\/\/www.barcelonaobertura.com\/es\/concert\/le-nozze-di-figaro-by-mozart\/#breadcrumb","itemListElement":[{"@type":"ListItem","position":1,"name":"Home","item":"https:\/\/www.barcelonaobertura.com\/es\/"},{"@type":"ListItem","position":2,"name":"Conciertos","item":"https:\/\/www.barcelonaobertura.com\/es\/concert\/"},{"@type":"ListItem","position":3,"name":"Le nozze di Figaro de Mozart"}]},{"@type":"WebSite","@id":"https:\/\/www.barcelonaobertura.com\/es\/#website","url":"https:\/\/www.barcelonaobertura.com\/es\/","name":"Barcelona Obertura","description":"Come for the music, Stay for the rest","potentialAction":[{"@type":"SearchAction","target":{"@type":"EntryPoint","urlTemplate":"https:\/\/www.barcelonaobertura.com\/es\/?s={search_term_string}"},"query-input":{"@type":"PropertyValueSpecification","valueRequired":true,"valueName":"search_term_string"}}],"inLanguage":"es"}]}},"_links":{"self":[{"href":"https:\/\/www.barcelonaobertura.com\/es\/wp-json\/wp\/v2\/concert\/170433","targetHints":{"allow":["GET"]}}],"collection":[{"href":"https:\/\/www.barcelonaobertura.com\/es\/wp-json\/wp\/v2\/concert"}],"about":[{"href":"https:\/\/www.barcelonaobertura.com\/es\/wp-json\/wp\/v2\/types\/concert"}],"wp:featuredmedia":[{"embeddable":true,"href":"https:\/\/www.barcelonaobertura.com\/es\/wp-json\/wp\/v2\/media\/170542"}],"wp:attachment":[{"href":"https:\/\/www.barcelonaobertura.com\/es\/wp-json\/wp\/v2\/media?parent=170433"}],"curies":[{"name":"wp","href":"https:\/\/api.w.org\/{rel}","templated":true}]}}

<p><em>Le nozze di Figaro</em> llegan al Gran Teatre del Liceu en una producción contemporánea y dinámica bajo la dirección escénica de <strong>Marta Pazos</strong>, cuya propuesta visualmente rica y moderna ofrece una perspectiva renovada de esta comedia atemporal. La dirección musical corre a cargo de <strong>Giovanni Antonini</strong>, al frente de la Orquesta y Coro de la Ópera del Liceu, quienes ejecutan una interpretación elegante, enérgica y estilísticamente depurada.</p>



<p>El reparto principal brilla con <strong>Andrè Schuen</strong> como el conde Almaviva, proyectando autoridad vocal y matices dramáticos; <strong>Sara Blanch</strong> da vida a la ingeniosa y decidida Susanna con calidez y precisión; y <strong>Konstantin Krimmel</strong> encarna a Fígaro, con una irresistible chispa cómica y profunda expresividad lírica. Este trío irradia una química palpable y una claridad emocional, respaldado por las plenas fuerzas de la orquesta y el coro. Una experiencia imprescindible sobre el amor, el poder y la sátira social en una de las obras más queridas de la ópera.</p>

<!-- This site is optimized with the Yoast SEO plugin v27.5 - https://yoast.com/product/yoast-seo-wordpress/ -->
<title>Le nozze di Figaro de Mozart - Barcelona Obertura</title>
<meta name="description" content="Prepárate para disfrutar de Le nozze di Figaro de Mozart . Entra para desubrir el elenco y el repertorio." />
<meta name="robots" content="index, follow, max-snippet:-1, max-image-preview:large, max-video-preview:-1" />
<link rel="canonical" href="https://www.barcelonaobertura.com/es/concert/le-nozze-di-figaro-by-mozart/" />
<meta property="og:locale" content="es_ES" />
<meta property="og:type" content="article" />
<meta property="og:title" content="Le nozze di Figaro de Mozart - Barcelona Obertura" />
<meta property="og:description" content="Prepárate para disfrutar de Le nozze di Figaro de Mozart . Entra para desubrir el elenco y el repertorio." />
<meta property="og:url" content="https://www.barcelonaobertura.com/es/concert/le-nozze-di-figaro-by-mozart/" />
<meta property="og:site_name" content="Barcelona Obertura" />
<meta property="article:modified_time" content="2025-07-11T11:41:22+00:00" />
<meta name="twitter:card" content="summary_large_image" />
<meta name="twitter:label1" content="Tiempo de lectura" />
	<meta name="twitter:data1" content="1 minuto" />
<script type="application/ld+json" class="yoast-schema-graph">{"@context":"https:\/\/schema.org","@graph":[{"@type":"WebPage","@id":"https:\/\/www.barcelonaobertura.com\/es\/concert\/le-nozze-di-figaro-by-mozart\/","url":"https:\/\/www.barcelonaobertura.com\/es\/concert\/le-nozze-di-figaro-by-mozart\/","name":"Le nozze di Figaro de Mozart - Barcelona Obertura","isPartOf":{"@id":"https:\/\/www.barcelonaobertura.com\/es\/#website"},"primaryImageOfPage":{"@id":"https:\/\/www.barcelonaobertura.com\/es\/concert\/le-nozze-di-figaro-by-mozart\/#primaryimage"},"image":{"@id":"https:\/\/www.barcelonaobertura.com\/es\/concert\/le-nozze-di-figaro-by-mozart\/#primaryimage"},"thumbnailUrl":"https:\/\/www.barcelonaobertura.com\/wp-content\/uploads\/2025\/07\/61_FIGARO_019-scaled.jpg","datePublished":"2025-07-11T11:25:06+00:00","dateModified":"2025-07-11T11:41:22+00:00","description":"Prepárate para disfrutar de Le nozze di Figaro de Mozart . Entra para desubrir el elenco y el repertorio.","breadcrumb":{"@id":"https:\/\/www.barcelonaobertura.com\/es\/concert\/le-nozze-di-figaro-by-mozart\/#breadcrumb"},"inLanguage":"es","potentialAction":[{"@type":"ReadAction","target":["https:\/\/www.barcelonaobertura.com\/es\/concert\/le-nozze-di-figaro-by-mozart\/"]}]},{"@type":"ImageObject","inLanguage":"es","@id":"https:\/\/www.barcelonaobertura.com\/es\/concert\/le-nozze-di-figaro-by-mozart\/#primaryimage","url":"https:\/\/www.barcelonaobertura.com\/wp-content\/uploads\/2025\/07\/61_FIGARO_019-scaled.jpg","contentUrl":"https:\/\/www.barcelonaobertura.com\/wp-content\/uploads\/2025\/07\/61_FIGARO_019-scaled.jpg","width":2560,"height":1965},{"@type":"BreadcrumbList","@id":"https:\/\/www.barcelonaobertura.com\/es\/concert\/le-nozze-di-figaro-by-mozart\/#breadcrumb","itemListElement":[{"@type":"ListItem","position":1,"name":"Home","item":"https:\/\/www.barcelonaobertura.com\/es\/"},{"@type":"ListItem","position":2,"name":"Conciertos","item":"https:\/\/www.barcelonaobertura.com\/es\/concert\/"},{"@type":"ListItem","position":3,"name":"Le nozze di Figaro de Mozart"}]},{"@type":"WebSite","@id":"https:\/\/www.barcelonaobertura.com\/es\/#website","url":"https:\/\/www.barcelonaobertura.com\/es\/","name":"Barcelona Obertura","description":"Come for the music, Stay for the rest","potentialAction":[{"@type":"SearchAction","target":{"@type":"EntryPoint","urlTemplate":"https:\/\/www.barcelonaobertura.com\/es\/?s={search_term_string}"},"query-input":{"@type":"PropertyValueSpecification","valueRequired":true,"valueName":"search_term_string"}}],"inLanguage":"es"}]}</script>
<!-- / Yoast SEO plugin. -->

Prepárate para disfrutar de Le nozze di Figaro de Mozart . Entra para desubrir el elenco y el repertorio.
