{"id":1992,"date":"2022-08-02T11:30:30","date_gmt":"2022-08-02T11:30:30","guid":{"rendered":"http:\/\/barcelonaobertura.lamagnetica.net\/concert\/macbeth-by-verdi\/"},"modified":"2023-01-27T10:46:20","modified_gmt":"2023-01-27T10:46:20","slug":"macbeth-de-verdi","status":"publish","type":"concert","link":"https:\/\/www.barcelonaobertura.com\/es\/concert\/macbeth-de-verdi\/","title":{"rendered":"Macbeth de Verdi"},"content":{"rendered":"\n<p>La historia de amor entre Verdi y Shakespeare empezaba con&nbsp;<em>Macbeth<\/em>, obra considerada como \u201cuna de las mejores creaciones de la mano del hombre\u201d. Verdi sent\u00eda devoci\u00f3n por la obra de Shakespeare y esta es la primera \u00f3pera en la que \u00e9l se bas\u00f3. A partir de la tragedia, quer\u00eda conseguir \u201calgo extraordinario\u201d. Para Jaume Plensa, ocupar el&nbsp;<em>Macbeth&nbsp;<\/em>de Verdi-Shakespeare ha sido un sue\u00f1o de juventud. Cuando Gerard Mortier le pregunt\u00f3 en Salzburgo qu\u00e9 t\u00edtulo quer\u00eda dirigir, no lo dud\u00f3. Habr\u00e1 tenido que esperar 25 a\u00f1os para hacer del sue\u00f1o una realidad.<\/p>\n\n\n\n<p>Las brujas profetizan que Macbeth ser\u00e1 el pr\u00f3ximo rey de Escocia y Lady Macbeth fuerza el destino asesinando al actual rey. Los vaticinios de las brujas llevan a Macbeth a ser sanguinario con amigos y rivales, hasta que solo y furioso se enfrenta a la \u00faltima batalla, en la que acaba muriendo. Un dueto de dram\u00e1tica intensidad y autoridad vocal, protagonizado por Luca Salsi y Sondra Radvanovsky, para defender los roles principales del honesto general empujado al asesinato y el enga\u00f1o por la ambici\u00f3n desmesurada de su esposa.<\/p>\n","protected":false},"featured_media":844,"template":"","class_list":["post-1992","concert","type-concert","status-publish","has-post-thumbnail","hentry","concert-venue-liceu-opera-barcelona","concert-season-invierno","concert-year-women-who-die-for-love","play-author-giuseppe-verdi"],"acf":[],"yoast_head":"<!-- This site is optimized with the Yoast SEO plugin v27.5 - https:\/\/yoast.com\/product\/yoast-seo-wordpress\/ -->\n<title>Macbeth de Verdi - Barcelona Obertura<\/title>\n<meta name=\"description\" content=\"Prep\u00e1rate para disfrutar de Macbeth de Verdi . Entra para desubrir el elenco y el repertorio.\" \/>\n<meta name=\"robots\" content=\"index, follow, max-snippet:-1, max-image-preview:large, max-video-preview:-1\" \/>\n<link rel=\"canonical\" href=\"https:\/\/www.barcelonaobertura.com\/es\/concert\/macbeth-de-verdi\/\" \/>\n<meta property=\"og:locale\" content=\"es_ES\" \/>\n<meta property=\"og:type\" content=\"article\" \/>\n<meta property=\"og:title\" content=\"Macbeth de Verdi - Barcelona Obertura\" \/>\n<meta property=\"og:description\" content=\"Prep\u00e1rate para disfrutar de Macbeth de Verdi . Entra para desubrir el elenco y el repertorio.\" \/>\n<meta property=\"og:url\" content=\"https:\/\/www.barcelonaobertura.com\/es\/concert\/macbeth-de-verdi\/\" \/>\n<meta property=\"og:site_name\" content=\"Barcelona Obertura\" \/>\n<meta property=\"article:modified_time\" content=\"2023-01-27T10:46:20+00:00\" \/>\n<meta property=\"og:image\" content=\"https:\/\/www.barcelonaobertura.com\/wp-content\/uploads\/2022\/07\/20_Macbeth_Jaume_Plensa.jpg\" \/>\n\t<meta property=\"og:image:width\" content=\"1280\" \/>\n\t<meta property=\"og:image:height\" content=\"853\" \/>\n\t<meta property=\"og:image:type\" content=\"image\/jpeg\" \/>\n<meta name=\"twitter:card\" content=\"summary_large_image\" \/>\n<meta name=\"twitter:label1\" content=\"Tiempo de lectura\" \/>\n\t<meta name=\"twitter:data1\" content=\"1 minuto\" \/>\n<script type=\"application\/ld+json\" class=\"yoast-schema-graph\">{\"@context\":\"https:\\\/\\\/schema.org\",\"@graph\":[{\"@type\":\"WebPage\",\"@id\":\"https:\\\/\\\/www.barcelonaobertura.com\\\/es\\\/concert\\\/macbeth-de-verdi\\\/\",\"url\":\"https:\\\/\\\/www.barcelonaobertura.com\\\/es\\\/concert\\\/macbeth-de-verdi\\\/\",\"name\":\"Macbeth de Verdi - Barcelona Obertura\",\"isPartOf\":{\"@id\":\"https:\\\/\\\/www.barcelonaobertura.com\\\/es\\\/#website\"},\"primaryImageOfPage\":{\"@id\":\"https:\\\/\\\/www.barcelonaobertura.com\\\/es\\\/concert\\\/macbeth-de-verdi\\\/#primaryimage\"},\"image\":{\"@id\":\"https:\\\/\\\/www.barcelonaobertura.com\\\/es\\\/concert\\\/macbeth-de-verdi\\\/#primaryimage\"},\"thumbnailUrl\":\"https:\\\/\\\/www.barcelonaobertura.com\\\/wp-content\\\/uploads\\\/2022\\\/07\\\/20_Macbeth_Jaume_Plensa.jpg\",\"datePublished\":\"2022-08-02T11:30:30+00:00\",\"dateModified\":\"2023-01-27T10:46:20+00:00\",\"description\":\"Prep\u00e1rate para disfrutar de Macbeth de Verdi . Entra para desubrir el elenco y el repertorio.\",\"breadcrumb\":{\"@id\":\"https:\\\/\\\/www.barcelonaobertura.com\\\/es\\\/concert\\\/macbeth-de-verdi\\\/#breadcrumb\"},\"inLanguage\":\"es\",\"potentialAction\":[{\"@type\":\"ReadAction\",\"target\":[\"https:\\\/\\\/www.barcelonaobertura.com\\\/es\\\/concert\\\/macbeth-de-verdi\\\/\"]}]},{\"@type\":\"ImageObject\",\"inLanguage\":\"es\",\"@id\":\"https:\\\/\\\/www.barcelonaobertura.com\\\/es\\\/concert\\\/macbeth-de-verdi\\\/#primaryimage\",\"url\":\"https:\\\/\\\/www.barcelonaobertura.com\\\/wp-content\\\/uploads\\\/2022\\\/07\\\/20_Macbeth_Jaume_Plensa.jpg\",\"contentUrl\":\"https:\\\/\\\/www.barcelonaobertura.com\\\/wp-content\\\/uploads\\\/2022\\\/07\\\/20_Macbeth_Jaume_Plensa.jpg\",\"width\":1280,\"height\":853},{\"@type\":\"BreadcrumbList\",\"@id\":\"https:\\\/\\\/www.barcelonaobertura.com\\\/es\\\/concert\\\/macbeth-de-verdi\\\/#breadcrumb\",\"itemListElement\":[{\"@type\":\"ListItem\",\"position\":1,\"name\":\"Home\",\"item\":\"https:\\\/\\\/www.barcelonaobertura.com\\\/es\\\/\"},{\"@type\":\"ListItem\",\"position\":2,\"name\":\"Conciertos\",\"item\":\"https:\\\/\\\/www.barcelonaobertura.com\\\/es\\\/concert\\\/\"},{\"@type\":\"ListItem\",\"position\":3,\"name\":\"Macbeth de Verdi\"}]},{\"@type\":\"WebSite\",\"@id\":\"https:\\\/\\\/www.barcelonaobertura.com\\\/es\\\/#website\",\"url\":\"https:\\\/\\\/www.barcelonaobertura.com\\\/es\\\/\",\"name\":\"Barcelona Obertura\",\"description\":\"Come for the music, Stay for the rest\",\"potentialAction\":[{\"@type\":\"SearchAction\",\"target\":{\"@type\":\"EntryPoint\",\"urlTemplate\":\"https:\\\/\\\/www.barcelonaobertura.com\\\/es\\\/?s={search_term_string}\"},\"query-input\":{\"@type\":\"PropertyValueSpecification\",\"valueRequired\":true,\"valueName\":\"search_term_string\"}}],\"inLanguage\":\"es\"}]}<\/script>\n<!-- \/ Yoast SEO plugin. -->","yoast_head_json":{"title":"Macbeth de Verdi - Barcelona Obertura","description":"Prep\u00e1rate para disfrutar de Macbeth de Verdi . Entra para desubrir el elenco y el repertorio.","robots":{"index":"index","follow":"follow","max-snippet":"max-snippet:-1","max-image-preview":"max-image-preview:large","max-video-preview":"max-video-preview:-1"},"canonical":"https:\/\/www.barcelonaobertura.com\/es\/concert\/macbeth-de-verdi\/","og_locale":"es_ES","og_type":"article","og_title":"Macbeth de Verdi - Barcelona Obertura","og_description":"Prep\u00e1rate para disfrutar de Macbeth de Verdi . Entra para desubrir el elenco y el repertorio.","og_url":"https:\/\/www.barcelonaobertura.com\/es\/concert\/macbeth-de-verdi\/","og_site_name":"Barcelona Obertura","article_modified_time":"2023-01-27T10:46:20+00:00","og_image":[{"width":1280,"height":853,"url":"https:\/\/www.barcelonaobertura.com\/wp-content\/uploads\/2022\/07\/20_Macbeth_Jaume_Plensa.jpg","type":"image\/jpeg"}],"twitter_card":"summary_large_image","twitter_misc":{"Tiempo de lectura":"1 minuto"},"schema":{"@context":"https:\/\/schema.org","@graph":[{"@type":"WebPage","@id":"https:\/\/www.barcelonaobertura.com\/es\/concert\/macbeth-de-verdi\/","url":"https:\/\/www.barcelonaobertura.com\/es\/concert\/macbeth-de-verdi\/","name":"Macbeth de Verdi - Barcelona Obertura","isPartOf":{"@id":"https:\/\/www.barcelonaobertura.com\/es\/#website"},"primaryImageOfPage":{"@id":"https:\/\/www.barcelonaobertura.com\/es\/concert\/macbeth-de-verdi\/#primaryimage"},"image":{"@id":"https:\/\/www.barcelonaobertura.com\/es\/concert\/macbeth-de-verdi\/#primaryimage"},"thumbnailUrl":"https:\/\/www.barcelonaobertura.com\/wp-content\/uploads\/2022\/07\/20_Macbeth_Jaume_Plensa.jpg","datePublished":"2022-08-02T11:30:30+00:00","dateModified":"2023-01-27T10:46:20+00:00","description":"Prep\u00e1rate para disfrutar de Macbeth de Verdi . Entra para desubrir el elenco y el repertorio.","breadcrumb":{"@id":"https:\/\/www.barcelonaobertura.com\/es\/concert\/macbeth-de-verdi\/#breadcrumb"},"inLanguage":"es","potentialAction":[{"@type":"ReadAction","target":["https:\/\/www.barcelonaobertura.com\/es\/concert\/macbeth-de-verdi\/"]}]},{"@type":"ImageObject","inLanguage":"es","@id":"https:\/\/www.barcelonaobertura.com\/es\/concert\/macbeth-de-verdi\/#primaryimage","url":"https:\/\/www.barcelonaobertura.com\/wp-content\/uploads\/2022\/07\/20_Macbeth_Jaume_Plensa.jpg","contentUrl":"https:\/\/www.barcelonaobertura.com\/wp-content\/uploads\/2022\/07\/20_Macbeth_Jaume_Plensa.jpg","width":1280,"height":853},{"@type":"BreadcrumbList","@id":"https:\/\/www.barcelonaobertura.com\/es\/concert\/macbeth-de-verdi\/#breadcrumb","itemListElement":[{"@type":"ListItem","position":1,"name":"Home","item":"https:\/\/www.barcelonaobertura.com\/es\/"},{"@type":"ListItem","position":2,"name":"Conciertos","item":"https:\/\/www.barcelonaobertura.com\/es\/concert\/"},{"@type":"ListItem","position":3,"name":"Macbeth de Verdi"}]},{"@type":"WebSite","@id":"https:\/\/www.barcelonaobertura.com\/es\/#website","url":"https:\/\/www.barcelonaobertura.com\/es\/","name":"Barcelona Obertura","description":"Come for the music, Stay for the rest","potentialAction":[{"@type":"SearchAction","target":{"@type":"EntryPoint","urlTemplate":"https:\/\/www.barcelonaobertura.com\/es\/?s={search_term_string}"},"query-input":{"@type":"PropertyValueSpecification","valueRequired":true,"valueName":"search_term_string"}}],"inLanguage":"es"}]}},"_links":{"self":[{"href":"https:\/\/www.barcelonaobertura.com\/es\/wp-json\/wp\/v2\/concert\/1992","targetHints":{"allow":["GET"]}}],"collection":[{"href":"https:\/\/www.barcelonaobertura.com\/es\/wp-json\/wp\/v2\/concert"}],"about":[{"href":"https:\/\/www.barcelonaobertura.com\/es\/wp-json\/wp\/v2\/types\/concert"}],"wp:featuredmedia":[{"embeddable":true,"href":"https:\/\/www.barcelonaobertura.com\/es\/wp-json\/wp\/v2\/media\/844"}],"wp:attachment":[{"href":"https:\/\/www.barcelonaobertura.com\/es\/wp-json\/wp\/v2\/media?parent=1992"}],"curies":[{"name":"wp","href":"https:\/\/api.w.org\/{rel}","templated":true}]}}

<p>La historia de amor entre Verdi y Shakespeare empezaba con&nbsp;<em>Macbeth</em>, obra considerada como “una de las mejores creaciones de la mano del hombre”. Verdi sentía devoción por la obra de Shakespeare y esta es la primera ópera en la que él se basó. A partir de la tragedia, quería conseguir “algo extraordinario”. Para Jaume Plensa, ocupar el&nbsp;<em>Macbeth&nbsp;</em>de Verdi-Shakespeare ha sido un sueño de juventud. Cuando Gerard Mortier le preguntó en Salzburgo qué título quería dirigir, no lo dudó. Habrá tenido que esperar 25 años para hacer del sueño una realidad.</p>



<p>Las brujas profetizan que Macbeth será el próximo rey de Escocia y Lady Macbeth fuerza el destino asesinando al actual rey. Los vaticinios de las brujas llevan a Macbeth a ser sanguinario con amigos y rivales, hasta que solo y furioso se enfrenta a la última batalla, en la que acaba muriendo. Un dueto de dramática intensidad y autoridad vocal, protagonizado por Luca Salsi y Sondra Radvanovsky, para defender los roles principales del honesto general empujado al asesinato y el engaño por la ambición desmesurada de su esposa.</p>

<!-- This site is optimized with the Yoast SEO plugin v27.5 - https://yoast.com/product/yoast-seo-wordpress/ -->
<title>Macbeth de Verdi - Barcelona Obertura</title>
<meta name="description" content="Prepárate para disfrutar de Macbeth de Verdi . Entra para desubrir el elenco y el repertorio." />
<meta name="robots" content="index, follow, max-snippet:-1, max-image-preview:large, max-video-preview:-1" />
<link rel="canonical" href="https://www.barcelonaobertura.com/es/concert/macbeth-de-verdi/" />
<meta property="og:locale" content="es_ES" />
<meta property="og:type" content="article" />
<meta property="og:title" content="Macbeth de Verdi - Barcelona Obertura" />
<meta property="og:description" content="Prepárate para disfrutar de Macbeth de Verdi . Entra para desubrir el elenco y el repertorio." />
<meta property="og:url" content="https://www.barcelonaobertura.com/es/concert/macbeth-de-verdi/" />
<meta property="og:site_name" content="Barcelona Obertura" />
<meta property="article:modified_time" content="2023-01-27T10:46:20+00:00" />
<meta property="og:image" content="https://www.barcelonaobertura.com/wp-content/uploads/2022/07/20_Macbeth_Jaume_Plensa.jpg" />
	<meta property="og:image:width" content="1280" />
	<meta property="og:image:height" content="853" />
	<meta property="og:image:type" content="image/jpeg" />
<meta name="twitter:card" content="summary_large_image" />
<meta name="twitter:label1" content="Tiempo de lectura" />
	<meta name="twitter:data1" content="1 minuto" />
<script type="application/ld+json" class="yoast-schema-graph">{"@context":"https:\/\/schema.org","@graph":[{"@type":"WebPage","@id":"https:\/\/www.barcelonaobertura.com\/es\/concert\/macbeth-de-verdi\/","url":"https:\/\/www.barcelonaobertura.com\/es\/concert\/macbeth-de-verdi\/","name":"Macbeth de Verdi - Barcelona Obertura","isPartOf":{"@id":"https:\/\/www.barcelonaobertura.com\/es\/#website"},"primaryImageOfPage":{"@id":"https:\/\/www.barcelonaobertura.com\/es\/concert\/macbeth-de-verdi\/#primaryimage"},"image":{"@id":"https:\/\/www.barcelonaobertura.com\/es\/concert\/macbeth-de-verdi\/#primaryimage"},"thumbnailUrl":"https:\/\/www.barcelonaobertura.com\/wp-content\/uploads\/2022\/07\/20_Macbeth_Jaume_Plensa.jpg","datePublished":"2022-08-02T11:30:30+00:00","dateModified":"2023-01-27T10:46:20+00:00","description":"Prepárate para disfrutar de Macbeth de Verdi . Entra para desubrir el elenco y el repertorio.","breadcrumb":{"@id":"https:\/\/www.barcelonaobertura.com\/es\/concert\/macbeth-de-verdi\/#breadcrumb"},"inLanguage":"es","potentialAction":[{"@type":"ReadAction","target":["https:\/\/www.barcelonaobertura.com\/es\/concert\/macbeth-de-verdi\/"]}]},{"@type":"ImageObject","inLanguage":"es","@id":"https:\/\/www.barcelonaobertura.com\/es\/concert\/macbeth-de-verdi\/#primaryimage","url":"https:\/\/www.barcelonaobertura.com\/wp-content\/uploads\/2022\/07\/20_Macbeth_Jaume_Plensa.jpg","contentUrl":"https:\/\/www.barcelonaobertura.com\/wp-content\/uploads\/2022\/07\/20_Macbeth_Jaume_Plensa.jpg","width":1280,"height":853},{"@type":"BreadcrumbList","@id":"https:\/\/www.barcelonaobertura.com\/es\/concert\/macbeth-de-verdi\/#breadcrumb","itemListElement":[{"@type":"ListItem","position":1,"name":"Home","item":"https:\/\/www.barcelonaobertura.com\/es\/"},{"@type":"ListItem","position":2,"name":"Conciertos","item":"https:\/\/www.barcelonaobertura.com\/es\/concert\/"},{"@type":"ListItem","position":3,"name":"Macbeth de Verdi"}]},{"@type":"WebSite","@id":"https:\/\/www.barcelonaobertura.com\/es\/#website","url":"https:\/\/www.barcelonaobertura.com\/es\/","name":"Barcelona Obertura","description":"Come for the music, Stay for the rest","potentialAction":[{"@type":"SearchAction","target":{"@type":"EntryPoint","urlTemplate":"https:\/\/www.barcelonaobertura.com\/es\/?s={search_term_string}"},"query-input":{"@type":"PropertyValueSpecification","valueRequired":true,"valueName":"search_term_string"}}],"inLanguage":"es"}]}</script>
<!-- / Yoast SEO plugin. -->

Prepárate para disfrutar de Macbeth de Verdi . Entra para desubrir el elenco y el repertorio.
