{"id":54623,"date":"2023-08-02T09:20:48","date_gmt":"2023-08-02T09:20:48","guid":{"rendered":"https:\/\/www.barcelonaobertura.com\/?post_type=concert&#038;p=54623"},"modified":"2023-08-02T09:20:55","modified_gmt":"2023-08-02T09:20:55","slug":"sondra-radvanovsky","status":"publish","type":"concert","link":"https:\/\/www.barcelonaobertura.com\/es\/concert\/sondra-radvanovsky\/","title":{"rendered":"Sondra Radvanovsky"},"content":{"rendered":"\n<p>Con Sondra Radvanovsky, una de las sopranos m\u00e1s celebradas del mundo y m\u00e1s queridas por el p\u00fablico lice\u00edsta, reconocemos una voz poderosa y expresiva, con un alma y dedicaci\u00f3n extremas. Dram\u00e1tica y cautivadora, Radvanovsky es una int\u00e9rprete infalible y eficaz, con una amplia gama de roles, y que sigue a\u00f1adiendo otros nuevos cada temporada.&nbsp;<\/p>\n\n\n\n<p>\u201cArtista esencial\u201d o \u201cuna de las mejores cantantes-actrices de la \u00f3pera\u201d seg\u00fan el New York Times, es para el Liceu la actual queen del escenario. Los coleccionistas de voces no somos capaces de olvidar sus conmovedoras interpretaciones en el coliseo de la Rambla, con una galer\u00eda tan suntuosa que va de Aida a Tosca, pasando por Norma, Maddalena di Coigny o Luisa Miller.&nbsp;<\/p>\n","protected":false},"featured_media":54781,"template":"","class_list":["post-54623","concert","type-concert","status-publish","has-post-thumbnail","hentry","concert-venue-liceu-opera-barcelona","concert-season-invierno","concert-year-christmas-in-barcelona-23-24-es","play-author-henri-duparc","play-author-stefano-donaudy","play-author-jake-heggie","play-author-umberto-giordano","play-author-giuseppe-verdi","play-author-vincenzo-bellini","play-author-franz-liszt","play-author-richard-strauss","play-author-henry-purcell","play-author-georg-friedrich-handel"],"acf":[],"yoast_head":"<!-- This site is optimized with the Yoast SEO plugin v27.5 - https:\/\/yoast.com\/product\/yoast-seo-wordpress\/ -->\n<title>Sondra Radvanovsky - Barcelona Obertura<\/title>\n<meta name=\"description\" content=\"Prep\u00e1rate para disfrutar de Sondra Radvanovsky . Entra para desubrir el elenco y el repertorio.\" \/>\n<meta name=\"robots\" content=\"index, follow, max-snippet:-1, max-image-preview:large, max-video-preview:-1\" \/>\n<link rel=\"canonical\" href=\"https:\/\/www.barcelonaobertura.com\/es\/concert\/sondra-radvanovsky\/\" \/>\n<meta property=\"og:locale\" content=\"es_ES\" \/>\n<meta property=\"og:type\" content=\"article\" \/>\n<meta property=\"og:title\" content=\"Sondra Radvanovsky - Barcelona Obertura\" \/>\n<meta property=\"og:description\" content=\"Prep\u00e1rate para disfrutar de Sondra Radvanovsky . Entra para desubrir el elenco y el repertorio.\" \/>\n<meta property=\"og:url\" content=\"https:\/\/www.barcelonaobertura.com\/es\/concert\/sondra-radvanovsky\/\" \/>\n<meta property=\"og:site_name\" content=\"Barcelona Obertura\" \/>\n<meta property=\"article:modified_time\" content=\"2023-08-02T09:20:55+00:00\" \/>\n<meta property=\"og:image\" content=\"https:\/\/www.barcelonaobertura.com\/wp-content\/uploads\/2023\/07\/11_Sondra-Radvanovsky_Paco-Amate-copia.webp\" \/>\n\t<meta property=\"og:image:width\" content=\"1280\" \/>\n\t<meta property=\"og:image:height\" content=\"598\" \/>\n\t<meta property=\"og:image:type\" content=\"image\/webp\" \/>\n<meta name=\"twitter:card\" content=\"summary_large_image\" \/>\n<meta name=\"twitter:label1\" content=\"Tiempo de lectura\" \/>\n\t<meta name=\"twitter:data1\" content=\"1 minuto\" \/>\n<script type=\"application\/ld+json\" class=\"yoast-schema-graph\">{\"@context\":\"https:\\\/\\\/schema.org\",\"@graph\":[{\"@type\":\"WebPage\",\"@id\":\"https:\\\/\\\/www.barcelonaobertura.com\\\/es\\\/concert\\\/sondra-radvanovsky\\\/\",\"url\":\"https:\\\/\\\/www.barcelonaobertura.com\\\/es\\\/concert\\\/sondra-radvanovsky\\\/\",\"name\":\"Sondra Radvanovsky - Barcelona Obertura\",\"isPartOf\":{\"@id\":\"https:\\\/\\\/www.barcelonaobertura.com\\\/es\\\/#website\"},\"primaryImageOfPage\":{\"@id\":\"https:\\\/\\\/www.barcelonaobertura.com\\\/es\\\/concert\\\/sondra-radvanovsky\\\/#primaryimage\"},\"image\":{\"@id\":\"https:\\\/\\\/www.barcelonaobertura.com\\\/es\\\/concert\\\/sondra-radvanovsky\\\/#primaryimage\"},\"thumbnailUrl\":\"https:\\\/\\\/www.barcelonaobertura.com\\\/wp-content\\\/uploads\\\/2023\\\/07\\\/11_Sondra-Radvanovsky_Paco-Amate-copia.webp\",\"datePublished\":\"2023-08-02T09:20:48+00:00\",\"dateModified\":\"2023-08-02T09:20:55+00:00\",\"description\":\"Prep\u00e1rate para disfrutar de Sondra Radvanovsky . Entra para desubrir el elenco y el repertorio.\",\"breadcrumb\":{\"@id\":\"https:\\\/\\\/www.barcelonaobertura.com\\\/es\\\/concert\\\/sondra-radvanovsky\\\/#breadcrumb\"},\"inLanguage\":\"es\",\"potentialAction\":[{\"@type\":\"ReadAction\",\"target\":[\"https:\\\/\\\/www.barcelonaobertura.com\\\/es\\\/concert\\\/sondra-radvanovsky\\\/\"]}]},{\"@type\":\"ImageObject\",\"inLanguage\":\"es\",\"@id\":\"https:\\\/\\\/www.barcelonaobertura.com\\\/es\\\/concert\\\/sondra-radvanovsky\\\/#primaryimage\",\"url\":\"https:\\\/\\\/www.barcelonaobertura.com\\\/wp-content\\\/uploads\\\/2023\\\/07\\\/11_Sondra-Radvanovsky_Paco-Amate-copia.webp\",\"contentUrl\":\"https:\\\/\\\/www.barcelonaobertura.com\\\/wp-content\\\/uploads\\\/2023\\\/07\\\/11_Sondra-Radvanovsky_Paco-Amate-copia.webp\",\"width\":1280,\"height\":598},{\"@type\":\"BreadcrumbList\",\"@id\":\"https:\\\/\\\/www.barcelonaobertura.com\\\/es\\\/concert\\\/sondra-radvanovsky\\\/#breadcrumb\",\"itemListElement\":[{\"@type\":\"ListItem\",\"position\":1,\"name\":\"Home\",\"item\":\"https:\\\/\\\/www.barcelonaobertura.com\\\/es\\\/\"},{\"@type\":\"ListItem\",\"position\":2,\"name\":\"Conciertos\",\"item\":\"https:\\\/\\\/www.barcelonaobertura.com\\\/es\\\/concert\\\/\"},{\"@type\":\"ListItem\",\"position\":3,\"name\":\"Sondra Radvanovsky\"}]},{\"@type\":\"WebSite\",\"@id\":\"https:\\\/\\\/www.barcelonaobertura.com\\\/es\\\/#website\",\"url\":\"https:\\\/\\\/www.barcelonaobertura.com\\\/es\\\/\",\"name\":\"Barcelona Obertura\",\"description\":\"Come for the music, Stay for the rest\",\"potentialAction\":[{\"@type\":\"SearchAction\",\"target\":{\"@type\":\"EntryPoint\",\"urlTemplate\":\"https:\\\/\\\/www.barcelonaobertura.com\\\/es\\\/?s={search_term_string}\"},\"query-input\":{\"@type\":\"PropertyValueSpecification\",\"valueRequired\":true,\"valueName\":\"search_term_string\"}}],\"inLanguage\":\"es\"}]}<\/script>\n<!-- \/ Yoast SEO plugin. -->","yoast_head_json":{"title":"Sondra Radvanovsky - Barcelona Obertura","description":"Prep\u00e1rate para disfrutar de Sondra Radvanovsky . Entra para desubrir el elenco y el repertorio.","robots":{"index":"index","follow":"follow","max-snippet":"max-snippet:-1","max-image-preview":"max-image-preview:large","max-video-preview":"max-video-preview:-1"},"canonical":"https:\/\/www.barcelonaobertura.com\/es\/concert\/sondra-radvanovsky\/","og_locale":"es_ES","og_type":"article","og_title":"Sondra Radvanovsky - Barcelona Obertura","og_description":"Prep\u00e1rate para disfrutar de Sondra Radvanovsky . Entra para desubrir el elenco y el repertorio.","og_url":"https:\/\/www.barcelonaobertura.com\/es\/concert\/sondra-radvanovsky\/","og_site_name":"Barcelona Obertura","article_modified_time":"2023-08-02T09:20:55+00:00","og_image":[{"width":1280,"height":598,"url":"https:\/\/www.barcelonaobertura.com\/wp-content\/uploads\/2023\/07\/11_Sondra-Radvanovsky_Paco-Amate-copia.webp","type":"image\/webp"}],"twitter_card":"summary_large_image","twitter_misc":{"Tiempo de lectura":"1 minuto"},"schema":{"@context":"https:\/\/schema.org","@graph":[{"@type":"WebPage","@id":"https:\/\/www.barcelonaobertura.com\/es\/concert\/sondra-radvanovsky\/","url":"https:\/\/www.barcelonaobertura.com\/es\/concert\/sondra-radvanovsky\/","name":"Sondra Radvanovsky - Barcelona Obertura","isPartOf":{"@id":"https:\/\/www.barcelonaobertura.com\/es\/#website"},"primaryImageOfPage":{"@id":"https:\/\/www.barcelonaobertura.com\/es\/concert\/sondra-radvanovsky\/#primaryimage"},"image":{"@id":"https:\/\/www.barcelonaobertura.com\/es\/concert\/sondra-radvanovsky\/#primaryimage"},"thumbnailUrl":"https:\/\/www.barcelonaobertura.com\/wp-content\/uploads\/2023\/07\/11_Sondra-Radvanovsky_Paco-Amate-copia.webp","datePublished":"2023-08-02T09:20:48+00:00","dateModified":"2023-08-02T09:20:55+00:00","description":"Prep\u00e1rate para disfrutar de Sondra Radvanovsky . Entra para desubrir el elenco y el repertorio.","breadcrumb":{"@id":"https:\/\/www.barcelonaobertura.com\/es\/concert\/sondra-radvanovsky\/#breadcrumb"},"inLanguage":"es","potentialAction":[{"@type":"ReadAction","target":["https:\/\/www.barcelonaobertura.com\/es\/concert\/sondra-radvanovsky\/"]}]},{"@type":"ImageObject","inLanguage":"es","@id":"https:\/\/www.barcelonaobertura.com\/es\/concert\/sondra-radvanovsky\/#primaryimage","url":"https:\/\/www.barcelonaobertura.com\/wp-content\/uploads\/2023\/07\/11_Sondra-Radvanovsky_Paco-Amate-copia.webp","contentUrl":"https:\/\/www.barcelonaobertura.com\/wp-content\/uploads\/2023\/07\/11_Sondra-Radvanovsky_Paco-Amate-copia.webp","width":1280,"height":598},{"@type":"BreadcrumbList","@id":"https:\/\/www.barcelonaobertura.com\/es\/concert\/sondra-radvanovsky\/#breadcrumb","itemListElement":[{"@type":"ListItem","position":1,"name":"Home","item":"https:\/\/www.barcelonaobertura.com\/es\/"},{"@type":"ListItem","position":2,"name":"Conciertos","item":"https:\/\/www.barcelonaobertura.com\/es\/concert\/"},{"@type":"ListItem","position":3,"name":"Sondra Radvanovsky"}]},{"@type":"WebSite","@id":"https:\/\/www.barcelonaobertura.com\/es\/#website","url":"https:\/\/www.barcelonaobertura.com\/es\/","name":"Barcelona Obertura","description":"Come for the music, Stay for the rest","potentialAction":[{"@type":"SearchAction","target":{"@type":"EntryPoint","urlTemplate":"https:\/\/www.barcelonaobertura.com\/es\/?s={search_term_string}"},"query-input":{"@type":"PropertyValueSpecification","valueRequired":true,"valueName":"search_term_string"}}],"inLanguage":"es"}]}},"_links":{"self":[{"href":"https:\/\/www.barcelonaobertura.com\/es\/wp-json\/wp\/v2\/concert\/54623","targetHints":{"allow":["GET"]}}],"collection":[{"href":"https:\/\/www.barcelonaobertura.com\/es\/wp-json\/wp\/v2\/concert"}],"about":[{"href":"https:\/\/www.barcelonaobertura.com\/es\/wp-json\/wp\/v2\/types\/concert"}],"wp:featuredmedia":[{"embeddable":true,"href":"https:\/\/www.barcelonaobertura.com\/es\/wp-json\/wp\/v2\/media\/54781"}],"wp:attachment":[{"href":"https:\/\/www.barcelonaobertura.com\/es\/wp-json\/wp\/v2\/media?parent=54623"}],"curies":[{"name":"wp","href":"https:\/\/api.w.org\/{rel}","templated":true}]}}

<p>Con Sondra Radvanovsky, una de las sopranos más celebradas del mundo y más queridas por el público liceísta, reconocemos una voz poderosa y expresiva, con un alma y dedicación extremas. Dramática y cautivadora, Radvanovsky es una intérprete infalible y eficaz, con una amplia gama de roles, y que sigue añadiendo otros nuevos cada temporada.&nbsp;</p>



<p>“Artista esencial” o “una de las mejores cantantes-actrices de la ópera” según el New York Times, es para el Liceu la actual queen del escenario. Los coleccionistas de voces no somos capaces de olvidar sus conmovedoras interpretaciones en el coliseo de la Rambla, con una galería tan suntuosa que va de Aida a Tosca, pasando por Norma, Maddalena di Coigny o Luisa Miller.&nbsp;</p>

<!-- This site is optimized with the Yoast SEO plugin v27.5 - https://yoast.com/product/yoast-seo-wordpress/ -->
<title>Sondra Radvanovsky - Barcelona Obertura</title>
<meta name="description" content="Prepárate para disfrutar de Sondra Radvanovsky . Entra para desubrir el elenco y el repertorio." />
<meta name="robots" content="index, follow, max-snippet:-1, max-image-preview:large, max-video-preview:-1" />
<link rel="canonical" href="https://www.barcelonaobertura.com/es/concert/sondra-radvanovsky/" />
<meta property="og:locale" content="es_ES" />
<meta property="og:type" content="article" />
<meta property="og:title" content="Sondra Radvanovsky - Barcelona Obertura" />
<meta property="og:description" content="Prepárate para disfrutar de Sondra Radvanovsky . Entra para desubrir el elenco y el repertorio." />
<meta property="og:url" content="https://www.barcelonaobertura.com/es/concert/sondra-radvanovsky/" />
<meta property="og:site_name" content="Barcelona Obertura" />
<meta property="article:modified_time" content="2023-08-02T09:20:55+00:00" />
<meta property="og:image" content="https://www.barcelonaobertura.com/wp-content/uploads/2023/07/11_Sondra-Radvanovsky_Paco-Amate-copia.webp" />
	<meta property="og:image:width" content="1280" />
	<meta property="og:image:height" content="598" />
	<meta property="og:image:type" content="image/webp" />
<meta name="twitter:card" content="summary_large_image" />
<meta name="twitter:label1" content="Tiempo de lectura" />
	<meta name="twitter:data1" content="1 minuto" />
<script type="application/ld+json" class="yoast-schema-graph">{"@context":"https:\/\/schema.org","@graph":[{"@type":"WebPage","@id":"https:\/\/www.barcelonaobertura.com\/es\/concert\/sondra-radvanovsky\/","url":"https:\/\/www.barcelonaobertura.com\/es\/concert\/sondra-radvanovsky\/","name":"Sondra Radvanovsky - Barcelona Obertura","isPartOf":{"@id":"https:\/\/www.barcelonaobertura.com\/es\/#website"},"primaryImageOfPage":{"@id":"https:\/\/www.barcelonaobertura.com\/es\/concert\/sondra-radvanovsky\/#primaryimage"},"image":{"@id":"https:\/\/www.barcelonaobertura.com\/es\/concert\/sondra-radvanovsky\/#primaryimage"},"thumbnailUrl":"https:\/\/www.barcelonaobertura.com\/wp-content\/uploads\/2023\/07\/11_Sondra-Radvanovsky_Paco-Amate-copia.webp","datePublished":"2023-08-02T09:20:48+00:00","dateModified":"2023-08-02T09:20:55+00:00","description":"Prepárate para disfrutar de Sondra Radvanovsky . Entra para desubrir el elenco y el repertorio.","breadcrumb":{"@id":"https:\/\/www.barcelonaobertura.com\/es\/concert\/sondra-radvanovsky\/#breadcrumb"},"inLanguage":"es","potentialAction":[{"@type":"ReadAction","target":["https:\/\/www.barcelonaobertura.com\/es\/concert\/sondra-radvanovsky\/"]}]},{"@type":"ImageObject","inLanguage":"es","@id":"https:\/\/www.barcelonaobertura.com\/es\/concert\/sondra-radvanovsky\/#primaryimage","url":"https:\/\/www.barcelonaobertura.com\/wp-content\/uploads\/2023\/07\/11_Sondra-Radvanovsky_Paco-Amate-copia.webp","contentUrl":"https:\/\/www.barcelonaobertura.com\/wp-content\/uploads\/2023\/07\/11_Sondra-Radvanovsky_Paco-Amate-copia.webp","width":1280,"height":598},{"@type":"BreadcrumbList","@id":"https:\/\/www.barcelonaobertura.com\/es\/concert\/sondra-radvanovsky\/#breadcrumb","itemListElement":[{"@type":"ListItem","position":1,"name":"Home","item":"https:\/\/www.barcelonaobertura.com\/es\/"},{"@type":"ListItem","position":2,"name":"Conciertos","item":"https:\/\/www.barcelonaobertura.com\/es\/concert\/"},{"@type":"ListItem","position":3,"name":"Sondra Radvanovsky"}]},{"@type":"WebSite","@id":"https:\/\/www.barcelonaobertura.com\/es\/#website","url":"https:\/\/www.barcelonaobertura.com\/es\/","name":"Barcelona Obertura","description":"Come for the music, Stay for the rest","potentialAction":[{"@type":"SearchAction","target":{"@type":"EntryPoint","urlTemplate":"https:\/\/www.barcelonaobertura.com\/es\/?s={search_term_string}"},"query-input":{"@type":"PropertyValueSpecification","valueRequired":true,"valueName":"search_term_string"}}],"inLanguage":"es"}]}</script>
<!-- / Yoast SEO plugin. -->

Prepárate para disfrutar de Sondra Radvanovsky . Entra para desubrir el elenco y el repertorio.
