{"id":171388,"date":"2025-12-18T13:18:44","date_gmt":"2025-12-18T13:18:44","guid":{"rendered":"https:\/\/www.barcelonaobertura.com\/ciutat-de-classica\/alba-valdivieso-abigail-prat\/"},"modified":"2026-02-25T09:20:35","modified_gmt":"2026-02-25T09:20:35","slug":"alba-valdivieso-abigail-prat","status":"publish","type":"obertura-city-plus","link":"https:\/\/www.barcelonaobertura.com\/es\/ciutat-de-classica\/alba-valdivieso-abigail-prat\/","title":{"rendered":"Alba Valdivieso &amp; Abigail Prat"},"content":{"rendered":"","protected":false},"featured_media":171487,"template":"","class_list":["post-171388","obertura-city-plus","type-obertura-city-plus","status-publish","has-post-thumbnail","hentry","concert-venue-mirador-torre-glories"],"acf":[],"yoast_head":"<!-- This site is optimized with the Yoast SEO plugin v27.4 - https:\/\/yoast.com\/product\/yoast-seo-wordpress\/ -->\n<title>Alba Valdivieso &amp; Abigail Prat - Barcelona Obertura<\/title>\n<meta name=\"description\" content=\"Descubre Ciutat de Cl\u00e0ssica. Una forma diferente de acercarse a la escena musical de Barcelona. Un festival de m\u00fasica cl\u00e1sica abierto a todo tipo de p\u00fablico.\" \/>\n<meta name=\"robots\" content=\"index, follow, max-snippet:-1, max-image-preview:large, max-video-preview:-1\" \/>\n<link rel=\"canonical\" href=\"https:\/\/www.barcelonaobertura.com\/es\/ciutat-de-classica\/alba-valdivieso-abigail-prat\/\" \/>\n<meta property=\"og:locale\" content=\"es_ES\" \/>\n<meta property=\"og:type\" content=\"article\" \/>\n<meta property=\"og:title\" content=\"Alba Valdivieso &amp; Abigail Prat - Barcelona Obertura\" \/>\n<meta property=\"og:description\" content=\"Descubre Ciutat de Cl\u00e0ssica. Una forma diferente de acercarse a la escena musical de Barcelona. Un festival de m\u00fasica cl\u00e1sica abierto a todo tipo de p\u00fablico.\" \/>\n<meta property=\"og:url\" content=\"https:\/\/www.barcelonaobertura.com\/es\/ciutat-de-classica\/alba-valdivieso-abigail-prat\/\" \/>\n<meta property=\"og:site_name\" content=\"Barcelona Obertura\" \/>\n<meta property=\"article:modified_time\" content=\"2026-02-25T09:20:35+00:00\" \/>\n<meta property=\"og:image\" content=\"https:\/\/www.barcelonaobertura.com\/wp-content\/uploads\/2025\/12\/25-03-25-Mirador-Torre-Glories-Sexteto-de-cuerda-II.-Bernat-Prat-y-Maria-Florea-violin.-Noemi-Funez-y-Maria-Rallo-viola.-Blai-Bosser-y-Oriol-Prat-violonchelo-28-scaled.jpg\" \/>\n\t<meta property=\"og:image:width\" content=\"2560\" \/>\n\t<meta property=\"og:image:height\" content=\"1707\" \/>\n\t<meta property=\"og:image:type\" content=\"image\/jpeg\" \/>\n<meta name=\"twitter:card\" content=\"summary_large_image\" \/>\n<meta name=\"twitter:label1\" content=\"Tiempo de lectura\" \/>\n\t<meta name=\"twitter:data1\" content=\"1 minuto\" \/>\n<script type=\"application\/ld+json\" class=\"yoast-schema-graph\">{\"@context\":\"https:\\\/\\\/schema.org\",\"@graph\":[{\"@type\":\"WebPage\",\"@id\":\"https:\\\/\\\/www.barcelonaobertura.com\\\/es\\\/ciutat-de-classica\\\/alba-valdivieso-abigail-prat\\\/\",\"url\":\"https:\\\/\\\/www.barcelonaobertura.com\\\/es\\\/ciutat-de-classica\\\/alba-valdivieso-abigail-prat\\\/\",\"name\":\"Alba Valdivieso &amp; Abigail Prat - Barcelona Obertura\",\"isPartOf\":{\"@id\":\"https:\\\/\\\/www.barcelonaobertura.com\\\/es\\\/#website\"},\"primaryImageOfPage\":{\"@id\":\"https:\\\/\\\/www.barcelonaobertura.com\\\/es\\\/ciutat-de-classica\\\/alba-valdivieso-abigail-prat\\\/#primaryimage\"},\"image\":{\"@id\":\"https:\\\/\\\/www.barcelonaobertura.com\\\/es\\\/ciutat-de-classica\\\/alba-valdivieso-abigail-prat\\\/#primaryimage\"},\"thumbnailUrl\":\"https:\\\/\\\/www.barcelonaobertura.com\\\/wp-content\\\/uploads\\\/2025\\\/12\\\/25-03-25-Mirador-Torre-Glories-Sexteto-de-cuerda-II.-Bernat-Prat-y-Maria-Florea-violin.-Noemi-Funez-y-Maria-Rallo-viola.-Blai-Bosser-y-Oriol-Prat-violonchelo-28-scaled.jpg\",\"datePublished\":\"2025-12-18T13:18:44+00:00\",\"dateModified\":\"2026-02-25T09:20:35+00:00\",\"description\":\"Descubre Ciutat de Cl\u00e0ssica. Una forma diferente de acercarse a la escena musical de Barcelona. Un festival de m\u00fasica cl\u00e1sica abierto a todo tipo de p\u00fablico.\",\"breadcrumb\":{\"@id\":\"https:\\\/\\\/www.barcelonaobertura.com\\\/es\\\/ciutat-de-classica\\\/alba-valdivieso-abigail-prat\\\/#breadcrumb\"},\"inLanguage\":\"es\",\"potentialAction\":[{\"@type\":\"ReadAction\",\"target\":[\"https:\\\/\\\/www.barcelonaobertura.com\\\/es\\\/ciutat-de-classica\\\/alba-valdivieso-abigail-prat\\\/\"]}]},{\"@type\":\"ImageObject\",\"inLanguage\":\"es\",\"@id\":\"https:\\\/\\\/www.barcelonaobertura.com\\\/es\\\/ciutat-de-classica\\\/alba-valdivieso-abigail-prat\\\/#primaryimage\",\"url\":\"https:\\\/\\\/www.barcelonaobertura.com\\\/wp-content\\\/uploads\\\/2025\\\/12\\\/25-03-25-Mirador-Torre-Glories-Sexteto-de-cuerda-II.-Bernat-Prat-y-Maria-Florea-violin.-Noemi-Funez-y-Maria-Rallo-viola.-Blai-Bosser-y-Oriol-Prat-violonchelo-28-scaled.jpg\",\"contentUrl\":\"https:\\\/\\\/www.barcelonaobertura.com\\\/wp-content\\\/uploads\\\/2025\\\/12\\\/25-03-25-Mirador-Torre-Glories-Sexteto-de-cuerda-II.-Bernat-Prat-y-Maria-Florea-violin.-Noemi-Funez-y-Maria-Rallo-viola.-Blai-Bosser-y-Oriol-Prat-violonchelo-28-scaled.jpg\",\"width\":2560,\"height\":1707},{\"@type\":\"BreadcrumbList\",\"@id\":\"https:\\\/\\\/www.barcelonaobertura.com\\\/es\\\/ciutat-de-classica\\\/alba-valdivieso-abigail-prat\\\/#breadcrumb\",\"itemListElement\":[{\"@type\":\"ListItem\",\"position\":1,\"name\":\"Home\",\"item\":\"https:\\\/\\\/www.barcelonaobertura.com\\\/es\\\/\"},{\"@type\":\"ListItem\",\"position\":2,\"name\":\"Ciutat de cl\u00e0ssica\",\"item\":\"https:\\\/\\\/www.barcelonaobertura.com\\\/es\\\/ciutat-de-classica\\\/\"},{\"@type\":\"ListItem\",\"position\":3,\"name\":\"Alba Valdivieso &amp; Abigail Prat\"}]},{\"@type\":\"WebSite\",\"@id\":\"https:\\\/\\\/www.barcelonaobertura.com\\\/es\\\/#website\",\"url\":\"https:\\\/\\\/www.barcelonaobertura.com\\\/es\\\/\",\"name\":\"Barcelona Obertura\",\"description\":\"Come for the music, Stay for the rest\",\"potentialAction\":[{\"@type\":\"SearchAction\",\"target\":{\"@type\":\"EntryPoint\",\"urlTemplate\":\"https:\\\/\\\/www.barcelonaobertura.com\\\/es\\\/?s={search_term_string}\"},\"query-input\":{\"@type\":\"PropertyValueSpecification\",\"valueRequired\":true,\"valueName\":\"search_term_string\"}}],\"inLanguage\":\"es\"}]}<\/script>\n<!-- \/ Yoast SEO plugin. -->","yoast_head_json":{"title":"Alba Valdivieso &amp; Abigail Prat - Barcelona Obertura","description":"Descubre Ciutat de Cl\u00e0ssica. Una forma diferente de acercarse a la escena musical de Barcelona. Un festival de m\u00fasica cl\u00e1sica abierto a todo tipo de p\u00fablico.","robots":{"index":"index","follow":"follow","max-snippet":"max-snippet:-1","max-image-preview":"max-image-preview:large","max-video-preview":"max-video-preview:-1"},"canonical":"https:\/\/www.barcelonaobertura.com\/es\/ciutat-de-classica\/alba-valdivieso-abigail-prat\/","og_locale":"es_ES","og_type":"article","og_title":"Alba Valdivieso &amp; Abigail Prat - Barcelona Obertura","og_description":"Descubre Ciutat de Cl\u00e0ssica. Una forma diferente de acercarse a la escena musical de Barcelona. Un festival de m\u00fasica cl\u00e1sica abierto a todo tipo de p\u00fablico.","og_url":"https:\/\/www.barcelonaobertura.com\/es\/ciutat-de-classica\/alba-valdivieso-abigail-prat\/","og_site_name":"Barcelona Obertura","article_modified_time":"2026-02-25T09:20:35+00:00","og_image":[{"width":2560,"height":1707,"url":"https:\/\/www.barcelonaobertura.com\/wp-content\/uploads\/2025\/12\/25-03-25-Mirador-Torre-Glories-Sexteto-de-cuerda-II.-Bernat-Prat-y-Maria-Florea-violin.-Noemi-Funez-y-Maria-Rallo-viola.-Blai-Bosser-y-Oriol-Prat-violonchelo-28-scaled.jpg","type":"image\/jpeg"}],"twitter_card":"summary_large_image","twitter_misc":{"Tiempo de lectura":"1 minuto"},"schema":{"@context":"https:\/\/schema.org","@graph":[{"@type":"WebPage","@id":"https:\/\/www.barcelonaobertura.com\/es\/ciutat-de-classica\/alba-valdivieso-abigail-prat\/","url":"https:\/\/www.barcelonaobertura.com\/es\/ciutat-de-classica\/alba-valdivieso-abigail-prat\/","name":"Alba Valdivieso &amp; Abigail Prat - Barcelona Obertura","isPartOf":{"@id":"https:\/\/www.barcelonaobertura.com\/es\/#website"},"primaryImageOfPage":{"@id":"https:\/\/www.barcelonaobertura.com\/es\/ciutat-de-classica\/alba-valdivieso-abigail-prat\/#primaryimage"},"image":{"@id":"https:\/\/www.barcelonaobertura.com\/es\/ciutat-de-classica\/alba-valdivieso-abigail-prat\/#primaryimage"},"thumbnailUrl":"https:\/\/www.barcelonaobertura.com\/wp-content\/uploads\/2025\/12\/25-03-25-Mirador-Torre-Glories-Sexteto-de-cuerda-II.-Bernat-Prat-y-Maria-Florea-violin.-Noemi-Funez-y-Maria-Rallo-viola.-Blai-Bosser-y-Oriol-Prat-violonchelo-28-scaled.jpg","datePublished":"2025-12-18T13:18:44+00:00","dateModified":"2026-02-25T09:20:35+00:00","description":"Descubre Ciutat de Cl\u00e0ssica. Una forma diferente de acercarse a la escena musical de Barcelona. Un festival de m\u00fasica cl\u00e1sica abierto a todo tipo de p\u00fablico.","breadcrumb":{"@id":"https:\/\/www.barcelonaobertura.com\/es\/ciutat-de-classica\/alba-valdivieso-abigail-prat\/#breadcrumb"},"inLanguage":"es","potentialAction":[{"@type":"ReadAction","target":["https:\/\/www.barcelonaobertura.com\/es\/ciutat-de-classica\/alba-valdivieso-abigail-prat\/"]}]},{"@type":"ImageObject","inLanguage":"es","@id":"https:\/\/www.barcelonaobertura.com\/es\/ciutat-de-classica\/alba-valdivieso-abigail-prat\/#primaryimage","url":"https:\/\/www.barcelonaobertura.com\/wp-content\/uploads\/2025\/12\/25-03-25-Mirador-Torre-Glories-Sexteto-de-cuerda-II.-Bernat-Prat-y-Maria-Florea-violin.-Noemi-Funez-y-Maria-Rallo-viola.-Blai-Bosser-y-Oriol-Prat-violonchelo-28-scaled.jpg","contentUrl":"https:\/\/www.barcelonaobertura.com\/wp-content\/uploads\/2025\/12\/25-03-25-Mirador-Torre-Glories-Sexteto-de-cuerda-II.-Bernat-Prat-y-Maria-Florea-violin.-Noemi-Funez-y-Maria-Rallo-viola.-Blai-Bosser-y-Oriol-Prat-violonchelo-28-scaled.jpg","width":2560,"height":1707},{"@type":"BreadcrumbList","@id":"https:\/\/www.barcelonaobertura.com\/es\/ciutat-de-classica\/alba-valdivieso-abigail-prat\/#breadcrumb","itemListElement":[{"@type":"ListItem","position":1,"name":"Home","item":"https:\/\/www.barcelonaobertura.com\/es\/"},{"@type":"ListItem","position":2,"name":"Ciutat de cl\u00e0ssica","item":"https:\/\/www.barcelonaobertura.com\/es\/ciutat-de-classica\/"},{"@type":"ListItem","position":3,"name":"Alba Valdivieso &amp; Abigail Prat"}]},{"@type":"WebSite","@id":"https:\/\/www.barcelonaobertura.com\/es\/#website","url":"https:\/\/www.barcelonaobertura.com\/es\/","name":"Barcelona Obertura","description":"Come for the music, Stay for the rest","potentialAction":[{"@type":"SearchAction","target":{"@type":"EntryPoint","urlTemplate":"https:\/\/www.barcelonaobertura.com\/es\/?s={search_term_string}"},"query-input":{"@type":"PropertyValueSpecification","valueRequired":true,"valueName":"search_term_string"}}],"inLanguage":"es"}]}},"_links":{"self":[{"href":"https:\/\/www.barcelonaobertura.com\/es\/wp-json\/wp\/v2\/obertura-city-plus\/171388","targetHints":{"allow":["GET"]}}],"collection":[{"href":"https:\/\/www.barcelonaobertura.com\/es\/wp-json\/wp\/v2\/obertura-city-plus"}],"about":[{"href":"https:\/\/www.barcelonaobertura.com\/es\/wp-json\/wp\/v2\/types\/obertura-city-plus"}],"wp:featuredmedia":[{"embeddable":true,"href":"https:\/\/www.barcelonaobertura.com\/es\/wp-json\/wp\/v2\/media\/171487"}],"wp:attachment":[{"href":"https:\/\/www.barcelonaobertura.com\/es\/wp-json\/wp\/v2\/media?parent=171388"}],"curies":[{"name":"wp","href":"https:\/\/api.w.org\/{rel}","templated":true}]}}

<!-- This site is optimized with the Yoast SEO plugin v27.4 - https://yoast.com/product/yoast-seo-wordpress/ -->
<title>Alba Valdivieso &amp; Abigail Prat - Barcelona Obertura</title>
<meta name="description" content="Descubre Ciutat de Clàssica. Una forma diferente de acercarse a la escena musical de Barcelona. Un festival de música clásica abierto a todo tipo de público." />
<meta name="robots" content="index, follow, max-snippet:-1, max-image-preview:large, max-video-preview:-1" />
<link rel="canonical" href="https://www.barcelonaobertura.com/es/ciutat-de-classica/alba-valdivieso-abigail-prat/" />
<meta property="og:locale" content="es_ES" />
<meta property="og:type" content="article" />
<meta property="og:title" content="Alba Valdivieso &amp; Abigail Prat - Barcelona Obertura" />
<meta property="og:description" content="Descubre Ciutat de Clàssica. Una forma diferente de acercarse a la escena musical de Barcelona. Un festival de música clásica abierto a todo tipo de público." />
<meta property="og:url" content="https://www.barcelonaobertura.com/es/ciutat-de-classica/alba-valdivieso-abigail-prat/" />
<meta property="og:site_name" content="Barcelona Obertura" />
<meta property="article:modified_time" content="2026-02-25T09:20:35+00:00" />
<meta property="og:image" content="https://www.barcelonaobertura.com/wp-content/uploads/2025/12/25-03-25-Mirador-Torre-Glories-Sexteto-de-cuerda-II.-Bernat-Prat-y-Maria-Florea-violin.-Noemi-Funez-y-Maria-Rallo-viola.-Blai-Bosser-y-Oriol-Prat-violonchelo-28-scaled.jpg" />
	<meta property="og:image:width" content="2560" />
	<meta property="og:image:height" content="1707" />
	<meta property="og:image:type" content="image/jpeg" />
<meta name="twitter:card" content="summary_large_image" />
<meta name="twitter:label1" content="Tiempo de lectura" />
	<meta name="twitter:data1" content="1 minuto" />
<script type="application/ld+json" class="yoast-schema-graph">{"@context":"https:\/\/schema.org","@graph":[{"@type":"WebPage","@id":"https:\/\/www.barcelonaobertura.com\/es\/ciutat-de-classica\/alba-valdivieso-abigail-prat\/","url":"https:\/\/www.barcelonaobertura.com\/es\/ciutat-de-classica\/alba-valdivieso-abigail-prat\/","name":"Alba Valdivieso &amp; Abigail Prat - Barcelona Obertura","isPartOf":{"@id":"https:\/\/www.barcelonaobertura.com\/es\/#website"},"primaryImageOfPage":{"@id":"https:\/\/www.barcelonaobertura.com\/es\/ciutat-de-classica\/alba-valdivieso-abigail-prat\/#primaryimage"},"image":{"@id":"https:\/\/www.barcelonaobertura.com\/es\/ciutat-de-classica\/alba-valdivieso-abigail-prat\/#primaryimage"},"thumbnailUrl":"https:\/\/www.barcelonaobertura.com\/wp-content\/uploads\/2025\/12\/25-03-25-Mirador-Torre-Glories-Sexteto-de-cuerda-II.-Bernat-Prat-y-Maria-Florea-violin.-Noemi-Funez-y-Maria-Rallo-viola.-Blai-Bosser-y-Oriol-Prat-violonchelo-28-scaled.jpg","datePublished":"2025-12-18T13:18:44+00:00","dateModified":"2026-02-25T09:20:35+00:00","description":"Descubre Ciutat de Clàssica. Una forma diferente de acercarse a la escena musical de Barcelona. Un festival de música clásica abierto a todo tipo de público.","breadcrumb":{"@id":"https:\/\/www.barcelonaobertura.com\/es\/ciutat-de-classica\/alba-valdivieso-abigail-prat\/#breadcrumb"},"inLanguage":"es","potentialAction":[{"@type":"ReadAction","target":["https:\/\/www.barcelonaobertura.com\/es\/ciutat-de-classica\/alba-valdivieso-abigail-prat\/"]}]},{"@type":"ImageObject","inLanguage":"es","@id":"https:\/\/www.barcelonaobertura.com\/es\/ciutat-de-classica\/alba-valdivieso-abigail-prat\/#primaryimage","url":"https:\/\/www.barcelonaobertura.com\/wp-content\/uploads\/2025\/12\/25-03-25-Mirador-Torre-Glories-Sexteto-de-cuerda-II.-Bernat-Prat-y-Maria-Florea-violin.-Noemi-Funez-y-Maria-Rallo-viola.-Blai-Bosser-y-Oriol-Prat-violonchelo-28-scaled.jpg","contentUrl":"https:\/\/www.barcelonaobertura.com\/wp-content\/uploads\/2025\/12\/25-03-25-Mirador-Torre-Glories-Sexteto-de-cuerda-II.-Bernat-Prat-y-Maria-Florea-violin.-Noemi-Funez-y-Maria-Rallo-viola.-Blai-Bosser-y-Oriol-Prat-violonchelo-28-scaled.jpg","width":2560,"height":1707},{"@type":"BreadcrumbList","@id":"https:\/\/www.barcelonaobertura.com\/es\/ciutat-de-classica\/alba-valdivieso-abigail-prat\/#breadcrumb","itemListElement":[{"@type":"ListItem","position":1,"name":"Home","item":"https:\/\/www.barcelonaobertura.com\/es\/"},{"@type":"ListItem","position":2,"name":"Ciutat de clàssica","item":"https:\/\/www.barcelonaobertura.com\/es\/ciutat-de-classica\/"},{"@type":"ListItem","position":3,"name":"Alba Valdivieso &amp; Abigail Prat"}]},{"@type":"WebSite","@id":"https:\/\/www.barcelonaobertura.com\/es\/#website","url":"https:\/\/www.barcelonaobertura.com\/es\/","name":"Barcelona Obertura","description":"Come for the music, Stay for the rest","potentialAction":[{"@type":"SearchAction","target":{"@type":"EntryPoint","urlTemplate":"https:\/\/www.barcelonaobertura.com\/es\/?s={search_term_string}"},"query-input":{"@type":"PropertyValueSpecification","valueRequired":true,"valueName":"search_term_string"}}],"inLanguage":"es"}]}</script>
<!-- / Yoast SEO plugin. -->

Descubre Ciutat de Clàssica. Una forma diferente de acercarse a la escena musical de Barcelona. Un festival de música clásica abierto a todo tipo de público.

Ciutat de clàssica
