{"id":171390,"date":"2025-12-18T13:16:30","date_gmt":"2025-12-18T13:16:30","guid":{"rendered":"https:\/\/www.barcelonaobertura.com\/ciutat-de-classica\/david-carmona-clarinet\/"},"modified":"2026-02-25T09:17:35","modified_gmt":"2026-02-25T09:17:35","slug":"david-carmona-clarinet","status":"publish","type":"obertura-city-plus","link":"https:\/\/www.barcelonaobertura.com\/es\/ciutat-de-classica\/david-carmona-clarinet\/","title":{"rendered":"David Carmona, clarinete"},"content":{"rendered":"","protected":false},"featured_media":171308,"template":"","class_list":["post-171390","obertura-city-plus","type-obertura-city-plus","status-publish","has-post-thumbnail","hentry","concert-venue-biblioteca-horta-can-mariner"],"acf":[],"yoast_head":"<!-- This site is optimized with the Yoast SEO plugin v27.4 - https:\/\/yoast.com\/product\/yoast-seo-wordpress\/ -->\n<title>David Carmona, clarinete - Barcelona Obertura<\/title>\n<meta name=\"description\" content=\"Descubre Ciutat de Cl\u00e0ssica. Una forma diferente de acercarse a la escena musical de Barcelona. Un festival de m\u00fasica cl\u00e1sica abierto a todo tipo de p\u00fablico.\" \/>\n<meta name=\"robots\" content=\"index, follow, max-snippet:-1, max-image-preview:large, max-video-preview:-1\" \/>\n<link rel=\"canonical\" href=\"https:\/\/www.barcelonaobertura.com\/es\/ciutat-de-classica\/david-carmona-clarinet\/\" \/>\n<meta property=\"og:locale\" content=\"es_ES\" \/>\n<meta property=\"og:type\" content=\"article\" \/>\n<meta property=\"og:title\" content=\"David Carmona, clarinete - Barcelona Obertura\" \/>\n<meta property=\"og:description\" content=\"Descubre Ciutat de Cl\u00e0ssica. Una forma diferente de acercarse a la escena musical de Barcelona. Un festival de m\u00fasica cl\u00e1sica abierto a todo tipo de p\u00fablico.\" \/>\n<meta property=\"og:url\" content=\"https:\/\/www.barcelonaobertura.com\/es\/ciutat-de-classica\/david-carmona-clarinet\/\" \/>\n<meta property=\"og:site_name\" content=\"Barcelona Obertura\" \/>\n<meta property=\"article:modified_time\" content=\"2026-02-25T09:17:35+00:00\" \/>\n<meta property=\"og:image\" content=\"https:\/\/www.barcelonaobertura.com\/wp-content\/uploads\/2025\/12\/Biblioteca-Horta-Can-Mariner.webp\" \/>\n\t<meta property=\"og:image:width\" content=\"1706\" \/>\n\t<meta property=\"og:image:height\" content=\"960\" \/>\n\t<meta property=\"og:image:type\" content=\"image\/webp\" \/>\n<meta name=\"twitter:card\" content=\"summary_large_image\" \/>\n<meta name=\"twitter:label1\" content=\"Tiempo de lectura\" \/>\n\t<meta name=\"twitter:data1\" content=\"1 minuto\" \/>\n<script type=\"application\/ld+json\" class=\"yoast-schema-graph\">{\"@context\":\"https:\\\/\\\/schema.org\",\"@graph\":[{\"@type\":\"WebPage\",\"@id\":\"https:\\\/\\\/www.barcelonaobertura.com\\\/es\\\/ciutat-de-classica\\\/david-carmona-clarinet\\\/\",\"url\":\"https:\\\/\\\/www.barcelonaobertura.com\\\/es\\\/ciutat-de-classica\\\/david-carmona-clarinet\\\/\",\"name\":\"David Carmona, clarinete - Barcelona Obertura\",\"isPartOf\":{\"@id\":\"https:\\\/\\\/www.barcelonaobertura.com\\\/es\\\/#website\"},\"primaryImageOfPage\":{\"@id\":\"https:\\\/\\\/www.barcelonaobertura.com\\\/es\\\/ciutat-de-classica\\\/david-carmona-clarinet\\\/#primaryimage\"},\"image\":{\"@id\":\"https:\\\/\\\/www.barcelonaobertura.com\\\/es\\\/ciutat-de-classica\\\/david-carmona-clarinet\\\/#primaryimage\"},\"thumbnailUrl\":\"https:\\\/\\\/www.barcelonaobertura.com\\\/wp-content\\\/uploads\\\/2025\\\/12\\\/Biblioteca-Horta-Can-Mariner.webp\",\"datePublished\":\"2025-12-18T13:16:30+00:00\",\"dateModified\":\"2026-02-25T09:17:35+00:00\",\"description\":\"Descubre Ciutat de Cl\u00e0ssica. Una forma diferente de acercarse a la escena musical de Barcelona. Un festival de m\u00fasica cl\u00e1sica abierto a todo tipo de p\u00fablico.\",\"breadcrumb\":{\"@id\":\"https:\\\/\\\/www.barcelonaobertura.com\\\/es\\\/ciutat-de-classica\\\/david-carmona-clarinet\\\/#breadcrumb\"},\"inLanguage\":\"es\",\"potentialAction\":[{\"@type\":\"ReadAction\",\"target\":[\"https:\\\/\\\/www.barcelonaobertura.com\\\/es\\\/ciutat-de-classica\\\/david-carmona-clarinet\\\/\"]}]},{\"@type\":\"ImageObject\",\"inLanguage\":\"es\",\"@id\":\"https:\\\/\\\/www.barcelonaobertura.com\\\/es\\\/ciutat-de-classica\\\/david-carmona-clarinet\\\/#primaryimage\",\"url\":\"https:\\\/\\\/www.barcelonaobertura.com\\\/wp-content\\\/uploads\\\/2025\\\/12\\\/Biblioteca-Horta-Can-Mariner.webp\",\"contentUrl\":\"https:\\\/\\\/www.barcelonaobertura.com\\\/wp-content\\\/uploads\\\/2025\\\/12\\\/Biblioteca-Horta-Can-Mariner.webp\",\"width\":1706,\"height\":960},{\"@type\":\"BreadcrumbList\",\"@id\":\"https:\\\/\\\/www.barcelonaobertura.com\\\/es\\\/ciutat-de-classica\\\/david-carmona-clarinet\\\/#breadcrumb\",\"itemListElement\":[{\"@type\":\"ListItem\",\"position\":1,\"name\":\"Home\",\"item\":\"https:\\\/\\\/www.barcelonaobertura.com\\\/es\\\/\"},{\"@type\":\"ListItem\",\"position\":2,\"name\":\"Ciutat de cl\u00e0ssica\",\"item\":\"https:\\\/\\\/www.barcelonaobertura.com\\\/es\\\/ciutat-de-classica\\\/\"},{\"@type\":\"ListItem\",\"position\":3,\"name\":\"David Carmona, clarinete\"}]},{\"@type\":\"WebSite\",\"@id\":\"https:\\\/\\\/www.barcelonaobertura.com\\\/es\\\/#website\",\"url\":\"https:\\\/\\\/www.barcelonaobertura.com\\\/es\\\/\",\"name\":\"Barcelona Obertura\",\"description\":\"Come for the music, Stay for the rest\",\"potentialAction\":[{\"@type\":\"SearchAction\",\"target\":{\"@type\":\"EntryPoint\",\"urlTemplate\":\"https:\\\/\\\/www.barcelonaobertura.com\\\/es\\\/?s={search_term_string}\"},\"query-input\":{\"@type\":\"PropertyValueSpecification\",\"valueRequired\":true,\"valueName\":\"search_term_string\"}}],\"inLanguage\":\"es\"}]}<\/script>\n<!-- \/ Yoast SEO plugin. -->","yoast_head_json":{"title":"David Carmona, clarinete - Barcelona Obertura","description":"Descubre Ciutat de Cl\u00e0ssica. Una forma diferente de acercarse a la escena musical de Barcelona. Un festival de m\u00fasica cl\u00e1sica abierto a todo tipo de p\u00fablico.","robots":{"index":"index","follow":"follow","max-snippet":"max-snippet:-1","max-image-preview":"max-image-preview:large","max-video-preview":"max-video-preview:-1"},"canonical":"https:\/\/www.barcelonaobertura.com\/es\/ciutat-de-classica\/david-carmona-clarinet\/","og_locale":"es_ES","og_type":"article","og_title":"David Carmona, clarinete - Barcelona Obertura","og_description":"Descubre Ciutat de Cl\u00e0ssica. Una forma diferente de acercarse a la escena musical de Barcelona. Un festival de m\u00fasica cl\u00e1sica abierto a todo tipo de p\u00fablico.","og_url":"https:\/\/www.barcelonaobertura.com\/es\/ciutat-de-classica\/david-carmona-clarinet\/","og_site_name":"Barcelona Obertura","article_modified_time":"2026-02-25T09:17:35+00:00","og_image":[{"width":1706,"height":960,"url":"https:\/\/www.barcelonaobertura.com\/wp-content\/uploads\/2025\/12\/Biblioteca-Horta-Can-Mariner.webp","type":"image\/webp"}],"twitter_card":"summary_large_image","twitter_misc":{"Tiempo de lectura":"1 minuto"},"schema":{"@context":"https:\/\/schema.org","@graph":[{"@type":"WebPage","@id":"https:\/\/www.barcelonaobertura.com\/es\/ciutat-de-classica\/david-carmona-clarinet\/","url":"https:\/\/www.barcelonaobertura.com\/es\/ciutat-de-classica\/david-carmona-clarinet\/","name":"David Carmona, clarinete - Barcelona Obertura","isPartOf":{"@id":"https:\/\/www.barcelonaobertura.com\/es\/#website"},"primaryImageOfPage":{"@id":"https:\/\/www.barcelonaobertura.com\/es\/ciutat-de-classica\/david-carmona-clarinet\/#primaryimage"},"image":{"@id":"https:\/\/www.barcelonaobertura.com\/es\/ciutat-de-classica\/david-carmona-clarinet\/#primaryimage"},"thumbnailUrl":"https:\/\/www.barcelonaobertura.com\/wp-content\/uploads\/2025\/12\/Biblioteca-Horta-Can-Mariner.webp","datePublished":"2025-12-18T13:16:30+00:00","dateModified":"2026-02-25T09:17:35+00:00","description":"Descubre Ciutat de Cl\u00e0ssica. Una forma diferente de acercarse a la escena musical de Barcelona. Un festival de m\u00fasica cl\u00e1sica abierto a todo tipo de p\u00fablico.","breadcrumb":{"@id":"https:\/\/www.barcelonaobertura.com\/es\/ciutat-de-classica\/david-carmona-clarinet\/#breadcrumb"},"inLanguage":"es","potentialAction":[{"@type":"ReadAction","target":["https:\/\/www.barcelonaobertura.com\/es\/ciutat-de-classica\/david-carmona-clarinet\/"]}]},{"@type":"ImageObject","inLanguage":"es","@id":"https:\/\/www.barcelonaobertura.com\/es\/ciutat-de-classica\/david-carmona-clarinet\/#primaryimage","url":"https:\/\/www.barcelonaobertura.com\/wp-content\/uploads\/2025\/12\/Biblioteca-Horta-Can-Mariner.webp","contentUrl":"https:\/\/www.barcelonaobertura.com\/wp-content\/uploads\/2025\/12\/Biblioteca-Horta-Can-Mariner.webp","width":1706,"height":960},{"@type":"BreadcrumbList","@id":"https:\/\/www.barcelonaobertura.com\/es\/ciutat-de-classica\/david-carmona-clarinet\/#breadcrumb","itemListElement":[{"@type":"ListItem","position":1,"name":"Home","item":"https:\/\/www.barcelonaobertura.com\/es\/"},{"@type":"ListItem","position":2,"name":"Ciutat de cl\u00e0ssica","item":"https:\/\/www.barcelonaobertura.com\/es\/ciutat-de-classica\/"},{"@type":"ListItem","position":3,"name":"David Carmona, clarinete"}]},{"@type":"WebSite","@id":"https:\/\/www.barcelonaobertura.com\/es\/#website","url":"https:\/\/www.barcelonaobertura.com\/es\/","name":"Barcelona Obertura","description":"Come for the music, Stay for the rest","potentialAction":[{"@type":"SearchAction","target":{"@type":"EntryPoint","urlTemplate":"https:\/\/www.barcelonaobertura.com\/es\/?s={search_term_string}"},"query-input":{"@type":"PropertyValueSpecification","valueRequired":true,"valueName":"search_term_string"}}],"inLanguage":"es"}]}},"_links":{"self":[{"href":"https:\/\/www.barcelonaobertura.com\/es\/wp-json\/wp\/v2\/obertura-city-plus\/171390","targetHints":{"allow":["GET"]}}],"collection":[{"href":"https:\/\/www.barcelonaobertura.com\/es\/wp-json\/wp\/v2\/obertura-city-plus"}],"about":[{"href":"https:\/\/www.barcelonaobertura.com\/es\/wp-json\/wp\/v2\/types\/obertura-city-plus"}],"wp:featuredmedia":[{"embeddable":true,"href":"https:\/\/www.barcelonaobertura.com\/es\/wp-json\/wp\/v2\/media\/171308"}],"wp:attachment":[{"href":"https:\/\/www.barcelonaobertura.com\/es\/wp-json\/wp\/v2\/media?parent=171390"}],"curies":[{"name":"wp","href":"https:\/\/api.w.org\/{rel}","templated":true}]}}

<!-- This site is optimized with the Yoast SEO plugin v27.4 - https://yoast.com/product/yoast-seo-wordpress/ -->
<title>David Carmona, clarinete - Barcelona Obertura</title>
<meta name="description" content="Descubre Ciutat de Clàssica. Una forma diferente de acercarse a la escena musical de Barcelona. Un festival de música clásica abierto a todo tipo de público." />
<meta name="robots" content="index, follow, max-snippet:-1, max-image-preview:large, max-video-preview:-1" />
<link rel="canonical" href="https://www.barcelonaobertura.com/es/ciutat-de-classica/david-carmona-clarinet/" />
<meta property="og:locale" content="es_ES" />
<meta property="og:type" content="article" />
<meta property="og:title" content="David Carmona, clarinete - Barcelona Obertura" />
<meta property="og:description" content="Descubre Ciutat de Clàssica. Una forma diferente de acercarse a la escena musical de Barcelona. Un festival de música clásica abierto a todo tipo de público." />
<meta property="og:url" content="https://www.barcelonaobertura.com/es/ciutat-de-classica/david-carmona-clarinet/" />
<meta property="og:site_name" content="Barcelona Obertura" />
<meta property="article:modified_time" content="2026-02-25T09:17:35+00:00" />
<meta property="og:image" content="https://www.barcelonaobertura.com/wp-content/uploads/2025/12/Biblioteca-Horta-Can-Mariner.webp" />
	<meta property="og:image:width" content="1706" />
	<meta property="og:image:height" content="960" />
	<meta property="og:image:type" content="image/webp" />
<meta name="twitter:card" content="summary_large_image" />
<meta name="twitter:label1" content="Tiempo de lectura" />
	<meta name="twitter:data1" content="1 minuto" />
<script type="application/ld+json" class="yoast-schema-graph">{"@context":"https:\/\/schema.org","@graph":[{"@type":"WebPage","@id":"https:\/\/www.barcelonaobertura.com\/es\/ciutat-de-classica\/david-carmona-clarinet\/","url":"https:\/\/www.barcelonaobertura.com\/es\/ciutat-de-classica\/david-carmona-clarinet\/","name":"David Carmona, clarinete - Barcelona Obertura","isPartOf":{"@id":"https:\/\/www.barcelonaobertura.com\/es\/#website"},"primaryImageOfPage":{"@id":"https:\/\/www.barcelonaobertura.com\/es\/ciutat-de-classica\/david-carmona-clarinet\/#primaryimage"},"image":{"@id":"https:\/\/www.barcelonaobertura.com\/es\/ciutat-de-classica\/david-carmona-clarinet\/#primaryimage"},"thumbnailUrl":"https:\/\/www.barcelonaobertura.com\/wp-content\/uploads\/2025\/12\/Biblioteca-Horta-Can-Mariner.webp","datePublished":"2025-12-18T13:16:30+00:00","dateModified":"2026-02-25T09:17:35+00:00","description":"Descubre Ciutat de Clàssica. Una forma diferente de acercarse a la escena musical de Barcelona. Un festival de música clásica abierto a todo tipo de público.","breadcrumb":{"@id":"https:\/\/www.barcelonaobertura.com\/es\/ciutat-de-classica\/david-carmona-clarinet\/#breadcrumb"},"inLanguage":"es","potentialAction":[{"@type":"ReadAction","target":["https:\/\/www.barcelonaobertura.com\/es\/ciutat-de-classica\/david-carmona-clarinet\/"]}]},{"@type":"ImageObject","inLanguage":"es","@id":"https:\/\/www.barcelonaobertura.com\/es\/ciutat-de-classica\/david-carmona-clarinet\/#primaryimage","url":"https:\/\/www.barcelonaobertura.com\/wp-content\/uploads\/2025\/12\/Biblioteca-Horta-Can-Mariner.webp","contentUrl":"https:\/\/www.barcelonaobertura.com\/wp-content\/uploads\/2025\/12\/Biblioteca-Horta-Can-Mariner.webp","width":1706,"height":960},{"@type":"BreadcrumbList","@id":"https:\/\/www.barcelonaobertura.com\/es\/ciutat-de-classica\/david-carmona-clarinet\/#breadcrumb","itemListElement":[{"@type":"ListItem","position":1,"name":"Home","item":"https:\/\/www.barcelonaobertura.com\/es\/"},{"@type":"ListItem","position":2,"name":"Ciutat de clàssica","item":"https:\/\/www.barcelonaobertura.com\/es\/ciutat-de-classica\/"},{"@type":"ListItem","position":3,"name":"David Carmona, clarinete"}]},{"@type":"WebSite","@id":"https:\/\/www.barcelonaobertura.com\/es\/#website","url":"https:\/\/www.barcelonaobertura.com\/es\/","name":"Barcelona Obertura","description":"Come for the music, Stay for the rest","potentialAction":[{"@type":"SearchAction","target":{"@type":"EntryPoint","urlTemplate":"https:\/\/www.barcelonaobertura.com\/es\/?s={search_term_string}"},"query-input":{"@type":"PropertyValueSpecification","valueRequired":true,"valueName":"search_term_string"}}],"inLanguage":"es"}]}</script>
<!-- / Yoast SEO plugin. -->

Descubre Ciutat de Clàssica. Una forma diferente de acercarse a la escena musical de Barcelona. Un festival de música clásica abierto a todo tipo de público.

Ciutat de clàssica
